{"id":3512,"date":"2021-01-25T13:09:29","date_gmt":"2021-01-25T12:09:29","guid":{"rendered":"https:\/\/semmelweis.hu\/farmakognozia\/?page_id=3512"},"modified":"2024-09-20T14:09:46","modified_gmt":"2024-09-20T12:09:46","slug":"gyogynovenyek-es-a-kozmetika-kapcsolata","status":"publish","type":"page","link":"https:\/\/semmelweis.hu\/farmakognozia\/oktatas\/szabadon-valaszthato-tantargyak\/gyogynovenyek-es-a-kozmetika-kapcsolata\/","title":{"rendered":"GY\u00d3GYN\u00d6V\u00c9NYEK \u00c9S A KOZMETIKA KAPCSOLATA"},"content":{"rendered":"<p style=\"text-align: center\"><strong>GY\u00d3GYN\u00d6V\u00c9NYEK \u00c9S A KOZMETIKA KAPCSOLATA<\/strong><\/p>\n<p><strong>\u00a0<\/strong><\/p>\n<p><strong>A tant\u00e1rgy feladata a szakk\u00e9pz\u00e9s c\u00e9lj\u00e1nak megval\u00f3s\u00edt\u00e1s\u00e1ban:<\/strong><\/p>\n<p>Kozmetikumok \u00f6sszet\u00e9tel\u00e9nek megismertet\u00e9se, k\u00fcl\u00f6n\u00f6s tekintettel a gy\u00f3gyn\u00f6v\u00e9nyek alkalmazhat\u00f3s\u00e1g\u00e1ra.<\/p>\n<p>&nbsp;<\/p>\n<p><strong>A tant\u00e1rgy r\u00f6vid le\u00edr\u00e1sa:<\/strong><\/p>\n<p>A kozmetikumokban alkalmazott gy\u00f3gyn\u00f6v\u00e9nyek hat\u00e1suk alapj\u00e1n csoportos\u00edtva.<\/p>\n<p>Aromater\u00e1pia, illatter\u00e1pia \u00e9lettani hat\u00e1sa.<\/p>\n<p>&nbsp;<\/p>\n<p><strong>Tematika:<\/strong><\/p>\n<ol>\n<li style=\"list-style-type: none\">\n<ol>\n<li style=\"list-style-type: none\">\n<ol>\n<li style=\"list-style-type: none\">\n<ol>\n<li>h\u00e9t: Kozmetikat\u00f6rt\u00e9net \u00e1ttekint\u00e9se a tudom\u00e1ny t\u00fckr\u00e9ben.<\/li>\n<li>h\u00e9t: A b\u0151r \u00e9lettana \u00e9s szerepe a kozmetikumok hat\u00e1s\u00e1nak kifejt\u00e9s\u00e9ben.<\/li>\n<li>h\u00e9t: A kozmetika \u00e9s a t\u00e1pl\u00e1lkoz\u00e1s kapcsolata<\/li>\n<li>h\u00e9t: A gy\u00f3gyn\u00f6v\u00e9nyek fontosabb hat\u00f3anyagainak ismertet\u00e9se<\/li>\n<li>h\u00e9t: A flavonoidok alkalmaz\u00e1si lehet\u0151s\u00e9gei<\/li>\n<li>h\u00e9t: Kozmetikai kezel\u00e9sek \u00e1rtalmai.<\/li>\n<li>h\u00e9t: Az \u00e1sv\u00e1nyi elemek szerepe a kozmetikai k\u00e9sz\u00edtm\u00e9nyekben.<\/li>\n<li>h\u00e9t: Ill\u00f3olajok el\u0151\u00e1ll\u00edt\u00e1sa, hat\u00e1sainak \u00e9s mell\u00e9khat\u00e1sainak bemutat\u00e1sa \u00e9s alkalmaz\u00e1si lehet\u0151s\u00e9geik.<\/li>\n<li>h\u00e9t: Kozmetikumokban el\u0151fordul\u00f3 ill\u00f3olajok \u00e1ttekint\u00e9se.<\/li>\n<li>h\u00e9t: Ill\u00f3olajok a parf\u00fcm\u00e9ri\u00e1ban.<\/li>\n<li>h\u00e9t: N\u00f6v\u00e9nyi zs\u00edrosolajok kozmetikai alkalmaz\u00e1sa.<\/li>\n<li>h\u00e9t: A kozmetik\u00e1ban jelent\u0151s sz\u00e9nhidr\u00e1t-, n\u00f6v\u00e9nyi sav-, \u00e9s fenoloid-tartalm\u00fa drogok ismertet\u00e9se.<\/li>\n<li>h\u00e9t: Arc\u00e1pol\u00e1sban alkalmazott n\u00f6v\u00e9nyi drogok \u00e9s kivonatok, dekorkozmetika.<\/li>\n<li>h\u00e9t: Test-, haj-, \u00e9s fog\u00e1pol\u00e1sban alkalmazott n\u00f6v\u00e9nyi drogok \u00e9s kivonatok.<\/li>\n<\/ol>\n<p>&nbsp;<\/p>\n<p><strong>Kurzus k\u00f6vetelm\u00e9nyrendszere:<\/strong><\/p>\n<ul>\n<li>A kurzus felv\u00e9tel\u00e9nek el\u0151zetes k\u00f6vetelm\u00e9nyei: Gy\u00f3gyn\u00f6v\u00e9ny- \u00e9s drogismeret I.<\/li>\n<li>A foglalkoz\u00e1sokon val\u00f3 r\u00e9szv\u00e9tel k\u00f6vetelm\u00e9nyei, az elfogadhat\u00f3 hi\u00e1nyz\u00e1sok m\u00e9rt\u00e9ke, a t\u00e1volmarad\u00e1s igazol\u00e1s\u00e1nak m\u00f3dja, p\u00f3tl\u00e1s lehet\u0151s\u00e9ge: r\u00e9szv\u00e9tel k\u00f6telez\u0151 az el\u0151ad\u00e1son, t\u00e1volmarad\u00e1s igazol\u00e1ssal, p\u00f3tl\u00e1s lehet\u0151s\u00e9ge szem\u00e9lyes konzult\u00e1ci\u00f3val.<\/li>\n<li>A f\u00e9l\u00e9v v\u00e9gi al\u00e1\u00edr\u00e1s k\u00f6vetelm\u00e9nyei:el\u0151ad\u00e1sok l\u00e1togat\u00e1sa.<\/li>\n<li>A hallgat\u00f3 f\u00e9l\u00e9v sor\u00e1n egy\u00e9ni munk\u00e1val megoldand\u00f3 feladatai: az \u00e9rdekl\u0151d\u00e9si ter\u00fclet\u00e9nek megfelel\u0151 gy\u00f3gyn\u00f6v\u00e9nyek \u00e9s kozmetikumok felkutat\u00e1sa.<\/li>\n<li>A f\u00e9l\u00e9v v\u00e9gi sz\u00e1monk\u00e9r\u00e9s m\u00f3dja: \u00edr\u00e1sbeli vizsga.<\/li>\n<li>A f\u00e9l\u00e9v v\u00e9gi sz\u00e1monk\u00e9r\u00e9s form\u00e1ja: kollokvium<\/li>\n<\/ul>\n<p><strong>\u00a0<\/strong><\/p>\n<p><strong>A tananyag elsaj\u00e1t\u00edt\u00e1s\u00e1hoz felhaszn\u00e1lhat\u00f3 jegyzetek, tank\u00f6nyvek, seg\u00e9dletek \u00e9s szakirodalom list\u00e1ja:\u00a0 <\/strong><\/p>\n<p style=\"text-align: left\">\u00a0\u00a0\u00a0\u00a0\u00a0\u00a0 &#8211;\u00a0\u00a0\u00a0\u00a0\u00a0 Hajd\u00fa Imre (1994) Kozmetikai k\u00e9zik\u00f6nyv. \u00a0 M\u0171szaki K\u00f6nyvkiad\u00f3, Budapest\u00a0\u00a0\u00a0\u00a0<\/p>\n<p style=\"text-align: left\">\u00a0\u00a0\u00a0\u00a0\u00a0\u00a0 &#8211;\u00a0\u00a0\u00a0\u00a0\u00a0 Kata Mih\u00e1ly (2001) Kozmetika a gy\u00f3gyszert\u00e1rban. \u00a0\u00a0 Magyar Gy\u00f3gyszer\u00e9szeti T\u00e1rsas\u00e1g, Dictum Kiad\u00f3, Budapest<\/p>\n<\/li>\n<\/ol>\n<\/li>\n<\/ol>\n<\/li>\n<\/ol>\n","protected":false},"excerpt":{"rendered":"<p>GY\u00d3GYN\u00d6V\u00c9NYEK \u00c9S A KOZMETIKA KAPCSOLATA \u00a0 A tant\u00e1rgy feladata a szakk\u00e9pz\u00e9s c\u00e9lj\u00e1nak megval\u00f3s\u00edt\u00e1s\u00e1ban: Kozmetikumok \u00f6sszet\u00e9tel\u00e9nek megismertet\u00e9se, k\u00fcl\u00f6n\u00f6s tekintettel a gy\u00f3gyn\u00f6v\u00e9nyek alkalmazhat\u00f3s\u00e1g\u00e1ra. &nbsp; A tant\u00e1rgy r\u00f6vid le\u00edr\u00e1sa: A kozmetikumokban alkalmazott gy\u00f3gyn\u00f6v\u00e9nyek hat\u00e1suk alapj\u00e1n csoportos\u00edtva. Aromater\u00e1pia, illatter\u00e1pia \u00e9lettani hat\u00e1sa. &nbsp; Tematika: h\u00e9t: Kozmetikat\u00f6rt\u00e9net \u00e1ttekint\u00e9se a tudom\u00e1ny t\u00fckr\u00e9ben. h\u00e9t: A b\u0151r \u00e9lettana \u00e9s szerepe a kozmetikumok hat\u00e1s\u00e1nak kifejt\u00e9s\u00e9ben. &hellip;<\/p>\n","protected":false},"author":104,"featured_media":0,"parent":13,"menu_order":3,"comment_status":"closed","ping_status":"closed","template":"template-fullwidth.php","meta":{"_acf_changed":false,"footnotes":""},"categories":[],"tags":[],"class_list":["post-3512","page","type-page","status-publish","hentry"],"acf":[],"_links":{"self":[{"href":"https:\/\/semmelweis.hu\/farmakognozia\/wp-json\/wp\/v2\/pages\/3512","targetHints":{"allow":["GET"]}}],"collection":[{"href":"https:\/\/semmelweis.hu\/farmakognozia\/wp-json\/wp\/v2\/pages"}],"about":[{"href":"https:\/\/semmelweis.hu\/farmakognozia\/wp-json\/wp\/v2\/types\/page"}],"author":[{"embeddable":true,"href":"https:\/\/semmelweis.hu\/farmakognozia\/wp-json\/wp\/v2\/users\/104"}],"replies":[{"embeddable":true,"href":"https:\/\/semmelweis.hu\/farmakognozia\/wp-json\/wp\/v2\/comments?post=3512"}],"version-history":[{"count":10,"href":"https:\/\/semmelweis.hu\/farmakognozia\/wp-json\/wp\/v2\/pages\/3512\/revisions"}],"predecessor-version":[{"id":3548,"href":"https:\/\/semmelweis.hu\/farmakognozia\/wp-json\/wp\/v2\/pages\/3512\/revisions\/3548"}],"up":[{"embeddable":true,"href":"https:\/\/semmelweis.hu\/farmakognozia\/wp-json\/wp\/v2\/pages\/13"}],"wp:attachment":[{"href":"https:\/\/semmelweis.hu\/farmakognozia\/wp-json\/wp\/v2\/media?parent=3512"}],"wp:term":[{"taxonomy":"category","embeddable":true,"href":"https:\/\/semmelweis.hu\/farmakognozia\/wp-json\/wp\/v2\/categories?post=3512"},{"taxonomy":"post_tag","embeddable":true,"href":"https:\/\/semmelweis.hu\/farmakognozia\/wp-json\/wp\/v2\/tags?post=3512"}],"curies":[{"name":"wp","href":"https:\/\/api.w.org\/{rel}","templated":true}]}}

GYÓGYNÖVÉNYEK ÉS A KOZMETIKA KAPCSOLATA

<p style="text-align: center"><strong>GYÓGYNÖVÉNYEK ÉS A KOZMETIKA KAPCSOLATA</strong></p>
<p><strong> </strong></p>
<p><strong>A tantárgy feladata a szakképzés céljának megvalósításában:</strong></p>
<p>Kozmetikumok összetételének megismertetése, különös tekintettel a gyógynövények alkalmazhatóságára.</p>
<p>&nbsp;</p>
<p><strong>A tantárgy rövid leírása:</strong></p>
<p>A kozmetikumokban alkalmazott gyógynövények hatásuk alapján csoportosítva.</p>
<p>Aromaterápia, illatterápia élettani hatása.</p>
<p>&nbsp;</p>
<p><strong>Tematika:</strong></p>
<ol>
<li style="list-style-type: none">
<ol>
<li style="list-style-type: none">
<ol>
<li style="list-style-type: none">
<ol>
<li>hét: Kozmetikatörténet áttekintése a tudomány tükrében.</li>
<li>hét: A bőr élettana és szerepe a kozmetikumok hatásának kifejtésében.</li>
<li>hét: A kozmetika és a táplálkozás kapcsolata</li>
<li>hét: A gyógynövények fontosabb hatóanyagainak ismertetése</li>
<li>hét: A flavonoidok alkalmazási lehetőségei</li>
<li>hét: Kozmetikai kezelések ártalmai.</li>
<li>hét: Az ásványi elemek szerepe a kozmetikai készítményekben.</li>
<li>hét: Illóolajok előállítása, hatásainak és mellékhatásainak bemutatása és alkalmazási lehetőségeik.</li>
<li>hét: Kozmetikumokban előforduló illóolajok áttekintése.</li>
<li>hét: Illóolajok a parfümériában.</li>
<li>hét: Növényi zsírosolajok kozmetikai alkalmazása.</li>
<li>hét: A kozmetikában jelentős szénhidrát-, növényi sav-, és fenoloid-tartalmú drogok ismertetése.</li>
<li>hét: Arcápolásban alkalmazott növényi drogok és kivonatok, dekorkozmetika.</li>
<li>hét: Test-, haj-, és fogápolásban alkalmazott növényi drogok és kivonatok.</li>
</ol>
<p>&nbsp;</p>
<p><strong>Kurzus követelményrendszere:</strong></p>
<ul>
<li>A kurzus felvételének előzetes követelményei: Gyógynövény- és drogismeret I.</li>
<li>A foglalkozásokon való részvétel követelményei, az elfogadható hiányzások mértéke, a távolmaradás igazolásának módja, pótlás lehetősége: részvétel kötelező az előadáson, távolmaradás igazolással, pótlás lehetősége személyes konzultációval.</li>
<li>A félév végi aláírás követelményei:előadások látogatása.</li>
<li>A hallgató félév során egyéni munkával megoldandó feladatai: az érdeklődési területének megfelelő gyógynövények és kozmetikumok felkutatása.</li>
<li>A félév végi számonkérés módja: írásbeli vizsga.</li>
<li>A félév végi számonkérés formája: kollokvium</li>
</ul>
<p><strong> </strong></p>
<p><strong>A tananyag elsajátításához felhasználható jegyzetek, tankönyvek, segédletek és szakirodalom listája:  </strong></p>
<p style="text-align: left">       &#8211;      Hajdú Imre (1994) Kozmetikai kézikönyv.   Műszaki Könyvkiadó, Budapest    </p>
<p style="text-align: left">       &#8211;      Kata Mihály (2001) Kozmetika a gyógyszertárban.    Magyar Gyógyszerészeti Társaság, Dictum Kiadó, Budapest</p>
</li>
</ol>
</li>
</ol>
</li>
</ol>

<p>GYÓGYNÖVÉNYEK ÉS A KOZMETIKA KAPCSOLATA   A tantárgy feladata a szakképzés céljának megvalósításában: Kozmetikumok összetételének megismertetése, különös tekintettel a gyógynövények alkalmazhatóságára. &nbsp; A tantárgy rövid leírása: A kozmetikumokban alkalmazott gyógynövények hatásuk alapján csoportosítva. Aromaterápia, illatterápia élettani hatása. &nbsp; Tematika: hét: Kozmetikatörténet áttekintése a tudomány tükrében. hét: A bőr élettana és szerepe a kozmetikumok hatásának kifejtésében. &hellip;</p>
