{"id":5,"date":"2020-05-27T10:17:56","date_gmt":"2020-05-27T08:17:56","guid":{"rendered":"https:\/\/semmelweis.hu\/ellatasszervezes\/?page_id=5"},"modified":"2024-10-03T13:23:28","modified_gmt":"2024-10-03T11:23:28","slug":"az-ellatasszervezesi-igazgatosag-bemutatasa","status":"publish","type":"page","link":"https:\/\/semmelweis.hu\/euszolg\/az-ellatasszervezesi-igazgatosag-bemutatasa\/","title":{"rendered":"Az Eg\u00e9szs\u00e9g\u00fcgyi Szolg\u00e1ltat\u00e1si Igazgat\u00f3s\u00e1g bemutat\u00e1sa"},"content":{"rendered":"<p>Az <strong>Eg\u00e9szs\u00e9g\u00fcgyi Szolg\u00e1ltat\u00e1si Igazgat\u00f3s\u00e1g a Semmelweis Egyetem <a href=\"https:\/\/semmelweis.hu\/klinikaikozpont\/\" target=\"_blank\" rel=\"noopener noreferrer\">Klinikai K\u00f6zpontj\u00e1n<\/a> bel\u00fcl az <a href=\"https:\/\/semmelweis.hu\/klinikaikozpont\/az-orvosszakmai-foigazgatosagrol\/\" target=\"_blank\" rel=\"noopener noreferrer\">Orvosszakmai F\u0151igazgat\u00f3s\u00e1g<\/a> szervezeti egys\u00e9ge<\/strong>, melynek feladatai k\u00fcl\u00f6n\u00f6sen:<\/p>\n<ol style=\"list-style-type: lower-alpha\">\n<li>Ell\u00e1t\u00e1sfejleszt\u00e9si feladatai r\u00e9v\u00e9n az egyetem ell\u00e1t\u00e1si hat\u00e9konys\u00e1g\u00e1nak n\u00f6vel\u00e9se \u00e9rdek\u00e9ben strat\u00e9giai tervez\u00e9s \u00e9s javaslatt\u00e9tel a Klinikai K\u00f6zpont r\u00e9sz\u00e9re,<\/li>\n<li><a href=\"https:\/\/semmelweis.hu\/korhazhigiene\/\" target=\"_blank\" rel=\"noopener noreferrer\"><strong>K\u00f3rh\u00e1zhigi\u00e9n\u00e9s feladatok<\/strong><\/a> vonatkoz\u00e1s\u00e1ban az Egyetem klinik\u00e1in foly\u00f3 megel\u0151z\u0151 higi\u00e9n\u00e9s tev\u00e9kenys\u00e9g koordin\u00e1l\u00e1sa, seg\u00edt\u00e9se, a nozokomi\u00e1lis fert\u0151z\u00e9sek felder\u00edt\u00e9se, kivizsg\u00e1l\u00e1sa \u00e9s sz\u00fcks\u00e9ges esetben a j\u00e1rv\u00e1nyok felsz\u00e1mol\u00e1sa, illetve a fert\u0151z\u00e9ssurveillance tev\u00e9kenys\u00e9g koordin\u00e1l\u00e1sa,<\/li>\n<li>a <strong><a href=\"https:\/\/semmelweis.hu\/sugarvedelem\/\" target=\"_blank\" rel=\"noopener noreferrer\">Sug\u00e1rv\u00e9delmi Szolg\u00e1lat<\/a><\/strong> r\u00e9v\u00e9n elk\u00e9sz\u00edti a munkahelyi \u00e9s egyetemi sug\u00e1rv\u00e9delmi szab\u00e1lyzatot, \u00f6sszehangolja \u00e9s koordin\u00e1lja az egyes int\u00e9zetek sug\u00e1rv\u00e9delmi tev\u00e9kenys\u00e9g\u00e9t, ellen\u0151rzi az int\u00e9zetek sug\u00e1rv\u00e9delmi tev\u00e9kenys\u00e9g\u00e9t, nyilv\u00e1ntart\u00e1st vezet, oktat\u00e1st szervez, sug\u00e1rv\u00e9delmi tervez\u00e9st szolg\u00e1ltat, \u00e9s sz\u00fcks\u00e9g eset\u00e9n kezdem\u00e9nyezi a<br \/>\nhat\u00f3s\u00e1gi enged\u00e9lyek, m\u00f3dos\u00edt\u00e1s\u00e1t, visszavon\u00e1s\u00e1t. V\u00e9gzi a k\u00f6rnyezeti radioakt\u00edv anyag kibocs\u00e1t\u00e1s ellen\u0151rz\u00e9s\u00e9t. A sug\u00e1rv\u00e9delmi szolg\u00e1lat \u00e9s az OSJER laborat\u00f3rium bevon\u00e1s\u00e1val kezeli a v\u00e9szhelyzeti szitu\u00e1ci\u00f3kat, sug\u00e1rbaleseteket, rendk\u00edv\u00fcli esem\u00e9nyeket. P\u00e1ciens dozimetriai \u00e9s sug\u00e1rv\u00e9delmi tervez\u00e9sn\u00e9l szak\u00e9rt\u0151i feladatokat l\u00e1t el.<\/li>\n<\/ol>\n","protected":false},"excerpt":{"rendered":"<p>Az Ell\u00e1t\u00e1sszervez\u00e9si Igazgat\u00f3s\u00e1g a Semmelweis Egyetem Klinikai K\u00f6zpontj\u00e1n bel\u00fcl az Orvosszakmai F\u0151igazgat\u00f3s\u00e1g szervezeti egys\u00e9ge. Az igazgat\u00f3s\u00e1g feladatai k\u00f6z\u00e9 tartozik az egyetem ell\u00e1t\u00e1si hat\u00e9konys\u00e1g\u00e1nak n\u00f6vel\u00e9se \u00e9rdek\u00e9ben a strat\u00e9giai tervez\u00e9s, illetve a m\u0171szergazd\u00e1lkod\u00e1ssal, a sug\u00e1rv\u00e9delemmel \u00e9s a k\u00f3rh\u00e1zhigi\u00e9n\u00e9vel kapcsolatos feladatok ell\u00e1t\u00e1sa, valamint a foglalkoz\u00e1s-eg\u00e9szs\u00e9g\u00fcgyi szolg\u00e1lat biztos\u00edt\u00e1sa. Az egyetemi gy\u00f3gyszervizsg\u00e1lati kutat\u00e1st\u00e1mogat\u00f3 feladatai r\u00e9v\u00e9n r\u00e9szt vesz a szponzor\u00e1lt klinikai vizsg\u00e1latok szervez\u00e9s\u00e9ben is.<\/p>\n","protected":false},"author":12,"featured_media":28,"parent":0,"menu_order":0,"comment_status":"closed","ping_status":"closed","template":"","meta":{"_acf_changed":false,"footnotes":""},"categories":[],"tags":[],"class_list":["post-5","page","type-page","status-publish","has-post-thumbnail","hentry"],"acf":[],"_links":{"self":[{"href":"https:\/\/semmelweis.hu\/euszolg\/wp-json\/wp\/v2\/pages\/5","targetHints":{"allow":["GET"]}}],"collection":[{"href":"https:\/\/semmelweis.hu\/euszolg\/wp-json\/wp\/v2\/pages"}],"about":[{"href":"https:\/\/semmelweis.hu\/euszolg\/wp-json\/wp\/v2\/types\/page"}],"author":[{"embeddable":true,"href":"https:\/\/semmelweis.hu\/euszolg\/wp-json\/wp\/v2\/users\/12"}],"replies":[{"embeddable":true,"href":"https:\/\/semmelweis.hu\/euszolg\/wp-json\/wp\/v2\/comments?post=5"}],"version-history":[{"count":10,"href":"https:\/\/semmelweis.hu\/euszolg\/wp-json\/wp\/v2\/pages\/5\/revisions"}],"predecessor-version":[{"id":339,"href":"https:\/\/semmelweis.hu\/euszolg\/wp-json\/wp\/v2\/pages\/5\/revisions\/339"}],"wp:featuredmedia":[{"embeddable":true,"href":"https:\/\/semmelweis.hu\/euszolg\/wp-json\/wp\/v2\/media\/28"}],"wp:attachment":[{"href":"https:\/\/semmelweis.hu\/euszolg\/wp-json\/wp\/v2\/media?parent=5"}],"wp:term":[{"taxonomy":"category","embeddable":true,"href":"https:\/\/semmelweis.hu\/euszolg\/wp-json\/wp\/v2\/categories?post=5"},{"taxonomy":"post_tag","embeddable":true,"href":"https:\/\/semmelweis.hu\/euszolg\/wp-json\/wp\/v2\/tags?post=5"}],"curies":[{"name":"wp","href":"https:\/\/api.w.org\/{rel}","templated":true}]}}