{"id":954,"date":"2021-12-01T13:43:33","date_gmt":"2021-12-01T13:43:33","guid":{"rendered":"https:\/\/semmelweis.hu\/etkfejlesztoiroda\/?page_id=954"},"modified":"2024-02-20T10:46:27","modified_gmt":"2024-02-20T10:46:27","slug":"tanuloszoba","status":"publish","type":"page","link":"https:\/\/semmelweis.hu\/etkfejlesztoiroda\/tanuloszoba\/","title":{"rendered":"Tanul\u00f3szoba"},"content":{"rendered":"<p style=\"text-align: center\"><span style=\"font-size: 24pt\"><strong>\u00a0Tanul\u00f3szoba<\/strong><\/span><\/p>\n<p style=\"text-align: justify\">Minden szemeszterben szervez\u00fcnk tanul\u00f3szoba foglalkoz\u00e1sokat a hallgat\u00f3ink sz\u00e1m\u00e1ra! A tanul\u00f3szoba c\u00e9lja, hogy a hallgat\u00f3ink seg\u00edts\u00e9g\u00e9re legyen a tanul\u00e1sban \u00e9s a szakmai ismeretek elsaj\u00e1t\u00edt\u00e1s\u00e1ban &#8211; ezzel is hozz\u00e1j\u00e1rulva a hallgat\u00f3i lemorzsol\u00f3d\u00e1s cs\u00f6kkent\u00e9s\u00e9hez. Rendszerint anat\u00f3mia, biol\u00f3gia, k\u00e9mia, \u00e9lettan \u00e9s k\u00f3r\u00e9lettan valamint v\u00e9d\u0151n\u0151i szakmai tanul\u00f3szob\u00e1kat szervez\u00fcnk a fels\u0151bb \u00e9ves hallgat\u00f3ink \u00e9s oktat\u00f3ink seg\u00edts\u00e9g\u00e9vel.\u00a0<\/p>\n<p style=\"text-align: justify\">A foglalkoz\u00e1sok sor\u00e1n a hallgat\u00f3k elm\u00e9leti tud\u00e1s\u00e1t biztosabb\u00e1 \u00e9s b\u0151vebb\u00e9 tessz\u00fck, emellett gyakorlati feladatokkal is seg\u00edtj\u00fck a vizsgaid\u0151szakra val\u00f3 felk\u00e9sz\u00fcl\u00e9st. A r\u00e9sztvev\u0151knek lehet\u0151s\u00e9g\u00fck van \u00faj ismeretek elsaj\u00e1t\u00edt\u00e1s\u00e1ra \u00e9s a tananyag ism\u00e9tl\u00e9s\u00e9re is: a csontokat, szerveket, metszeteket ism\u00e9t megfogni, megtekinteni ezzel is m\u00e9ly\u00edtve a m\u00e1r megszerzett tud\u00e1st. A tanul\u00f3szob\u00e1k kis l\u00e9tsz\u00e1m\u00e1nak k\u00f6sz\u00f6nhet\u0151en csal\u00e1dias l\u00e9gk\u00f6rben zajlik a tanul\u00e1s. A tanul\u00f3szob\u00e1ink hozz\u00e1j\u00e1rulnak a hallgat\u00f3k eredm\u00e9nyes vizsg\u00e1ihoz.<\/p>\n<p style=\"text-align: justify\">Odafigyel\u00fcnk a hallgat\u00f3i ig\u00e9nyekre, ha nem tal\u00e1lt\u00e1l sz\u00e1modra sz\u00fcks\u00e9ges tanul\u00f3szob\u00e1t vagy fels\u0151bb\u00e9vesk\u00e9nt szeretn\u00e9l te magad hozz\u00e1j\u00e1rulni a tanul\u00f3szob\u00e1ink gyarap\u00edt\u00e1s\u00e1hoz, akkor jelentkezz n\u00e1lunk az <a href=\"mailto:etk.fejlesztoiroda@semmelweis.hu\">etk.fejlesztoiroda@semmelweis.hu<\/a> email c\u00edmen!\u00a0 \u00a0 \u00a0 \u00a0 \u00a0 \u00a0 \u00a0 \u00a0 \u00a0 \u00a0 \u00a0 \u00a0 \u00a0 \u00a0 \u00a0 \u00a0 \u00a0 \u00a0 \u00a0 \u00a0 \u00a0 \u00a0 \u00a0 \u00a0 \u00a0 \u00a0 \u00a0 \u00a0 \u00a0 \u00a0 \u00a0 \u00a0 \u00a0 \u00a0 \u00a0 \u00a0 \u00a0 \u00a0 \u00a0 \u00a0 \u00a0 \u00a0\u00a0<\/p>\n<table class=\" aligncenter\" style=\"border-collapse: collapse;width: 55.2722%;height: 287px\">\n<tbody>\n<tr style=\"height: 287px\">\n<td style=\"width: 50%;height: 287px;text-align: center\"><img loading=\"lazy\" decoding=\"async\" class=\"wp-image-958 aligncenter\" style=\"text-align: center\" src=\"https:\/\/semmelweis.hu\/etkfejlesztoiroda\/files\/2021\/12\/257952373_303104901536628_7312837905826858883_n-400x300.jpg\" alt=\"\" width=\"404\" height=\"303\" srcset=\"https:\/\/semmelweis.hu\/etkfejlesztoiroda\/files\/2021\/12\/257952373_303104901536628_7312837905826858883_n-400x300.jpg 400w, https:\/\/semmelweis.hu\/etkfejlesztoiroda\/files\/2021\/12\/257952373_303104901536628_7312837905826858883_n.jpg 750w\" sizes=\"auto, (max-width: 404px) 100vw, 404px\" \/><\/td>\n<td style=\"width: 50.5311%;height: 287px\"><img loading=\"lazy\" decoding=\"async\" class=\"wp-image-975 aligncenter\" src=\"https:\/\/semmelweis.hu\/etkfejlesztoiroda\/files\/2021\/12\/244399975_1958697797668758_6082477487484298314_n-400x300.jpg\" alt=\"\" width=\"398\" height=\"298\" srcset=\"https:\/\/semmelweis.hu\/etkfejlesztoiroda\/files\/2021\/12\/244399975_1958697797668758_6082477487484298314_n-400x300.jpg 400w, https:\/\/semmelweis.hu\/etkfejlesztoiroda\/files\/2021\/12\/244399975_1958697797668758_6082477487484298314_n-768x576.jpg 768w, https:\/\/semmelweis.hu\/etkfejlesztoiroda\/files\/2021\/12\/244399975_1958697797668758_6082477487484298314_n-753x565.jpg 753w, https:\/\/semmelweis.hu\/etkfejlesztoiroda\/files\/2021\/12\/244399975_1958697797668758_6082477487484298314_n.jpg 960w\" sizes=\"auto, (max-width: 398px) 100vw, 398px\" \/><\/td>\n<\/tr>\n<\/tbody>\n<\/table>\n","protected":false},"excerpt":{"rendered":"<p>\u00a0Tanul\u00f3szoba Minden szemeszterben szervez\u00fcnk tanul\u00f3szoba foglalkoz\u00e1sokat a hallgat\u00f3ink sz\u00e1m\u00e1ra! A tanul\u00f3szoba c\u00e9lja, hogy a hallgat\u00f3ink seg\u00edts\u00e9g\u00e9re legyen a tanul\u00e1sban \u00e9s a szakmai ismeretek elsaj\u00e1t\u00edt\u00e1s\u00e1ban &#8211; ezzel is hozz\u00e1j\u00e1rulva a hallgat\u00f3i lemorzsol\u00f3d\u00e1s cs\u00f6kkent\u00e9s\u00e9hez. Rendszerint anat\u00f3mia, biol\u00f3gia, k\u00e9mia, \u00e9lettan \u00e9s k\u00f3r\u00e9lettan valamint v\u00e9d\u0151n\u0151i szakmai tanul\u00f3szob\u00e1kat szervez\u00fcnk a fels\u0151bb \u00e9ves hallgat\u00f3ink \u00e9s oktat\u00f3ink seg\u00edts\u00e9g\u00e9vel.\u00a0 A foglalkoz\u00e1sok sor\u00e1n a &hellip;<\/p>\n","protected":false},"author":101985,"featured_media":0,"parent":0,"menu_order":2,"comment_status":"closed","ping_status":"closed","template":"","meta":{"_acf_changed":false,"footnotes":""},"categories":[],"tags":[],"class_list":["post-954","page","type-page","status-publish","hentry"],"acf":[],"_links":{"self":[{"href":"https:\/\/semmelweis.hu\/etkfejlesztoiroda\/wp-json\/wp\/v2\/pages\/954","targetHints":{"allow":["GET"]}}],"collection":[{"href":"https:\/\/semmelweis.hu\/etkfejlesztoiroda\/wp-json\/wp\/v2\/pages"}],"about":[{"href":"https:\/\/semmelweis.hu\/etkfejlesztoiroda\/wp-json\/wp\/v2\/types\/page"}],"author":[{"embeddable":true,"href":"https:\/\/semmelweis.hu\/etkfejlesztoiroda\/wp-json\/wp\/v2\/users\/101985"}],"replies":[{"embeddable":true,"href":"https:\/\/semmelweis.hu\/etkfejlesztoiroda\/wp-json\/wp\/v2\/comments?post=954"}],"version-history":[{"count":10,"href":"https:\/\/semmelweis.hu\/etkfejlesztoiroda\/wp-json\/wp\/v2\/pages\/954\/revisions"}],"predecessor-version":[{"id":1217,"href":"https:\/\/semmelweis.hu\/etkfejlesztoiroda\/wp-json\/wp\/v2\/pages\/954\/revisions\/1217"}],"wp:attachment":[{"href":"https:\/\/semmelweis.hu\/etkfejlesztoiroda\/wp-json\/wp\/v2\/media?parent=954"}],"wp:term":[{"taxonomy":"category","embeddable":true,"href":"https:\/\/semmelweis.hu\/etkfejlesztoiroda\/wp-json\/wp\/v2\/categories?post=954"},{"taxonomy":"post_tag","embeddable":true,"href":"https:\/\/semmelweis.hu\/etkfejlesztoiroda\/wp-json\/wp\/v2\/tags?post=954"}],"curies":[{"name":"wp","href":"https:\/\/api.w.org\/{rel}","templated":true}]}}