{"id":129,"date":"2018-12-04T12:29:20","date_gmt":"2018-12-04T12:29:20","guid":{"rendered":"http:\/\/semmelweis.hu\/kavicsmentorprogram\/?page_id=129"},"modified":"2019-07-29T14:09:21","modified_gmt":"2019-07-29T14:09:21","slug":"segitenel","status":"publish","type":"page","link":"https:\/\/semmelweis.hu\/etkfejlesztoiroda\/jelentkezes\/segitenel\/","title":{"rendered":"Seg\u00edten\u00e9l?"},"content":{"rendered":"<p style=\"text-align: center\"><b>SEG\u00cdTEN\u00c9L?<\/b><\/p>\n<p style=\"text-align: justify\"><span style=\"font-weight: 400\">D\u00fal benned az \u00f6nk\u00e9ntes sz\u00e1nd\u00e9k, seg\u00edten\u00e9l m\u00e1soknak? Van benned valami k\u00fcl\u00f6nleges, amit megosztan\u00e1l az eg\u00e9sz vil\u00e1ggal, de nem tudod, hol kezd?<\/span><\/p>\n<p style=\"text-align: justify\"><span style=\"font-weight: 400\">N\u00e1lunk megtal\u00e1lod a helyed, b\u00e1rmiben is legy\u00e9l kimagasl\u00f3an j\u00f3, b\u00e1rmi is \u00e9rdekeljen, biztosan tudunk tal\u00e1lni sz\u00e1modra feladatot. Ha pedig nem tetszik \u00e9ppen semmi, akkor is egy csod\u00e1s k\u00f6z\u00f6ss\u00e9g tagjak\u00e9nt \u00faj \u00e9lm\u00e9nyekkel gazdagodhatsz!<\/span><\/p>\n<p><span style=\"font-weight: 400\">Milyen feladatok k\u00f6z\u00fcl v\u00e1laszthatsz, ha jelentkezel hozz\u00e1nk mentornak?<\/span><\/p>\n<p><span style=\"font-weight: 400\">&#8211;\u00a0 \u00a0 \u00a0 \u00a0 \u00a0 r<\/span><span style=\"font-weight: 400\">endezv\u00e9nyek keretein bel\u00fcl mes\u00e9lhetsz k\u00f6z\u00e9piskol\u00e1soknak a szakm\u00e1d sz\u00e9ps\u00e9geir\u0151l<\/span><\/p>\n<p><span style=\"font-weight: 400\">&#8211;\u00a0 \u00a0 \u00a0 \u00a0 \u00a0 e<\/span><span style=\"font-weight: 400\">g\u00e9szs\u00e9gnapok lebonyol\u00edt\u00e1s\u00e1ban vehetsz r\u00e9szt, ak\u00e1r \u00f3r\u00e1t is tarthatsz k\u00f6z\u00e9piskol\u00e1soknak<\/span><\/p>\n<p><span style=\"font-weight: 400\">&#8211;\u00a0 \u00a0 \u00a0 \u00a0 \u00a0 e<\/span><span style=\"font-weight: 400\">ls\u0151s\u00f6ket mentor\u00e1lhatsz, megmutathatod nekik, hogyan is kell j\u00f3l csin\u00e1lni, utat mutathatsz nekik<\/span><\/p>\n<p><span style=\"font-weight: 400\">&#8211;\u00a0 \u00a0 \u00a0 \u00a0 \u00a0 r\u00e9szt vehetsz a kari rendezv\u00e9nyek \u00e9s a Kavics programok lebonyol\u00edt\u00e1s\u00e1ban<\/span><\/p>\n<p><span style=\"font-weight: 400\">&#8211;\u00a0 \u00a0 \u00a0 \u00a0 \u00a0 t<\/span><span style=\"font-weight: 400\">anul\u00f3szob\u00e1t alap\u00edthatsz<\/span><\/p>\n<p><span style=\"font-weight: 400\">&#8211;\u00a0 \u00a0 \u00a0 \u00a0 \u00a0 teret \u00e9s lehet\u0151s\u00e9get adunk saj\u00e1t \u00f6tleteid megval\u00f3s\u00edt\u00e1s\u00e1hoz<\/span><\/p>\n<h4 style=\"text-align: center\"><span style=\"font-weight: 400\">Jelentkezni a <a href=\"mailto:kavics@se-etk.hu\">kavics@se-etk.hu<\/a> e-mail c\u00edmen tudsz mentornak!<\/span><\/h4>\n<h6><span style=\"font-weight: 400\">A jelentkez\u00e9st k\u00f6vet\u0151en hamarosan felvessz\u00fck veled a kapcsolatot \u00e9s leegyeztet\u00fcnk egy szem\u00e9lyes interj\u00fat! Az elbesz\u00e9lget\u00e9st k\u00f6vet\u0151en pedig megkezd\u0151dik a k\u00f6z\u00f6s munka! Bemutatunk a csapatnak \u00e9s megtal\u00e1ljuk azokat a ter\u00fcleteket, amihez a legt\u00f6bb kedved van!<\/span><\/h6>\n","protected":false},"excerpt":{"rendered":"<p>SEG\u00cdTEN\u00c9L? D\u00fal benned az \u00f6nk\u00e9ntes sz\u00e1nd\u00e9k, seg\u00edten\u00e9l m\u00e1soknak? Van benned valami k\u00fcl\u00f6nleges, amit megosztan\u00e1l az eg\u00e9sz vil\u00e1ggal, de nem tudod, hol kezd? N\u00e1lunk megtal\u00e1lod a helyed, b\u00e1rmiben is legy\u00e9l kimagasl\u00f3an j\u00f3, b\u00e1rmi is \u00e9rdekeljen, biztosan tudunk tal\u00e1lni sz\u00e1modra feladatot. Ha pedig nem tetszik \u00e9ppen semmi, akkor is egy csod\u00e1s k\u00f6z\u00f6ss\u00e9g tagjak\u00e9nt \u00faj \u00e9lm\u00e9nyekkel gazdagodhatsz! Milyen &hellip;<\/p>\n","protected":false},"author":101524,"featured_media":0,"parent":128,"menu_order":3,"comment_status":"closed","ping_status":"closed","template":"template-fullwidth.php","meta":{"_acf_changed":false,"footnotes":""},"categories":[],"tags":[],"class_list":["post-129","page","type-page","status-publish","hentry"],"acf":[],"_links":{"self":[{"href":"https:\/\/semmelweis.hu\/etkfejlesztoiroda\/wp-json\/wp\/v2\/pages\/129","targetHints":{"allow":["GET"]}}],"collection":[{"href":"https:\/\/semmelweis.hu\/etkfejlesztoiroda\/wp-json\/wp\/v2\/pages"}],"about":[{"href":"https:\/\/semmelweis.hu\/etkfejlesztoiroda\/wp-json\/wp\/v2\/types\/page"}],"author":[{"embeddable":true,"href":"https:\/\/semmelweis.hu\/etkfejlesztoiroda\/wp-json\/wp\/v2\/users\/101524"}],"replies":[{"embeddable":true,"href":"https:\/\/semmelweis.hu\/etkfejlesztoiroda\/wp-json\/wp\/v2\/comments?post=129"}],"version-history":[{"count":7,"href":"https:\/\/semmelweis.hu\/etkfejlesztoiroda\/wp-json\/wp\/v2\/pages\/129\/revisions"}],"predecessor-version":[{"id":336,"href":"https:\/\/semmelweis.hu\/etkfejlesztoiroda\/wp-json\/wp\/v2\/pages\/129\/revisions\/336"}],"up":[{"embeddable":true,"href":"https:\/\/semmelweis.hu\/etkfejlesztoiroda\/wp-json\/wp\/v2\/pages\/128"}],"wp:attachment":[{"href":"https:\/\/semmelweis.hu\/etkfejlesztoiroda\/wp-json\/wp\/v2\/media?parent=129"}],"wp:term":[{"taxonomy":"category","embeddable":true,"href":"https:\/\/semmelweis.hu\/etkfejlesztoiroda\/wp-json\/wp\/v2\/categories?post=129"},{"taxonomy":"post_tag","embeddable":true,"href":"https:\/\/semmelweis.hu\/etkfejlesztoiroda\/wp-json\/wp\/v2\/tags?post=129"}],"curies":[{"name":"wp","href":"https:\/\/api.w.org\/{rel}","templated":true}]}}