{"id":1226,"date":"2024-02-20T11:11:01","date_gmt":"2024-02-20T11:11:01","guid":{"rendered":"https:\/\/semmelweis.hu\/etkfejlesztoiroda\/?page_id=1226"},"modified":"2024-04-12T07:22:15","modified_gmt":"2024-04-12T07:22:15","slug":"elettan-tanuloszoba-2023-24-tavasz","status":"publish","type":"page","link":"https:\/\/semmelweis.hu\/etkfejlesztoiroda\/tanuloszoba\/elettan-tanuloszoba-2023-24-tavasz\/","title":{"rendered":"\u00c9lettan tanul\u00f3szoba 2023\/24 tavasz"},"content":{"rendered":"<div>A 2023\/24-es tan\u00e9vben a tavaszi szemeszterben tanul\u00f3szob\u00e1t szervez\u00fcnk h\u00e9tf\u0151nk\u00e9nt \u00e9lettanb\u00f3l, amelyekre <a href=\"https:\/\/docs.google.com\/forms\/d\/1fuzJLuMb9X5u1Kbb9F6hLhXfHZzLobMgblRBeSSqylY\">ezzel az \u0171rlappal<\/a> tudtok jelentkezni.\u00a0<\/div>\n<div>A termek befogad\u00f3k\u00e9pess\u00e9ge miatt minden tanul\u00f3szob\u00e1ra k\u00fcl\u00f6n kell jelentkezni.<\/div>\n<div>\u00a0<\/div>\n<div>A tanul\u00f3szob\u00e1kat tartja: Gedeon G\u00e1bor.<\/div>\n<div>\u00a0<\/div>\n<div>1. 2024. febru\u00e1r 19. 13:50-14:50<\/div>\n<div>2. 2024. febru\u00e1r 26.\u00a013:50-14:50<\/div>\n<div>3. 2024. m\u00e1rcius 4.\u00a013:50-14:50<\/div>\n<div>4.\u00a02024. m\u00e1rcius 11.\u00a013:50-14:50<\/div>\n<div>5.\u00a02024. m\u00e1rcius 18.\u00a013:50-14:50<\/div>\n<div>6. 2024. <span style=\"font-size: 1rem\">\u00e1prilis 22, 14:00-15:00<\/span><\/div>\n<div><span style=\"font-size: 1rem\">7. 2024. \u00e1prilis 29, 14:00-15.00<\/span><\/div>\n<div><span style=\"font-size: 1rem\">8. 2024. m\u00e1jus 6, 14:00-15:00<\/span><\/div>\n<div>\u00a0<\/div>\n<div>Helysz\u00edn: az ETK Vas utcai \u00e9p\u00fclete, 331-es terem<\/div>\n<div>\u00a0<\/div>\n<div>\u00a0<\/div>\n<div>J\u00f3 tanul\u00e1st k\u00edv\u00e1nunk!<\/div>\n<div>Eg\u00e9szs\u00e9gtudom\u00e1nyi Programkoordin\u00e1ci\u00f3s \u00e9s Fejleszt\u00e9si Iroda<\/div>\n","protected":false},"excerpt":{"rendered":"<p>A 2023\/24-es tan\u00e9vben a tavaszi szemeszterben tanul\u00f3szob\u00e1t szervez\u00fcnk h\u00e9tf\u0151nk\u00e9nt \u00e9lettanb\u00f3l, amelyekre <a href=\"https:\/\/docs.google.com\/forms\/d\/1fuzJLuMb9X5u1Kbb9F6hLhXfHZzLobMgblRBeSSqylY\">ezzel az \u0171rlappal<\/a> tudtok jelentkezni.\u00a0 A termek befogad\u00f3k\u00e9pess\u00e9ge miatt minden tanul\u00f3szob\u00e1ra k\u00fcl\u00f6n kell jelentkezni. \u00a0 A tanul\u00f3szob\u00e1kat tartja: Gedeon G\u00e1bor. \u00a0 1. 2024. febru\u00e1r 19. 13:50-14:50 2. 2024. febru\u00e1r 26.\u00a013:50-14:50 3. 2024. m\u00e1rcius 4.\u00a013:50-14:50 4.\u00a02024. m\u00e1rcius 11.\u00a013:50-14:50 5.\u00a02024. m\u00e1rcius 18.\u00a013:50-14:50 6. 2024. \u00e1prilis 22, 14:00-15:00 7. 2024. &hellip;<\/p>\n","protected":false},"author":102263,"featured_media":0,"parent":954,"menu_order":0,"comment_status":"closed","ping_status":"closed","template":"","meta":{"_acf_changed":false,"footnotes":""},"categories":[],"tags":[],"class_list":["post-1226","page","type-page","status-publish","hentry"],"acf":[],"_links":{"self":[{"href":"https:\/\/semmelweis.hu\/etkfejlesztoiroda\/wp-json\/wp\/v2\/pages\/1226","targetHints":{"allow":["GET"]}}],"collection":[{"href":"https:\/\/semmelweis.hu\/etkfejlesztoiroda\/wp-json\/wp\/v2\/pages"}],"about":[{"href":"https:\/\/semmelweis.hu\/etkfejlesztoiroda\/wp-json\/wp\/v2\/types\/page"}],"author":[{"embeddable":true,"href":"https:\/\/semmelweis.hu\/etkfejlesztoiroda\/wp-json\/wp\/v2\/users\/102263"}],"replies":[{"embeddable":true,"href":"https:\/\/semmelweis.hu\/etkfejlesztoiroda\/wp-json\/wp\/v2\/comments?post=1226"}],"version-history":[{"count":3,"href":"https:\/\/semmelweis.hu\/etkfejlesztoiroda\/wp-json\/wp\/v2\/pages\/1226\/revisions"}],"predecessor-version":[{"id":1254,"href":"https:\/\/semmelweis.hu\/etkfejlesztoiroda\/wp-json\/wp\/v2\/pages\/1226\/revisions\/1254"}],"up":[{"embeddable":true,"href":"https:\/\/semmelweis.hu\/etkfejlesztoiroda\/wp-json\/wp\/v2\/pages\/954"}],"wp:attachment":[{"href":"https:\/\/semmelweis.hu\/etkfejlesztoiroda\/wp-json\/wp\/v2\/media?parent=1226"}],"wp:term":[{"taxonomy":"category","embeddable":true,"href":"https:\/\/semmelweis.hu\/etkfejlesztoiroda\/wp-json\/wp\/v2\/categories?post=1226"},{"taxonomy":"post_tag","embeddable":true,"href":"https:\/\/semmelweis.hu\/etkfejlesztoiroda\/wp-json\/wp\/v2\/tags?post=1226"}],"curies":[{"name":"wp","href":"https:\/\/api.w.org\/{rel}","templated":true}]}}

Élettan tanulószoba 2023/24 tavasz

<div>A 2023/24-es tanévben a tavaszi szemeszterben tanulószobát szervezünk hétfőnként élettanból, amelyekre <a href="https://docs.google.com/forms/d/1fuzJLuMb9X5u1Kbb9F6hLhXfHZzLobMgblRBeSSqylY">ezzel az űrlappal</a> tudtok jelentkezni. </div>
<div>A termek befogadóképessége miatt minden tanulószobára külön kell jelentkezni.</div>
<div> </div>
<div>A tanulószobákat tartja: Gedeon Gábor.</div>
<div> </div>
<div>1. 2024. február 19. 13:50-14:50</div>
<div>2. 2024. február 26. 13:50-14:50</div>
<div>3. 2024. március 4. 13:50-14:50</div>
<div>4. 2024. március 11. 13:50-14:50</div>
<div>5. 2024. március 18. 13:50-14:50</div>
<div>6. 2024. <span style="font-size: 1rem">április 22, 14:00-15:00</span></div>
<div><span style="font-size: 1rem">7. 2024. április 29, 14:00-15.00</span></div>
<div><span style="font-size: 1rem">8. 2024. május 6, 14:00-15:00</span></div>
<div> </div>
<div>Helyszín: az ETK Vas utcai épülete, 331-es terem</div>
<div> </div>
<div> </div>
<div>Jó tanulást kívánunk!</div>
<div>Egészségtudományi Programkoordinációs és Fejlesztési Iroda</div>

<p>A 2023/24-es tanévben a tavaszi szemeszterben tanulószobát szervezünk hétfőnként élettanból, amelyekre <a href="https://docs.google.com/forms/d/1fuzJLuMb9X5u1Kbb9F6hLhXfHZzLobMgblRBeSSqylY">ezzel az űrlappal</a> tudtok jelentkezni.  A termek befogadóképessége miatt minden tanulószobára külön kell jelentkezni.   A tanulószobákat tartja: Gedeon Gábor.   1. 2024. február 19. 13:50-14:50 2. 2024. február 26. 13:50-14:50 3. 2024. március 4. 13:50-14:50 4. 2024. március 11. 13:50-14:50 5. 2024. március 18. 13:50-14:50 6. 2024. április 22, 14:00-15:00 7. 2024. &hellip;</p>
