{"id":1218,"date":"2024-02-20T10:51:29","date_gmt":"2024-02-20T10:51:29","guid":{"rendered":"https:\/\/semmelweis.hu\/etkfejlesztoiroda\/?page_id=1218"},"modified":"2024-02-20T10:56:22","modified_gmt":"2024-02-20T10:56:22","slug":"biologia-tanuloszoba","status":"publish","type":"page","link":"https:\/\/semmelweis.hu\/etkfejlesztoiroda\/tanuloszoba\/biologia-tanuloszoba\/","title":{"rendered":"Biol\u00f3gia tanul\u00f3szoba 2023\/24 tavasz"},"content":{"rendered":"<div>A 2023\/24-es tan\u00e9v tavaszi szemeszter\u00e9ben tanul\u00f3szob\u00e1t szervez\u00fcnk biol\u00f3gi\u00e1b\u00f3l, amelyekre <a href=\"https:\/\/docs.google.com\/forms\/d\/1H6SeNkb5gcJGkhaIkqgiGGISyJ2urvnOlbIcTCq7IA8\">ezzel az \u0171rlappal<\/a> tudtok jelentkezni.\u00a0<\/div>\n<div>FONTOS! A termek befogad\u00f3k\u00e9pess\u00e9ge miatt minden tanul\u00f3szob\u00e1ra k\u00fcl\u00f6n kell jelentkezni!\u00a0<\/div>\n<div>\u00a0<\/div>\n<div>A tanul\u00f3szob\u00e1kat tartja: So\u00f3s Regina<\/div>\n<div>\u00a0<\/div>\n<div>1.\u00a02024. febru\u00e1r 26. 17:30-18:30<\/div>\n<div>2.\u00a02024. m\u00e1rcius 4. 17:30-18:30<\/div>\n<div>3.\u00a02024. m\u00e1rcius 11. 17:30-18:30<\/div>\n<div>4. 2024. m\u00e1rcius 18. 17:30-18:30<\/div>\n<div>5. 2024. \u00e1prilis 8. 17:30-18:30<\/div>\n<div>\u00a0<\/div>\n<div>Helysz\u00edn: az ETK Vas utcai \u00e9p\u00fclete, 328-as terem<\/div>\n<div>\u00a0<\/div>\n<div>J\u00f3 tanul\u00e1st k\u00edv\u00e1nunk!<\/div>\n<div>Eg\u00e9szs\u00e9gtudom\u00e1nyi Programkoordin\u00e1ci\u00f3s \u00e9s Fejleszt\u00e9si Iroda<\/div>\n","protected":false},"excerpt":{"rendered":"<p>A 2023\/24-es tan\u00e9v tavaszi szemeszter\u00e9ben tanul\u00f3szob\u00e1t szervez\u00fcnk biol\u00f3gi\u00e1b\u00f3l, amelyekre <a href=\"https:\/\/docs.google.com\/forms\/d\/1H6SeNkb5gcJGkhaIkqgiGGISyJ2urvnOlbIcTCq7IA8\">ezzel az \u0171rlappal<\/a> tudtok jelentkezni.\u00a0 FONTOS! A termek befogad\u00f3k\u00e9pess\u00e9ge miatt minden tanul\u00f3szob\u00e1ra k\u00fcl\u00f6n kell jelentkezni!\u00a0 \u00a0 A tanul\u00f3szob\u00e1kat tartja: So\u00f3s Regina \u00a0 1.\u00a02024. febru\u00e1r 26. 17:30-18:30 2.\u00a02024. m\u00e1rcius 4. 17:30-18:30 3.\u00a02024. m\u00e1rcius 11. 17:30-18:30 4. 2024. m\u00e1rcius 18. 17:30-18:30 5. 2024. \u00e1prilis 8. 17:30-18:30 \u00a0 Helysz\u00edn: az ETK Vas &hellip;<\/p>\n","protected":false},"author":102263,"featured_media":0,"parent":954,"menu_order":0,"comment_status":"closed","ping_status":"closed","template":"","meta":{"_acf_changed":false,"footnotes":""},"categories":[],"tags":[],"class_list":["post-1218","page","type-page","status-publish","hentry"],"acf":[],"_links":{"self":[{"href":"https:\/\/semmelweis.hu\/etkfejlesztoiroda\/wp-json\/wp\/v2\/pages\/1218","targetHints":{"allow":["GET"]}}],"collection":[{"href":"https:\/\/semmelweis.hu\/etkfejlesztoiroda\/wp-json\/wp\/v2\/pages"}],"about":[{"href":"https:\/\/semmelweis.hu\/etkfejlesztoiroda\/wp-json\/wp\/v2\/types\/page"}],"author":[{"embeddable":true,"href":"https:\/\/semmelweis.hu\/etkfejlesztoiroda\/wp-json\/wp\/v2\/users\/102263"}],"replies":[{"embeddable":true,"href":"https:\/\/semmelweis.hu\/etkfejlesztoiroda\/wp-json\/wp\/v2\/comments?post=1218"}],"version-history":[{"count":5,"href":"https:\/\/semmelweis.hu\/etkfejlesztoiroda\/wp-json\/wp\/v2\/pages\/1218\/revisions"}],"predecessor-version":[{"id":1225,"href":"https:\/\/semmelweis.hu\/etkfejlesztoiroda\/wp-json\/wp\/v2\/pages\/1218\/revisions\/1225"}],"up":[{"embeddable":true,"href":"https:\/\/semmelweis.hu\/etkfejlesztoiroda\/wp-json\/wp\/v2\/pages\/954"}],"wp:attachment":[{"href":"https:\/\/semmelweis.hu\/etkfejlesztoiroda\/wp-json\/wp\/v2\/media?parent=1218"}],"wp:term":[{"taxonomy":"category","embeddable":true,"href":"https:\/\/semmelweis.hu\/etkfejlesztoiroda\/wp-json\/wp\/v2\/categories?post=1218"},{"taxonomy":"post_tag","embeddable":true,"href":"https:\/\/semmelweis.hu\/etkfejlesztoiroda\/wp-json\/wp\/v2\/tags?post=1218"}],"curies":[{"name":"wp","href":"https:\/\/api.w.org\/{rel}","templated":true}]}}

Biológia tanulószoba 2023/24 tavasz

<div>A 2023/24-es tanév tavaszi szemeszterében tanulószobát szervezünk biológiából, amelyekre <a href="https://docs.google.com/forms/d/1H6SeNkb5gcJGkhaIkqgiGGISyJ2urvnOlbIcTCq7IA8">ezzel az űrlappal</a> tudtok jelentkezni. </div>
<div>FONTOS! A termek befogadóképessége miatt minden tanulószobára külön kell jelentkezni! </div>
<div> </div>
<div>A tanulószobákat tartja: Soós Regina</div>
<div> </div>
<div>1. 2024. február 26. 17:30-18:30</div>
<div>2. 2024. március 4. 17:30-18:30</div>
<div>3. 2024. március 11. 17:30-18:30</div>
<div>4. 2024. március 18. 17:30-18:30</div>
<div>5. 2024. április 8. 17:30-18:30</div>
<div> </div>
<div>Helyszín: az ETK Vas utcai épülete, 328-as terem</div>
<div> </div>
<div>Jó tanulást kívánunk!</div>
<div>Egészségtudományi Programkoordinációs és Fejlesztési Iroda</div>

<p>A 2023/24-es tanév tavaszi szemeszterében tanulószobát szervezünk biológiából, amelyekre <a href="https://docs.google.com/forms/d/1H6SeNkb5gcJGkhaIkqgiGGISyJ2urvnOlbIcTCq7IA8">ezzel az űrlappal</a> tudtok jelentkezni.  FONTOS! A termek befogadóképessége miatt minden tanulószobára külön kell jelentkezni!    A tanulószobákat tartja: Soós Regina   1. 2024. február 26. 17:30-18:30 2. 2024. március 4. 17:30-18:30 3. 2024. március 11. 17:30-18:30 4. 2024. március 18. 17:30-18:30 5. 2024. április 8. 17:30-18:30   Helyszín: az ETK Vas &hellip;</p>
