{"id":109,"date":"2018-12-04T12:00:03","date_gmt":"2018-12-04T12:00:03","guid":{"rendered":"http:\/\/semmelweis.hu\/kavicsmentorprogram\/?page_id=109"},"modified":"2020-10-19T09:30:59","modified_gmt":"2020-10-19T09:30:59","slug":"treningek","status":"publish","type":"page","link":"https:\/\/semmelweis.hu\/etkfejlesztoiroda\/treningek\/","title":{"rendered":"Tr\u00e9ningek"},"content":{"rendered":"<p>A Kavics Mentorprogram sz\u00e1mos tr\u00e9ninget ind\u00edt a hallgat\u00f3i \u00e9let sz\u00ednes\u00edt\u00e9se \u00e9s a saj\u00e1t tud\u00e1s, k\u00e9szs\u00e9gek, k\u00e9pess\u00e9gek b\u0151v\u00edt\u00e9se c\u00e9lj\u00e1b\u00f3l.<\/p>\n<p>A tr\u00e9ningjeink kis csoportos, interakt\u00edv kurzusok form\u00e1j\u00e1ban val\u00f3sulnak meg, \u00edgy a szabad helyeket tagjainkkal t\u00f6ltj\u00fck meg, \u00e9s csak a fennmarad\u00f3 helyek tal\u00e1lnak gazd\u00e1ra a Kar hallgat\u00f3i k\u00f6z\u00fcl. <\/p>\n<p><a href=\"https:\/\/semmelweis.hu\/etkfejlesztoiroda\/files\/2020\/01\/58419283_2166120163425101_8004424609891876864_o.jpg\"><img loading=\"lazy\" decoding=\"async\" class=\"alignleft size-medium wp-image-546\" src=\"https:\/\/semmelweis.hu\/etkfejlesztoiroda\/files\/2020\/01\/58419283_2166120163425101_8004424609891876864_o-400x300.jpg\" alt=\"\" width=\"400\" height=\"300\" srcset=\"https:\/\/semmelweis.hu\/etkfejlesztoiroda\/files\/2020\/01\/58419283_2166120163425101_8004424609891876864_o-400x300.jpg 400w, https:\/\/semmelweis.hu\/etkfejlesztoiroda\/files\/2020\/01\/58419283_2166120163425101_8004424609891876864_o-768x576.jpg 768w, https:\/\/semmelweis.hu\/etkfejlesztoiroda\/files\/2020\/01\/58419283_2166120163425101_8004424609891876864_o-1024x768.jpg 1024w, https:\/\/semmelweis.hu\/etkfejlesztoiroda\/files\/2020\/01\/58419283_2166120163425101_8004424609891876864_o-753x565.jpg 753w, https:\/\/semmelweis.hu\/etkfejlesztoiroda\/files\/2020\/01\/58419283_2166120163425101_8004424609891876864_o.jpg 2048w\" sizes=\"auto, (max-width: 400px) 100vw, 400px\" \/><\/a>Vannak olyan tr\u00e9ningek, amelyeket kifejezetten mentoraink sz\u00e1m\u00e1ra szervez\u00fcnk, azzal a c\u00e9llal, hogy min\u00e9l hat\u00e9konyabban tudj\u00e1k seg\u00edteni a mentor\u00e1ltakat ilyen pl. a <a href=\"https:\/\/semmelweis.hu\/etkfejlesztoiroda\/segitokommunikacio_trening\/\" target=\"_blank\" rel=\"noopener noreferrer\">Seg\u00edt\u0151kommunik\u00e1ci\u00f3 tr\u00e9ning<\/a>, ami a 2018\/2019\/I. f\u00e9l\u00e9vben els\u0151 k\u00f6rben ker\u00fclt megrendez\u00e9sre, \u00e9s az\u00f3ta is folyamatosan l\u00e9trej\u00f6n, az \u00fajonnan csatlakoz\u00f3 mentorok k\u00e9pz\u00e9se c\u00e9lj\u00e1b\u00f3l.<\/p>\n","protected":false},"excerpt":{"rendered":"<p>A Kavics Mentorprogram sz\u00e1mos tr\u00e9ninget ind\u00edt a hallgat\u00f3i \u00e9let sz\u00ednes\u00edt\u00e9se \u00e9s a saj\u00e1t tud\u00e1s, k\u00e9szs\u00e9gek, k\u00e9pess\u00e9gek b\u0151v\u00edt\u00e9se c\u00e9lj\u00e1b\u00f3l. A tr\u00e9ningjeink kis csoportos, interakt\u00edv kurzusok form\u00e1j\u00e1ban val\u00f3sulnak meg, \u00edgy a szabad helyeket tagjainkkal t\u00f6ltj\u00fck meg, \u00e9s csak a fennmarad\u00f3 helyek tal\u00e1lnak gazd\u00e1ra a Kar hallgat\u00f3i k\u00f6z\u00fcl. <a href=\"https:\/\/semmelweis.hu\/etkfejlesztoiroda\/files\/2020\/01\/58419283_2166120163425101_8004424609891876864_o.jpg\"><\/a> Vannak olyan tr\u00e9ningek, amelyeket kifejezetten mentoraink sz\u00e1m\u00e1ra szervez\u00fcnk, azzal a &hellip;<\/p>\n","protected":false},"author":101608,"featured_media":0,"parent":0,"menu_order":2,"comment_status":"closed","ping_status":"closed","template":"","meta":{"_acf_changed":false,"footnotes":""},"categories":[],"tags":[],"class_list":["post-109","page","type-page","status-publish","hentry"],"acf":[],"_links":{"self":[{"href":"https:\/\/semmelweis.hu\/etkfejlesztoiroda\/wp-json\/wp\/v2\/pages\/109","targetHints":{"allow":["GET"]}}],"collection":[{"href":"https:\/\/semmelweis.hu\/etkfejlesztoiroda\/wp-json\/wp\/v2\/pages"}],"about":[{"href":"https:\/\/semmelweis.hu\/etkfejlesztoiroda\/wp-json\/wp\/v2\/types\/page"}],"author":[{"embeddable":true,"href":"https:\/\/semmelweis.hu\/etkfejlesztoiroda\/wp-json\/wp\/v2\/users\/101608"}],"replies":[{"embeddable":true,"href":"https:\/\/semmelweis.hu\/etkfejlesztoiroda\/wp-json\/wp\/v2\/comments?post=109"}],"version-history":[{"count":11,"href":"https:\/\/semmelweis.hu\/etkfejlesztoiroda\/wp-json\/wp\/v2\/pages\/109\/revisions"}],"predecessor-version":[{"id":695,"href":"https:\/\/semmelweis.hu\/etkfejlesztoiroda\/wp-json\/wp\/v2\/pages\/109\/revisions\/695"}],"wp:attachment":[{"href":"https:\/\/semmelweis.hu\/etkfejlesztoiroda\/wp-json\/wp\/v2\/media?parent=109"}],"wp:term":[{"taxonomy":"category","embeddable":true,"href":"https:\/\/semmelweis.hu\/etkfejlesztoiroda\/wp-json\/wp\/v2\/categories?post=109"},{"taxonomy":"post_tag","embeddable":true,"href":"https:\/\/semmelweis.hu\/etkfejlesztoiroda\/wp-json\/wp\/v2\/tags?post=109"}],"curies":[{"name":"wp","href":"https:\/\/api.w.org\/{rel}","templated":true}]}}