{"id":1067,"date":"2022-03-11T08:49:23","date_gmt":"2022-03-11T08:49:23","guid":{"rendered":"https:\/\/semmelweis.hu\/etkfejlesztoiroda\/?page_id=1067"},"modified":"2022-03-11T08:49:28","modified_gmt":"2022-03-11T08:49:28","slug":"az-orszagos-verellato-szolgalat-programjai-az-egeszsegtudomanyi-karon","status":"publish","type":"page","link":"https:\/\/semmelweis.hu\/etkfejlesztoiroda\/szakmai-eloadasok\/az-orszagos-verellato-szolgalat-programjai-az-egeszsegtudomanyi-karon\/","title":{"rendered":"Az Orsz\u00e1gos V\u00e9rell\u00e1t\u00f3 Szolg\u00e1lat programjai az Eg\u00e9szs\u00e9gtudom\u00e1nyi Karon"},"content":{"rendered":"<p style=\"text-align: center\"><strong>Az akt\u00edv f\u00e9l\u00e9vkezd\u00e9s jegy\u00e9ben r\u00f6gt\u00f6n kett\u0151, az Orsz\u00e1gos V\u00e9rell\u00e1t\u00f3 Szolg\u00e1lattal k\u00f6zrem\u0171k\u00f6d\u00e9sben megval\u00f3sul\u00f3 programon vehettek r\u00e9szt az Eg\u00e9szs\u00e9gtudom\u00e1nyi Kar hallgat\u00f3i \u00e9s munkat\u00e1rsai.<\/strong><\/p>\n<p>&nbsp;<\/p>\n<p style=\"text-align: justify\">Febru\u00e1r 1-j\u00e9n az <em>\u00daj technol\u00f3gi\u00e1k \u00e9s innov\u00e1ci\u00f3 az eg\u00e9szs\u00e9gtudom\u00e1nyokban<\/em> c\u00edm\u0171 rendezv\u00e9nysorozat keret\u00e9ben a <em>Szervdon\u00e1ci\u00f3s \u00e9s transzplant\u00e1ci\u00f3s programok Magyarorsz\u00e1gon \u00e9s Eur\u00f3p\u00e1ban<\/em> c\u00edmmel meghirdetett el\u0151ad\u00e1son vehettek r\u00e9szt az \u00e9rdekl\u0151d\u0151k. Az el\u0151ad\u00f3 Dr. Mih\u00e1ly S\u00e1ndor Transzplant\u00e1ci\u00f3s Igazgat\u00f3, bemutatta t\u00f6bbek k\u00f6z\u00f6tt az Igazgat\u00f3s\u00e1g munk\u00e1j\u00e1t, a szervadom\u00e1nyoz\u00e1s felt\u00e9telrendszer\u00e9t, a COVID-19 j\u00e1rv\u00e1ny hat\u00e1sait, valamint a nemzetk\u00f6zi egy\u00fcttm\u0171k\u00f6d\u00e9sek el\u0151nyeit. Ezen fel\u00fcl a hallgat\u00f3s\u00e1g feltehette saj\u00e1t k\u00e9rd\u00e9seit is a t\u00e9m\u00e1val kapcsolatban, \u00edgy sz\u00f3 esett az etikai k\u00e9rd\u00e9sekr\u0151l, illetve, arr\u00f3l, hogy mi az egy\u00e9n felel\u0151ss\u00e9ge a szervdon\u00e1ci\u00f3 eset\u00e9ben. Dr. Mih\u00e1ly S\u00e1ndor kiemelte, hab\u00e1r Magyarorsz\u00e1gon a felt\u00e9telezett beleegyez\u00e9s elve van \u00e9rv\u00e9nyben, fontos, hogy hozz\u00e1tartoz\u00f3ink fel\u00e9 hat\u00e1rozottan kinyilv\u00e1n\u00edtsuk azon sz\u00e1nd\u00e9kunkat, miszerint szeretn\u00e9nk, illetve nincs ellen\u00fcnkre don\u00e1ci\u00f3s c\u00e9lra felaj\u00e1nlani szerveinket.<\/p>\n<p>A t\u00e9m\u00e1val kapcsolatos b\u0151vebb inform\u00e1ci\u00f3k az OVSZ honlapj\u00e1n \u00e9rhet\u0151ek el.<\/p>\n<p><a href=\"https:\/\/www.ovsz.hu\/hu\/oco\/szervdonacio\">https:\/\/www.ovsz.hu\/hu\/oco\/szervdonacio<\/a><\/p>\n<p><img loading=\"lazy\" decoding=\"async\" class=\"alignnone size-medium wp-image-1063 aligncenter\" src=\"https:\/\/semmelweis.hu\/etkfejlesztoiroda\/files\/2022\/03\/Ver-eloadas-400x271.jpg\" alt=\"\" width=\"400\" height=\"271\" srcset=\"https:\/\/semmelweis.hu\/etkfejlesztoiroda\/files\/2022\/03\/Ver-eloadas-400x271.jpg 400w, https:\/\/semmelweis.hu\/etkfejlesztoiroda\/files\/2022\/03\/Ver-eloadas-768x520.jpg 768w, https:\/\/semmelweis.hu\/etkfejlesztoiroda\/files\/2022\/03\/Ver-eloadas-175x120.jpg 175w, https:\/\/semmelweis.hu\/etkfejlesztoiroda\/files\/2022\/03\/Ver-eloadas-753x510.jpg 753w, https:\/\/semmelweis.hu\/etkfejlesztoiroda\/files\/2022\/03\/Ver-eloadas.jpg 825w\" sizes=\"auto, (max-width: 400px) 100vw, 400px\" \/><\/p>\n<p>&nbsp;<\/p>\n<p style=\"text-align: justify\">Ezt k\u00f6vet\u0151en, febru\u00e1r 8-\u00e1n az Orsz\u00e1gos V\u00e9rell\u00e1t\u00f3 Szolg\u00e1lat munkat\u00e1rsainak k\u00f6sz\u00f6nhet\u0151en v\u00e9rad\u00e1son vehettek r\u00e9szt a Kar hallgat\u00f3i \u00e9s dolgoz\u00f3i, mely hatalmas sikerrel z\u00e1rult. Ez\u00faton is k\u00f6sz\u00f6nj\u00fck a kiemelked\u0151 aktivit\u00e1st \u00e9s seg\u00edt\u0151 sz\u00e1nd\u00e9kot! \u00d6r\u00f6mmel jelentj\u00fck be tov\u00e1bb\u00e1, hogy elindultak az egyeztet\u00e9sek a k\u00f6vetkez\u0151 v\u00e9rad\u00e1s megszervez\u00e9s\u00e9t illet\u0151en, melyre az OVSZ is \u00f6r\u00f6mmel mondott igent.<\/p>\n<p><img loading=\"lazy\" decoding=\"async\" class=\"size-medium wp-image-1064 aligncenter\" src=\"https:\/\/semmelweis.hu\/etkfejlesztoiroda\/files\/2022\/03\/vervetel-298x400.jpg\" alt=\"\" width=\"298\" height=\"400\" srcset=\"https:\/\/semmelweis.hu\/etkfejlesztoiroda\/files\/2022\/03\/vervetel-298x400.jpg 298w, https:\/\/semmelweis.hu\/etkfejlesztoiroda\/files\/2022\/03\/vervetel-762x1024.jpg 762w, https:\/\/semmelweis.hu\/etkfejlesztoiroda\/files\/2022\/03\/vervetel-768x1032.jpg 768w, https:\/\/semmelweis.hu\/etkfejlesztoiroda\/files\/2022\/03\/vervetel-753x1012.jpg 753w, https:\/\/semmelweis.hu\/etkfejlesztoiroda\/files\/2022\/03\/vervetel.jpg 1008w\" sizes=\"auto, (max-width: 298px) 100vw, 298px\" \/><\/p>\n","protected":false},"excerpt":{"rendered":"<p>Az akt\u00edv f\u00e9l\u00e9vkezd\u00e9s jegy\u00e9ben r\u00f6gt\u00f6n kett\u0151, az Orsz\u00e1gos V\u00e9rell\u00e1t\u00f3 Szolg\u00e1lattal k\u00f6zrem\u0171k\u00f6d\u00e9sben megval\u00f3sul\u00f3 programon vehettek r\u00e9szt az Eg\u00e9szs\u00e9gtudom\u00e1nyi Kar hallgat\u00f3i \u00e9s munkat\u00e1rsai. &nbsp; Febru\u00e1r 1-j\u00e9n az \u00daj technol\u00f3gi\u00e1k \u00e9s innov\u00e1ci\u00f3 az eg\u00e9szs\u00e9gtudom\u00e1nyokban c\u00edm\u0171 rendezv\u00e9nysorozat keret\u00e9ben a Szervdon\u00e1ci\u00f3s \u00e9s transzplant\u00e1ci\u00f3s programok Magyarorsz\u00e1gon \u00e9s Eur\u00f3p\u00e1ban c\u00edmmel meghirdetett el\u0151ad\u00e1son vehettek r\u00e9szt az \u00e9rdekl\u0151d\u0151k. Az el\u0151ad\u00f3 Dr. Mih\u00e1ly S\u00e1ndor Transzplant\u00e1ci\u00f3s &hellip;<\/p>\n","protected":false},"author":101985,"featured_media":1063,"parent":968,"menu_order":0,"comment_status":"closed","ping_status":"closed","template":"","meta":{"_acf_changed":false,"footnotes":""},"categories":[44],"tags":[],"class_list":["post-1067","page","type-page","status-publish","has-post-thumbnail","hentry","category-szakmai-eloadasok"],"acf":[],"_links":{"self":[{"href":"https:\/\/semmelweis.hu\/etkfejlesztoiroda\/wp-json\/wp\/v2\/pages\/1067","targetHints":{"allow":["GET"]}}],"collection":[{"href":"https:\/\/semmelweis.hu\/etkfejlesztoiroda\/wp-json\/wp\/v2\/pages"}],"about":[{"href":"https:\/\/semmelweis.hu\/etkfejlesztoiroda\/wp-json\/wp\/v2\/types\/page"}],"author":[{"embeddable":true,"href":"https:\/\/semmelweis.hu\/etkfejlesztoiroda\/wp-json\/wp\/v2\/users\/101985"}],"replies":[{"embeddable":true,"href":"https:\/\/semmelweis.hu\/etkfejlesztoiroda\/wp-json\/wp\/v2\/comments?post=1067"}],"version-history":[{"count":1,"href":"https:\/\/semmelweis.hu\/etkfejlesztoiroda\/wp-json\/wp\/v2\/pages\/1067\/revisions"}],"predecessor-version":[{"id":1068,"href":"https:\/\/semmelweis.hu\/etkfejlesztoiroda\/wp-json\/wp\/v2\/pages\/1067\/revisions\/1068"}],"up":[{"embeddable":true,"href":"https:\/\/semmelweis.hu\/etkfejlesztoiroda\/wp-json\/wp\/v2\/pages\/968"}],"wp:featuredmedia":[{"embeddable":true,"href":"https:\/\/semmelweis.hu\/etkfejlesztoiroda\/wp-json\/wp\/v2\/media\/1063"}],"wp:attachment":[{"href":"https:\/\/semmelweis.hu\/etkfejlesztoiroda\/wp-json\/wp\/v2\/media?parent=1067"}],"wp:term":[{"taxonomy":"category","embeddable":true,"href":"https:\/\/semmelweis.hu\/etkfejlesztoiroda\/wp-json\/wp\/v2\/categories?post=1067"},{"taxonomy":"post_tag","embeddable":true,"href":"https:\/\/semmelweis.hu\/etkfejlesztoiroda\/wp-json\/wp\/v2\/tags?post=1067"}],"curies":[{"name":"wp","href":"https:\/\/api.w.org\/{rel}","templated":true}]}}