{"id":945,"date":"2020-05-04T10:24:07","date_gmt":"2020-05-04T08:24:07","guid":{"rendered":"https:\/\/semmelweis.hu\/etk\/?page_id=945"},"modified":"2023-08-10T10:28:33","modified_gmt":"2023-08-10T08:28:33","slug":"dekan","status":"publish","type":"page","link":"https:\/\/semmelweis.hu\/etk\/az-egeszsegtudomanyi-karrol\/kari-vezetok-tisztsegviselok\/dekan\/","title":{"rendered":"D\u00e9k\u00e1n"},"content":{"rendered":"<h2>Bedn\u00e1rikn\u00e9 Dr. D\u00f6rnyei Gabriella<\/h2>\n<p><strong>D\u00e9k\u00e1n<img loading=\"lazy\" decoding=\"async\" class=\"wp-image-13186 size-full alignright\" src=\"https:\/\/semmelweis.hu\/etk\/files\/2023\/08\/0-1.jpeg\" alt=\"\" width=\"212\" height=\"300\" \/><\/strong><\/p>\n<p><strong>El\u00e9rhet\u0151s\u00e9g<\/strong><br \/>\nE-mail: <a href=\"mailto:etk.dekan@semmelweis.hu\">etk.dekan@semmelweis.hu<\/a><\/p>\n<p><strong>Tanulm\u00e1nyok:<br \/>\n<\/strong><\/p>\n<ul>\n<li>1985-1988 Budapesti M\u0171szaki Egyetem, Vegy\u00e9szm\u00e9rn\u00f6ki Kar, Szerves \u00e9s Biol\u00f3giai Vegyipari Szak, Budapest, vegy\u00e9sz \u00fczemm\u00e9rn\u00f6k<\/li>\n<li>1988-1990 Budapesti M\u0171szaki Egyetem, Vegy\u00e9szm\u00e9rn\u00f6ki Kar, Biol\u00f3gusm\u00e9rn\u00f6k Szak, Budapest, okleveles biol\u00f3gusm\u00e9rn\u00f6k<\/li>\n<\/ul>\n<p><strong>Tudom\u00e1nyos fokozat:<\/strong><\/p>\n<ul>\n<li>2000 A biol\u00f3giai tudom\u00e1ny kandid\u00e1tusa (PhD) A disszert\u00e1ci\u00f3 c\u00edme: V\u00e9n\u00e1k \u00e9s venul\u00e1k t\u00f3nus\u00e1nak intrinzik szab\u00e1lyoz\u00f3 mechanizmusai \u2013 az endothelium szerepe<\/li>\n<\/ul>\n<p><strong>Nyelvvizsga:<\/strong><\/p>\n<p>1997. Angol k\u00f6z\u00e9pfok\u00fa (\u201cC\u201d t\u00edpus\u00fa) nyelvvizsga<\/p>\n<p><strong>Munkahelyek:<\/strong><\/p>\n<ul>\n<li>1990-1996A Magyar Tudom\u00e1nyos Akad\u00e9mia tudom\u00e1nyos tov\u00e1bbk\u00e9pz\u00e9si \u00f6szt\u00f6nd\u00edjasak\u00e9nt (Tudom\u00e1nyos Min\u0151s\u00edt\u0151 Bizotts\u00e1g (II. Biol\u00f3giai Szakoszt\u00e1ly)): SOTE, \u00c1OK, Klinikai K\u00eds\u00e9rleti Kutat\u00f3 &#8211; II. \u00c9lettani Int\u00e9zet, Budapest, \u00dcll\u0151i \u00fat 78\/a.<\/li>\n<li>1996-2008 Tudom\u00e1nyos munkat\u00e1rs, Semmelweis Egyetem, \u00c1OK, Klinikai K\u00eds\u00e9rleti Kutat\u00f3- \u00e9s Hum\u00e1n \u00c9lettani Int\u00e9zet, Budapest, 1082 \u00dcll\u0151i u. 78\/a.<\/li>\n<li>2008-2009 F\u0151iskolai adjunktus, Semmelweis Egyetem, ETK, Morfol\u00f3giai \u00e9s Fiziol\u00f3giai Int\u00e9zet, Budapest, 1088 Vas u. 17.<\/li>\n<li>2009-2012 F\u0151iskolai docens, Semmelweis Egyetem, ETK, Morfol\u00f3giai \u00e9s Fiziol\u00f3giai Tansz\u00e9k, Budapest, 1088 Vas u. 17.<\/li>\n<li>2012- F\u0151iskolai tan\u00e1r, Semmelweis Egyetem, ETK, Morfol\u00f3giai \u00e9s Fiziol\u00f3giai Tansz\u00e9k, Budapest, 1088 Vas u. 17.<\/li>\n<li>2013- Tansz\u00e9kvezet\u0151, Semmelweis Egyetem, ETK, Morfol\u00f3giai \u00e9s Fiziol\u00f3giai Tansz\u00e9k, Budapest, 1088 Vas u. 17.<\/li>\n<li>2016- Tudom\u00e1nyos d\u00e9k\u00e1nhelyettes, Semmelweis Egyetem, ETK, Budapest, 1088 Vas u. 17.<\/li>\n<\/ul>\n<p><strong>K\u00fclf\u00f6ldi tanulm\u00e1nyutak:<\/strong><\/p>\n<ul>\n<li>1992 Department of Physiology, University of Birmingham, Birmingham B15 2TT, UK<\/li>\n<li>1993-1997 New York Medical College, Department of Physiology, Valhalla, New York 10595, USA<\/li>\n<\/ul>\n<div class=\"exp-col-content-holder\"><a class=\"expand-cnt-link\" href=\"#\">Oktat\u00e1si tev\u00e9kenys\u00e9g<\/a><\/p>\n<div class=\"hidden-content\">\n<ul style=\"list-style-type: disc\">\n<li class=\"hiddenContentp\">Orvosi \u00e9lettan magyar- \u00e9s angol nyelven (gyakorlatok, konzult\u00e1ci\u00f3k)<\/li>\n<li class=\"hiddenContentp\">Klinikai kardiovaszkul\u00e1ris fiziol\u00f3gia v\u00e1laszthat\u00f3 fakult\u00e1ci\u00f3s kurzusvezet\u00e9s (tantermi el\u0151ad\u00e1s)<\/li>\n<li class=\"hiddenContentp\">Alkalmazott k\u00e9mia tant\u00e1rgyfelel\u0151si munkak\u00f6r<\/li>\n<li class=\"hiddenContentp\">Alkalmazott k\u00e9mia (tantermi el\u0151ad\u00e1sok)<\/li>\n<li class=\"hiddenContentp\">Alkalmazott \u00e9lettan \u00e9s k\u00f3r\u00e9lettan tant\u00e1rgyfelel\u0151si munkak\u00f6r<\/li>\n<li class=\"hiddenContentp\">Alkalmazott \u00e9lettan \u00e9s k\u00f3r\u00e9lettan (tantermi el\u0151ad\u00e1sok, gyakorlatok)<\/li>\n<li class=\"hiddenContentp\">Fejezetek a v\u00e9n\u00e1s kering\u00e9s \u00e9s hemodinamika t\u00e1rgyk\u00f6rb\u0151l (v\u00e1laszthat\u00f3 kurzus, tantermi el\u0151ad\u00e1sok)<\/li>\n<li class=\"hiddenContentp\">TDK t\u00e9mavezet\u0151i tev\u00e9kenys\u00e9g, diplomamunk\u00e1k \u00e9s rektori p\u00e1lyamunk\u00e1k k\u00e9sz\u00edt\u00e9s\u00e9nek ir\u00e1ny\u00edt\u00e1sa<\/li>\n<li class=\"hiddenContentp\">Mentori feladatok ell\u00e1t\u00e1sa<\/li>\n<li class=\"hiddenContentp\">Idegen nyelven foly\u00f3 k\u00e9pz\u00e9s szakmai koordin\u00e1l\u00e1sa<\/li>\n<li class=\"hiddenContentp\">A Luganoi Egyetem t\u00e1rskar\u00e1n foly\u00f3 alapoz\u00f3 t\u00e1rgyakkal kapcsolatos feladatok koordin\u00e1l\u00e1sa<\/li>\n<\/ul>\n<p>&nbsp;<\/p>\n<\/div>\n<\/div>\n<p><strong>Tudom\u00e1nyos \u00e9s egy\u00e9b szervezeti- \u00e9s szerkeszt\u0151bizotts\u00e1gi tags\u00e1gok:<\/strong><\/p>\n<ul>\n<li>1991- Magyar \u00c9lettani T\u00e1rsas\u00e1g<\/li>\n<li>2000- A Magyar Tudom\u00e1nyos Akad\u00e9mia Molekul\u00e1ris Biol\u00f3giai, Genetikai \u00e9s Sejtbiol\u00f3giai Tudom\u00e1nyos Bizotts\u00e1g, k\u00f6ztest\u00fcleti tag<\/li>\n<li>2005- Magyar Mikrocirkul\u00e1ci\u00f3s \u00e9s Vaszkul\u00e1ris Biol\u00f3giai T\u00e1rsas\u00e1g<\/li>\n<li>1999-2011 Assistant Editor, Acta Physiologica Hungarica<\/li>\n<li>2012- Associate Managing Editor, Acta Physiologica Hungarica (2016-t\u00f3l Physiology International)<\/li>\n<li>2013- SE-ETK Kari Tan\u00e1cs, tag<\/li>\n<li>2013- SE-ETK Szoci\u00e1lis \u00e9s Es\u00e9lyegyenl\u0151s\u00e9gi Bizotts\u00e1g, eln\u00f6k<\/li>\n<li>2013- SE-ETK Tehets\u00e9gtan\u00e1cs, tag<\/li>\n<li>2014 SE Lak\u00e1sc\u00e9l\u00fa Munk\u00e1ltat\u00f3i K\u00f6lcs\u00f6nig\u00e9nyeket Elb\u00edr\u00e1l\u00f3 Bizotts\u00e1g, tag<\/li>\n<li>2015- SE Tudom\u00e1nyos Di\u00e1kk\u00f6ri Tan\u00e1cs, tag<\/li>\n<li>2015 \u00d6nk\u00f6lts\u00e9g-sz\u00e1m\u00edt\u00e1s project ETK munkacsoport, tag 2015- SE Fel\u00fclb\u00edr\u00e1lati Bizotts\u00e1g, tag<\/li>\n<li>2016- SE Egyetemi Tudom\u00e1nyos Tan\u00e1cs ETK k\u00e9pvisel\u0151je<\/li>\n<\/ul>\n<p><strong>GYES\/GYED id\u0151szakok 3 gyermekkel:<\/strong><\/p>\n<ul>\n<li>2000-2002 k\u00f6z\u00f6tt<\/li>\n<li>2005-2008 k\u00f6z\u00f6tt<\/li>\n<\/ul>\n<p><strong>A k\u00f6zlem\u00e9nyek teljes hiteles list\u00e1ja a Magyar Tudom\u00e1nyos M\u0171vek T\u00e1r\u00e1ban:<\/strong><\/p>\n<p><a href=\"http:\/\/vm.mtmt.hu\/\/search\/slist.php?lang=0&amp;AuthorID=10010428\">Lista megtekint\u00e9se<\/a><\/p>\n","protected":false},"excerpt":{"rendered":"<p>Bedn\u00e1rikn\u00e9 Dr. D\u00f6rnyei Gabriella D\u00e9k\u00e1n El\u00e9rhet\u0151s\u00e9g E-mail: <a href=\"mailto:etk.dekan@semmelweis.hu\">etk.dekan@semmelweis.hu<\/a> Tanulm\u00e1nyok: 1985-1988 Budapesti M\u0171szaki Egyetem, Vegy\u00e9szm\u00e9rn\u00f6ki Kar, Szerves \u00e9s Biol\u00f3giai Vegyipari Szak, Budapest, vegy\u00e9sz \u00fczemm\u00e9rn\u00f6k 1988-1990 Budapesti M\u0171szaki Egyetem, Vegy\u00e9szm\u00e9rn\u00f6ki Kar, Biol\u00f3gusm\u00e9rn\u00f6k Szak, Budapest, okleveles biol\u00f3gusm\u00e9rn\u00f6k Tudom\u00e1nyos fokozat: 2000 A biol\u00f3giai tudom\u00e1ny kandid\u00e1tusa (PhD) A disszert\u00e1ci\u00f3 c\u00edme: V\u00e9n\u00e1k \u00e9s venul\u00e1k t\u00f3nus\u00e1nak intrinzik szab\u00e1lyoz\u00f3 mechanizmusai \u2013 az endothelium szerepe &hellip;<\/p>\n","protected":false},"author":101729,"featured_media":0,"parent":110,"menu_order":1,"comment_status":"closed","ping_status":"closed","template":"","meta":{"_acf_changed":false,"footnotes":""},"categories":[],"tags":[],"class_list":["post-945","page","type-page","status-publish","hentry"],"acf":[],"_links":{"self":[{"href":"https:\/\/semmelweis.hu\/etk\/wp-json\/wp\/v2\/pages\/945","targetHints":{"allow":["GET"]}}],"collection":[{"href":"https:\/\/semmelweis.hu\/etk\/wp-json\/wp\/v2\/pages"}],"about":[{"href":"https:\/\/semmelweis.hu\/etk\/wp-json\/wp\/v2\/types\/page"}],"author":[{"embeddable":true,"href":"https:\/\/semmelweis.hu\/etk\/wp-json\/wp\/v2\/users\/101729"}],"replies":[{"embeddable":true,"href":"https:\/\/semmelweis.hu\/etk\/wp-json\/wp\/v2\/comments?post=945"}],"version-history":[{"count":10,"href":"https:\/\/semmelweis.hu\/etk\/wp-json\/wp\/v2\/pages\/945\/revisions"}],"predecessor-version":[{"id":13188,"href":"https:\/\/semmelweis.hu\/etk\/wp-json\/wp\/v2\/pages\/945\/revisions\/13188"}],"up":[{"embeddable":true,"href":"https:\/\/semmelweis.hu\/etk\/wp-json\/wp\/v2\/pages\/110"}],"wp:attachment":[{"href":"https:\/\/semmelweis.hu\/etk\/wp-json\/wp\/v2\/media?parent=945"}],"wp:term":[{"taxonomy":"category","embeddable":true,"href":"https:\/\/semmelweis.hu\/etk\/wp-json\/wp\/v2\/categories?post=945"},{"taxonomy":"post_tag","embeddable":true,"href":"https:\/\/semmelweis.hu\/etk\/wp-json\/wp\/v2\/tags?post=945"}],"curies":[{"name":"wp","href":"https:\/\/api.w.org\/{rel}","templated":true}]}}

Dékán

<h2>Bednárikné Dr. Dörnyei Gabriella</h2>
<p><strong>Dékán<img loading="lazy" decoding="async" class="wp-image-13186 size-full alignright" src="https://semmelweis.hu/etk/files/2023/08/0-1.jpeg" alt="" width="212" height="300" /></strong></p>
<p><strong>Elérhetőség</strong><br />
E-mail: <a href="mailto:etk.dekan@semmelweis.hu">etk.dekan@semmelweis.hu</a></p>
<p><strong>Tanulmányok:<br />
</strong></p>
<ul>
<li>1985-1988 Budapesti Műszaki Egyetem, Vegyészmérnöki Kar, Szerves és Biológiai Vegyipari Szak, Budapest, vegyész üzemmérnök</li>
<li>1988-1990 Budapesti Műszaki Egyetem, Vegyészmérnöki Kar, Biológusmérnök Szak, Budapest, okleveles biológusmérnök</li>
</ul>
<p><strong>Tudományos fokozat:</strong></p>
<ul>
<li>2000 A biológiai tudomány kandidátusa (PhD) A disszertáció címe: Vénák és venulák tónusának intrinzik szabályozó mechanizmusai – az endothelium szerepe</li>
</ul>
<p><strong>Nyelvvizsga:</strong></p>
<p>1997. Angol középfokú (“C” típusú) nyelvvizsga</p>
<p><strong>Munkahelyek:</strong></p>
<ul>
<li>1990-1996A Magyar Tudományos Akadémia tudományos továbbképzési ösztöndíjasaként (Tudományos Minősítő Bizottság (II. Biológiai Szakosztály)): SOTE, ÁOK, Klinikai Kísérleti Kutató &#8211; II. Élettani Intézet, Budapest, Üllői út 78/a.</li>
<li>1996-2008 Tudományos munkatárs, Semmelweis Egyetem, ÁOK, Klinikai Kísérleti Kutató- és Humán Élettani Intézet, Budapest, 1082 Üllői u. 78/a.</li>
<li>2008-2009 Főiskolai adjunktus, Semmelweis Egyetem, ETK, Morfológiai és Fiziológiai Intézet, Budapest, 1088 Vas u. 17.</li>
<li>2009-2012 Főiskolai docens, Semmelweis Egyetem, ETK, Morfológiai és Fiziológiai Tanszék, Budapest, 1088 Vas u. 17.</li>
<li>2012- Főiskolai tanár, Semmelweis Egyetem, ETK, Morfológiai és Fiziológiai Tanszék, Budapest, 1088 Vas u. 17.</li>
<li>2013- Tanszékvezető, Semmelweis Egyetem, ETK, Morfológiai és Fiziológiai Tanszék, Budapest, 1088 Vas u. 17.</li>
<li>2016- Tudományos dékánhelyettes, Semmelweis Egyetem, ETK, Budapest, 1088 Vas u. 17.</li>
</ul>
<p><strong>Külföldi tanulmányutak:</strong></p>
<ul>
<li>1992 Department of Physiology, University of Birmingham, Birmingham B15 2TT, UK</li>
<li>1993-1997 New York Medical College, Department of Physiology, Valhalla, New York 10595, USA</li>
</ul>
<div class="exp-col-content-holder"><a class="expand-cnt-link" href="#">Oktatási tevékenység</a></p>
<div class="hidden-content">
<ul style="list-style-type: disc">
<li class="hiddenContentp">Orvosi élettan magyar- és angol nyelven (gyakorlatok, konzultációk)</li>
<li class="hiddenContentp">Klinikai kardiovaszkuláris fiziológia választható fakultációs kurzusvezetés (tantermi előadás)</li>
<li class="hiddenContentp">Alkalmazott kémia tantárgyfelelősi munkakör</li>
<li class="hiddenContentp">Alkalmazott kémia (tantermi előadások)</li>
<li class="hiddenContentp">Alkalmazott élettan és kórélettan tantárgyfelelősi munkakör</li>
<li class="hiddenContentp">Alkalmazott élettan és kórélettan (tantermi előadások, gyakorlatok)</li>
<li class="hiddenContentp">Fejezetek a vénás keringés és hemodinamika tárgykörből (választható kurzus, tantermi előadások)</li>
<li class="hiddenContentp">TDK témavezetői tevékenység, diplomamunkák és rektori pályamunkák készítésének irányítása</li>
<li class="hiddenContentp">Mentori feladatok ellátása</li>
<li class="hiddenContentp">Idegen nyelven folyó képzés szakmai koordinálása</li>
<li class="hiddenContentp">A Luganoi Egyetem társkarán folyó alapozó tárgyakkal kapcsolatos feladatok koordinálása</li>
</ul>
<p>&nbsp;</p>
</div>
</div>
<p><strong>Tudományos és egyéb szervezeti- és szerkesztőbizottsági tagságok:</strong></p>
<ul>
<li>1991- Magyar Élettani Társaság</li>
<li>2000- A Magyar Tudományos Akadémia Molekuláris Biológiai, Genetikai és Sejtbiológiai Tudományos Bizottság, köztestületi tag</li>
<li>2005- Magyar Mikrocirkulációs és Vaszkuláris Biológiai Társaság</li>
<li>1999-2011 Assistant Editor, Acta Physiologica Hungarica</li>
<li>2012- Associate Managing Editor, Acta Physiologica Hungarica (2016-tól Physiology International)</li>
<li>2013- SE-ETK Kari Tanács, tag</li>
<li>2013- SE-ETK Szociális és Esélyegyenlőségi Bizottság, elnök</li>
<li>2013- SE-ETK Tehetségtanács, tag</li>
<li>2014 SE Lakáscélú Munkáltatói Kölcsönigényeket Elbíráló Bizottság, tag</li>
<li>2015- SE Tudományos Diákköri Tanács, tag</li>
<li>2015 Önköltség-számítás project ETK munkacsoport, tag 2015- SE Felülbírálati Bizottság, tag</li>
<li>2016- SE Egyetemi Tudományos Tanács ETK képviselője</li>
</ul>
<p><strong>GYES/GYED időszakok 3 gyermekkel:</strong></p>
<ul>
<li>2000-2002 között</li>
<li>2005-2008 között</li>
</ul>
<p><strong>A közlemények teljes hiteles listája a Magyar Tudományos Művek Tárában:</strong></p>
<p><a href="http://vm.mtmt.hu//search/slist.php?lang=0&amp;AuthorID=10010428">Lista megtekintése</a></p>

<p>Bednárikné Dr. Dörnyei Gabriella Dékán Elérhetőség E-mail: <a href="mailto:etk.dekan@semmelweis.hu">etk.dekan@semmelweis.hu</a> Tanulmányok: 1985-1988 Budapesti Műszaki Egyetem, Vegyészmérnöki Kar, Szerves és Biológiai Vegyipari Szak, Budapest, vegyész üzemmérnök 1988-1990 Budapesti Műszaki Egyetem, Vegyészmérnöki Kar, Biológusmérnök Szak, Budapest, okleveles biológusmérnök Tudományos fokozat: 2000 A biológiai tudomány kandidátusa (PhD) A disszertáció címe: Vénák és venulák tónusának intrinzik szabályozó mechanizmusai – az endothelium szerepe &hellip;</p>
