{"id":9286,"date":"2022-01-31T11:32:56","date_gmt":"2022-01-31T10:32:56","guid":{"rendered":"https:\/\/semmelweis.hu\/etk\/?page_id=9286"},"modified":"2026-02-06T11:05:59","modified_gmt":"2026-02-06T10:05:59","slug":"egeszsegtamogatasi-modszertani-tanszek","status":"publish","type":"page","link":"https:\/\/semmelweis.hu\/etk\/tanszekek\/egeszsegtamogatasi-modszertani-tanszek\/","title":{"rendered":"Eg\u00e9szs\u00e9gt\u00e1mogat\u00e1si M\u00f3dszertani Tansz\u00e9k"},"content":{"rendered":"<div class=\"responsive-tabs\">\n<h2 class=\"tabtitle\">Bemutat\u00e1s<\/h2>\n<div class=\"tabcontent\">\n\n<h2>Eg\u00e9szs\u00e9gt\u00e1mogat\u00e1si M\u00f3dszertani Tansz\u00e9k<\/h2>\n<div class=\"keretes\">\n<p><strong>El\u00e9rhet\u0151s\u00e9gek:<br \/>\n<\/strong>Tel.: +36 1 486 5960<br \/>\nEmail: <a href=\"mailto:etk.egeszsegtam@semmelweis.hu\">etk.egeszsegtam@semmelweis.hu<\/a><br \/>\nIroda: 348<\/p>\n<\/div>\n<h6><strong>Az Eg\u00e9szs\u00e9gt\u00e1mogat\u00e1si M\u00f3dszertani Tansz\u00e9k feladata<\/strong><\/h6>\n<p style=\"text-align: justify\">Az elektronikus eszk\u00f6z\u00f6k\u00f6n egyre sz\u00e9lesebb k\u00f6rben alkalmazott eg\u00e9szs\u00e9ges \u00e9letm\u00f3d \u00e9s eg\u00e9szs\u00e9g\u00fcgyi d\u00f6nt\u00e9st\u00e1mogat\u00f3 megold\u00e1sok fels\u0151oktat\u00e1si k\u00e9pviselete oktat\u00e1si, kutat\u00e1si, tud\u00e1s- \u00e9s szolg\u00e1ltat\u00f3k\u00f6zpontk\u00e9nt, amely ebben a form\u00e1ban \u00e9lenj\u00e1r\u00f3 a vil\u00e1gon.<\/p>\n<h6 style=\"text-align: justify\"><strong>Oktat\u00e1si \u00e9s szakmai profilok<\/strong><\/h6>\n<p style=\"text-align: justify\">Szakter\u00fcletei fel\u00f6lelik a digit\u00e1lis eg\u00e9szs\u00e9g, az eg\u00e9szs\u00e9g\u00fcgyi informatika, a folyamatelv\u0171 \u00e9s \u00e9rt\u00e9kalap\u00fa eg\u00e9szs\u00e9g\u00fcgy, valamint a val\u00f3s \u00e9letb\u0151l nyert bizony\u00edt\u00e9kokra alapozott eg\u00e9szs\u00e9g\u00fcgy \u00e9s eg\u00e9szs\u00e9gt\u00e1mogat\u00e1s alapismereteit, kiemelten foglalkozik az eg\u00e9szs\u00e9gviselked\u00e9shez igazod\u00f3 eg\u00e9szs\u00e9gt\u00e1mogat\u00e1ssal, a p\u00e1cienst\u00e1mogat\u00e1s, eg\u00e9szs\u00e9gtervez\u00e9s, eg\u00e9szs\u00e9gkommunik\u00e1ci\u00f3 \u00e9s eg\u00e9szs\u00e9g-egy\u00fcttalkot\u00e1s folyamataival, a haszn\u00e1l\u00f3i \u00e9lm\u00e9nnyel \u00e9s eg\u00e9szs\u00e9g\u00e9lm\u00e9nnyel, az ember-g\u00e9p egy\u00fcttm\u0171k\u00f6d\u00e9ssel \u00e9s az ehhez igazod\u00f3 szolg\u00e1ltat\u00e1stervez\u00e9ssel, munkak\u00f6r-fejleszt\u00e9ssel, valamint eszk\u00f6z designnal.<br \/>\nAz oktat\u00e1sban els\u0151sorban a Kar k\u00e9pz\u00e9seihez igazodik, emellett szerepet kap a t\u00f6bbi karon zajl\u00f3 k\u00e9pz\u00e9sben. K\u00e9pz\u00e9si anyagait hozz\u00e1f\u00e9rhet\u0151v\u00e9 teszi m\u00e1s hazai int\u00e9zm\u00e9nyek orvosi \u00e9s eg\u00e9szs\u00e9gtudom\u00e1nyi k\u00e9pz\u00e9sei sz\u00e1m\u00e1ra.<br \/>\nKutat\u00e1si tev\u00e9kenys\u00e9g\u00e9nek k\u00f6z\u00e9ppontj\u00e1ban az eg\u00e9szs\u00e9gt\u00e1mogat\u00e1st szolg\u00e1l\u00f3 megold\u00e1sok \u00e9s a technol\u00f3gia fejl\u0151d\u00e9s\u00e9vel megjelen\u0151 ember-g\u00e9p egy\u00fcttm\u0171k\u00f6d\u00e9s ter\u00fcletei \u00e1llnak, annak szervez\u00e9si, elemz\u00e9si \u00e9s \u00e9rt\u00e9kel\u00e9si, viselked\u00e9si, t\u00e1rsadalmi, tervez\u00e9si \u00e9s design szakter\u00fcleteivel.<br \/>\nTud\u00e1smegoszt\u00e1si tev\u00e9kenys\u00e9g\u00e9vel akt\u00edv szerepet v\u00e1llal az emberk\u00f6zpont\u00fa eg\u00e9szs\u00e9g\u00fcgy ismereteinek terjeszt\u00e9s\u00e9ben, mind a t\u00f6bbi tudom\u00e1ny\u00e1g, mind a lakoss\u00e1g fel\u00e9.<br \/>\nAz Egyetem \u00e1ltal a lakoss\u00e1g sz\u00e1m\u00e1ra hasznos\u00edthat\u00f3 eg\u00e9szs\u00e9gt\u00e1mogat\u00f3 alkalmaz\u00e1sokat dolgoz ki sz\u00e9les k\u00f6r\u0171 egy\u00fcttm\u0171k\u00f6d\u00e9sekkel.<\/p>\n\n<\/div><h2 class=\"tabtitle\">Munkat\u00e1rsak<\/h2>\n<div class=\"tabcontent\">\n\n<p><a href=\"https:\/\/semmelweis.hu\/etk\/files\/2025\/03\/Lantos_Zoltan_HU_CV.pdf\">Dr. Lantos Zolt\u00e1n Tibor<\/a><\/p>\n<p style=\"padding-left: 40px\"><em>egyetemi docens, tansz\u00e9kvezet\u0151<\/em><\/p>\n<p><a href=\"https:\/\/semmelweis.hu\/etk\/files\/2025\/04\/Bretz_Karoly_HU_CV.pdf\">Dr. Bretz K\u00e1roly J\u00e1nos<\/a><\/p>\n<p style=\"padding-left: 40px\"><em>adjunktus<\/em><\/p>\n<p><a href=\"https:\/\/semmelweis.hu\/etk\/files\/2025\/03\/Koscso_Imre_Attila_HU_CV.pdf\">Koscs\u00f3 Imre Attila<\/a><\/p>\n<p style=\"padding-left: 40px\"><em>tan\u00e1rseg\u00e9d<\/em><\/p>\n<p>Papp J\u00f3zsef P\u00e9ter<\/p>\n<p style=\"padding-left: 40px\"><em>tan\u00e1rseg\u00e9d<\/em><\/p>\n<p>Papp Zolt\u00e1n<\/p>\n<p style=\"padding-left: 40px\"><em>tan\u00e1rseg\u00e9d<\/em><\/p>\n\r\n<div id=\"telefonkonyv\">\r\n  <div class=\"tel-results col-12 px-0\">\r\n      <p class=\"desc mb-1\"><span>Ha hib\u00e1s, vagy hi\u00e1nyz\u00f3 adatot tal\u00e1l, k\u00e9rj\u00fck jelezze szervezeti egys\u00e9g\u00fcnk titk\u00e1rs\u00e1g\u00e1n.<\/span><\/p>\r\n      <p class=\"desc\"><em>A telefonk\u00f6nyvben tal\u00e1lhat\u00f3 adatok nem haszn\u00e1lhat\u00f3k fel az 1995. \u00e9vi CXIX. t\u00f6rv\u00e9ny szerinti kutat\u00e1s \u00e9s k\u00f6zvetlen \u00fczletszerz\u00e9s c\u00e9lj\u00e1ra.<\/em><\/p>\r\n                <div class=\"row mx-0 mt-3 mb-3 subunit-line text-uppercase font-weight-bold \r\n                    status-SZE\">\r\n                    <div class=\"col col-12 col-md-10 pl-2 pr-0\">\r\n                        <span>Eg\u00e9szs\u00e9gt\u00e1mogat\u00e1si M\u00f3dszertani Tansz\u00e9k<\/span>\r\n                    <\/div>\r\n                <\/div> \r\n          <div class=\"row mx-0 py-2 result-line emp-leader\">\r\n            <div class=\"col col-12 px-0 \"><div class=\"row mx-0 pr-2 result-line-content align-items-center\">\r\n                        <div class=\"col-12 col-md-6 px-0 \">\r\n                            <a class=\"emp-name\" href=\"https:\/\/semmelweis.hu\/telefonkonyv?emp_id=18961\">Dr. Lantos Zolt\u00e1n Tibor <\/a>\r\n                            <br \/><span class=\"emp-phone\">egyetemi docens, tansz\u00e9kvezet\u0151<\/span><\/div>\r\n                        <div class=\"col-12 col-md-6 px-0\"><span class=\"emp-email\"><i class=\"fa fa-envelope-o\" aria-hidden=\"true\"><\/i>lantos.zoltan<i class=\"fa fa-at m-0 text-body\"><\/i>semmelweis.hu<\/span>\r\n                        <\/div>\r\n                    <\/div>\r\n                \r\n            <\/div>\r\n\r\n                <div class=\"col-12 col-md-6 px-0 d-none\"><span class=\"emp-email\"><i class=\"fa fa-envelope-o\" aria-hidden=\"true\"><\/i>lantos.zoltan<i class=\"fa fa-at m-0 text-body\"><\/i>semmelweis.hu<\/span>\r\n                <\/div>\r\n\r\n\r\n        <\/div>\r\n          <div class=\"row mx-0 py-2 result-line \">\r\n            <div class=\"col col-12 px-0 \"><div class=\"row mx-0 pr-2 result-line-content align-items-center\">\r\n                        <div class=\"col-12 col-md-6 px-0 \">\r\n                            <a class=\"emp-name\" href=\"https:\/\/semmelweis.hu\/telefonkonyv?emp_id=20881\">Dr. Bretz K\u00e1roly J\u00e1nos <\/a>\r\n                            <br \/><span class=\"emp-phone\">adjunktus<\/span><\/div>\r\n                        <div class=\"col-12 col-md-6 px-0\"><span class=\"emp-phone\"><i class=\"fa fa-phone\" aria-hidden=\"true\"><\/i>48-65963, <\/span><span class=\"emp-email\"><i class=\"fa fa-envelope-o\" aria-hidden=\"true\"><\/i>bretz.karoly.janos<i class=\"fa fa-at m-0 text-body\"><\/i>semmelweis.hu<\/span>\r\n                        <\/div>\r\n                    <\/div>\r\n                \r\n            <\/div>\r\n\r\n                <div class=\"col-12 col-md-6 px-0 d-none\"><span class=\"emp-phone\"><i class=\"fa fa-phone\" aria-hidden=\"true\"><\/i>48-65963, <\/span><span class=\"emp-email\"><i class=\"fa fa-envelope-o\" aria-hidden=\"true\"><\/i>bretz.karoly.janos<i class=\"fa fa-at m-0 text-body\"><\/i>semmelweis.hu<\/span>\r\n                <\/div>\r\n\r\n\r\n        <\/div>\r\n          <div class=\"row mx-0 py-2 result-line \">\r\n            <div class=\"col col-12 px-0 \"><div class=\"row mx-0 pr-2 result-line-content align-items-center\">\r\n                        <div class=\"col-12 col-md-6 px-0 \">\r\n                            <a class=\"emp-name\" href=\"https:\/\/semmelweis.hu\/telefonkonyv?emp_id=20318\"> Koscs\u00f3 Imre Attila <\/a>\r\n                            <br \/><span class=\"emp-phone\">tan\u00e1rseg\u00e9d<\/span><\/div>\r\n                        <div class=\"col-12 col-md-6 px-0\"><span class=\"emp-phone\"><i class=\"fa fa-phone\" aria-hidden=\"true\"><\/i>48-65963, <\/span><span class=\"emp-email\"><i class=\"fa fa-envelope-o\" aria-hidden=\"true\"><\/i>koscso.imre<i class=\"fa fa-at m-0 text-body\"><\/i>semmelweis.hu<\/span>\r\n                        <\/div>\r\n                    <\/div>\r\n                \r\n            <\/div>\r\n\r\n                <div class=\"col-12 col-md-6 px-0 d-none\"><span class=\"emp-phone\"><i class=\"fa fa-phone\" aria-hidden=\"true\"><\/i>48-65963, <\/span><span class=\"emp-email\"><i class=\"fa fa-envelope-o\" aria-hidden=\"true\"><\/i>koscso.imre<i class=\"fa fa-at m-0 text-body\"><\/i>semmelweis.hu<\/span>\r\n                <\/div>\r\n\r\n\r\n        <\/div>\r\n          <div class=\"row mx-0 py-2 result-line \">\r\n            <div class=\"col col-12 px-0 \"><div class=\"row mx-0 pr-2 result-line-content align-items-center\">\r\n                        <div class=\"col-12 col-md-6 px-0 \">\r\n                            <a class=\"emp-name\" href=\"https:\/\/semmelweis.hu\/telefonkonyv?emp_id=20320\"> Papp J\u00f3zsef P\u00e9ter <\/a>\r\n                            <br \/><span class=\"emp-phone\">tan\u00e1rseg\u00e9d<\/span><\/div>\r\n                        <div class=\"col-12 col-md-6 px-0\"><span class=\"emp-phone\"><i class=\"fa fa-phone\" aria-hidden=\"true\"><\/i>48-65963, <\/span><span class=\"emp-email\"><i class=\"fa fa-envelope-o\" aria-hidden=\"true\"><\/i>papp.jozsef<i class=\"fa fa-at m-0 text-body\"><\/i>semmelweis.hu<\/span>\r\n                        <\/div>\r\n                    <\/div>\r\n                \r\n            <\/div>\r\n\r\n                <div class=\"col-12 col-md-6 px-0 d-none\"><span class=\"emp-phone\"><i class=\"fa fa-phone\" aria-hidden=\"true\"><\/i>48-65963, <\/span><span class=\"emp-email\"><i class=\"fa fa-envelope-o\" aria-hidden=\"true\"><\/i>papp.jozsef<i class=\"fa fa-at m-0 text-body\"><\/i>semmelweis.hu<\/span>\r\n                <\/div>\r\n\r\n\r\n        <\/div>\r\n          <div class=\"row mx-0 py-2 result-line \">\r\n            <div class=\"col col-12 px-0 \"><div class=\"row mx-0 pr-2 result-line-content align-items-center\">\r\n                        <div class=\"col-12 col-md-6 px-0 \">\r\n                            <a class=\"emp-name\" href=\"https:\/\/semmelweis.hu\/telefonkonyv?emp_id=20321\"> Papp Zolt\u00e1n <\/a>\r\n                            <br \/><span class=\"emp-phone\">tan\u00e1rseg\u00e9d<\/span><\/div>\r\n                        <div class=\"col-12 col-md-6 px-0\"><span class=\"emp-phone\"><i class=\"fa fa-phone\" aria-hidden=\"true\"><\/i>48-65963, <\/span><span class=\"emp-email\"><i class=\"fa fa-envelope-o\" aria-hidden=\"true\"><\/i>papp.zoltan<i class=\"fa fa-at m-0 text-body\"><\/i>semmelweis.hu<\/span>\r\n                        <\/div>\r\n                    <\/div>\r\n                \r\n            <\/div>\r\n\r\n                <div class=\"col-12 col-md-6 px-0 d-none\"><span class=\"emp-phone\"><i class=\"fa fa-phone\" aria-hidden=\"true\"><\/i>48-65963, <\/span><span class=\"emp-email\"><i class=\"fa fa-envelope-o\" aria-hidden=\"true\"><\/i>papp.zoltan<i class=\"fa fa-at m-0 text-body\"><\/i>semmelweis.hu<\/span>\r\n                <\/div>\r\n\r\n\r\n        <\/div><\/div><\/div>\n\n<\/div><h2 class=\"tabtitle\">Hirdet\u0151t\u00e1bla<\/h2>\n<div class=\"tabcontent\">\n\n<p style=\"text-align: center\"><strong>Oktat\u00f3k konzult\u00e1ci\u00f3s id\u0151pontjai<\/strong><br \/>\n<strong>2025\/2026. tan\u00e9v tavaszi f\u00e9l\u00e9v<br \/>\nszorgalmi id\u0151szak\u00e1ban<\/strong><\/p>\n<p style=\"padding-left: 40px\">\u00a0<\/p>\n<p><strong>Dr. Lantos Zolt\u00e1n<\/strong><\/p>\n<p style=\"padding-left: 40px\">szerda 15:00 -16:30 Vas utcai \u00e9p\u00fclet, szoba: 340<\/p>\n<p><strong>Dr. Bretz K\u00e1roly<\/strong><\/p>\n<p style=\"padding-left: 40px\">h\u00e9tf\u0151 16:45-18:15 Erkel utcai \u00e9p\u00fclet, szoba: 102<\/p>\n<p><strong>Koscs\u00f3 Imre<\/strong><\/p>\n<p style=\"padding-left: 40px\">h\u00e9tf\u0151 15:00 -16:30 Erkel utcai \u00e9p\u00fclet, szoba: 102<\/p>\n<p><strong>Papp J\u00f3zsef<\/strong><\/p>\n<p style=\"padding-left: 40px\">h\u00e9tf\u0151 15:15 \u2013 16:45 Vas utcai \u00e9p\u00fclet, szoba: 340<\/p>\n<p><strong>Papp Zolt\u00e1n<\/strong><\/p>\n<p style=\"padding-left: 40px\">p\u00e9ntek 14:00-15:30 Vas utcai \u00e9p\u00fclet, szoba: 340<\/p>\n<p>&nbsp;<\/p>\n<p><strong>T\u00e1j\u00e9koztat\u00f3 kredit\u00e1tviteli k\u00e9relmekkel kapcsolatban<\/strong><\/p>\n<p style=\"text-align: justify\">A <strong>Bevezet\u00e9s a Digit\u00e1lis Eg\u00e9szs\u00e9g\u00fcgybe<\/strong> tant\u00e1rgyunk tananyaga kifejezetten a digit\u00e1lis eg\u00e9szs\u00e9g\u00fcgy eszk\u00f6zrendszer\u00e9t \u00e9s kulcsm\u00f3dszereit mutatja be \u00e9s seg\u00edti ezek elsaj\u00e1t\u00edt\u00e1s\u00e1t, bele\u00e9rtve a Mesters\u00e9ges Intelligencia alapvet\u0151 eszk\u00f6zt\u00e1r\u00e1t.<br \/>\nEz\u00e9rt a kor\u00e1bbi ETK-s tant\u00e1rgyak (Informatika, Infokommunik\u00e1ci\u00f3 \u00e9s Eg\u00e9szs\u00e9g\u00fcgyi Informatika), illetve m\u00e1s egyetemeken tanult Word-, Excel- \u00e9s Power Point tartalm\u00fa t\u00e1rgyak tananyaga jelent\u0151s m\u00e9rt\u00e9kben elt\u00e9r a mi tant\u00e1rgyunkt\u00f3l. \u00cdgy kredit\u00e1tviteli k\u00e9relmet a tananyagok jelent\u0151s k\u00fcl\u00f6nbs\u00e9ge miatt, a jelenlegi szab\u00e1lyok szerint, nem \u00e1ll m\u00f3dunkban elfogadni.<\/p>\n<p style=\"text-align: justify\"><strong>V\u00e1laszthat\u00f3 tant\u00e1rgy: Ember-g\u00e9p egy\u00fcttm\u0171k\u00f6d\u00e9s alapjai az eg\u00e9szs\u00e9g\u00fcgyben<\/strong><\/p>\n<p style=\"text-align: justify\">A tant\u00e1rgy c\u00e9lja: A fokozatosan megjelen\u0151 \u00faj eg\u00e9szs\u00e9g\u00fcgyi \u201emunkaer\u0151\u201d, a virtu\u00e1lis eg\u00e9szs\u00e9gasszisztens bemutat\u00e1sa eg\u00e9szs\u00e9gt\u00e1mogat\u00f3 szoftver \u00e9s mobil applik\u00e1ci\u00f3 gyakorlati haszn\u00e1lat\u00e1val.<br \/>\nAz oktat\u00e1s sor\u00e1n alkalmazott informatikai platform, amelyhez a tant\u00e1rgy hallgat\u00f3i mobil applik\u00e1ci\u00f3s hozz\u00e1f\u00e9r\u00e9st kapnak saj\u00e1t haszn\u00e1latra:<br \/>\n<a href=\"https:\/\/ehealthss.hu\/Products\/Platforms\/FokuszProgram\">https:\/\/ehealthss.hu\/Products\/Platforms\/FokuszProgram<\/a><\/p>\n<p style=\"text-align: justify\">A tant\u00e1rgy ismereteit \u00f6sszefoglal\u00f3 k\u00f6nyv:<br \/>\nDr. Lantos Zolt\u00e1n: Adatb\u00f3l eg\u00e9szs\u00e9g. \u00dat az eg\u00e9szs\u00e9ges adatkori t\u00e1rsadalomba<br \/>\n<a href=\"https:\/\/orioldbooks.com\/termek\/adatbol-egeszseg\/\">https:\/\/orioldbooks.com\/termek\/adatbol-egeszseg\/<\/a><\/p>\n<p style=\"text-align: justify\">A tant\u00e1rgy szakmai h\u00e1ttere:<br \/>\nAz adat ma m\u00e1r a legfontosabb er\u0151forr\u00e1sunk, amelynek hasznos\u00edt\u00e1s\u00e1val sz\u00e1mos feladat \u00e9s munkafolyamat v\u00e1lik automatiz\u00e1lhat\u00f3v\u00e1. Ezeket t\u00e1mogatj\u00e1k a leg\u00fajabb eur\u00f3pai fejleszt\u00e9sek az egys\u00e9ges adatt\u00e9r kialak\u00edt\u00e1s\u00e1val, a kapcsol\u00f3d\u00f3 hat\u00e1ron \u00e1tny\u00fal\u00f3 technol\u00f3gi\u00e1kkal, adatmegoszt\u00e1sr\u00f3l sz\u00f3l\u00f3 jogalkot\u00e1ssal, a mesters\u00e9ges intelligencia \u00e9s digit\u00e1lis gy\u00f3gyterm\u00e9kek szab\u00e1lyoz\u00e1s\u00e1val, valamint aj\u00e1nl\u00e1saival. A kulcsmomentum a kell\u0151 sz\u00e1m\u00fa adat \u00f6sszegy\u0171jt\u00e9s\u00e9hez sz\u00fcks\u00e9ges egys\u00e9ges eg\u00e9szs\u00e9gadat-t\u00e9r \u00e9s az arra \u00e9p\u00fcl\u0151 szolg\u00e1ltat\u00e1sok.<br \/>\nUgyanakkor az eg\u00e9szs\u00e9g\u00fcgy \u00e9s az eg\u00e9szs\u00e9gt\u00e1mogat\u00e1s az a szolg\u00e1ltat\u00e1si ter\u00fclet, ahol minden szak\u00e9rt\u0151 egyet\u00e9rt abban, hogy az embernek \u00e9s a szem\u00e9lyes kapcsolatnak kulcsszerepe marad m\u00e9g legal\u00e1bb sz\u00e1z \u00e9vig, \u00e9s a robotok, automatiz\u00e1lt informatikai eszk\u00f6z\u00f6k ink\u00e1bb t\u00e1mogat\u00e1st, min\u0151s\u00e9gjav\u00edt\u00e1st biztos\u00edtanak. A m\u00e1r sokszor hivatkozott diagnosztikai pontoss\u00e1g eset\u00e9ben is a tanul\u00f3 algoritmusok az \u00e1tlagos diagnoszt\u00e1kn\u00e1l jobbak, az \u00f6sszehasonl\u00edt\u00f3 vizsg\u00e1latok szerint a legjobban k\u00e9pzett \u00e9s gyakorlott szakemberekn\u00e9l azonban nem, \u00e9s a legjobb eredm\u00e9nyeket a magasan k\u00e9pzett szakemberek \u00e9s a g\u00e9p csapatmunk\u00e1ja \u00e9ri el.<br \/>\nM\u00e1sr\u00e9szt nagyon sok olyan munkafolyamat van, amelyet hat\u00e9konyan el tudnak v\u00e9gezni a g\u00e9pek, valamint sz\u00e1mos olyan eg\u00e9szs\u00e9gt\u00e1mogat\u00f3 folyamat van, amely az eg\u00e9szs\u00e9g\u00fcgyi szakemberek meghosszabb\u00edtott kezek\u00e9nt magas szint\u0171 tud\u00e1startalommal tudj\u00e1k t\u00e1mogatni a p\u00e1cienseket \u00e9s az eg\u00e9szs\u00e9ges embereket.<br \/>\nA mesters\u00e9ges intelligencia alkalmaz\u00e1sokn\u00e1l eur\u00f3pai elv\u00e1r\u00e1s a magyar\u00e1zhat\u00f3 mesters\u00e9ges intelligencia alkalmaz\u00e1sa (XAI \u2013 explainable artificial intelligence), amely mind a d\u00f6nt\u00e9sek nyomon k\u00f6vethet\u0151s\u00e9g\u00e9t, mind az \u00e9rthet\u0151s\u00e9g\u00e9t t\u00e1mogatja. Az \u00e1tl\u00e1that\u00f3s\u00e1got er\u0151s\u00edti az is, hogy az orvostechnikai eszk\u00f6z\u00f6k 2021-ben \u00e9letbe l\u00e9pett eur\u00f3pai szab\u00e1lyoz\u00e1sa szerint enged\u00e9lyeztetni kell valamennyi digit\u00e1lis gy\u00f3gyterm\u00e9ket \u2013 szoftvert, applik\u00e1ci\u00f3t, algoritmust.<br \/>\nMindebb\u0151l az is k\u00f6vetkezik, hogy a virtu\u00e1lis eg\u00e9szs\u00e9gasszisztens olyan eszk\u00f6z, amely j\u00f3l meghat\u00e1rozott, alaposan megtervezett, r\u00e9szletesen kidolgozott, valamint az \u00f6sszetett eg\u00e9szs\u00e9g\u00fcgyi \u00e9s eg\u00e9szs\u00e9gt\u00e1mogat\u00f3 munkafolyamatokba illeszked\u0151 r\u00e9szfolyamatokra fejlesztve lehet biztons\u00e1gos, hat\u00e1sos \u00e9s hat\u00e9kony az ember-g\u00e9p egy\u00fcttm\u0171k\u00f6d\u00e9s r\u00e9szek\u00e9nt.<\/p>\n<\/div><\/div>\n<p>&nbsp;<\/p>\n","protected":false},"excerpt":{"rendered":"<p>Eg\u00e9szs\u00e9gt\u00e1mogat\u00e1si M\u00f3dszertani Tansz\u00e9k El\u00e9rhet\u0151s\u00e9gek: Tel.: +36 1 486 5960 Email: <a href=\"mailto:etk.egeszsegtam@semmelweis.hu\">etk.egeszsegtam@semmelweis.hu<\/a> Iroda: 348 Az Eg\u00e9szs\u00e9gt\u00e1mogat\u00e1si M\u00f3dszertani Tansz\u00e9k feladata Az elektronikus eszk\u00f6z\u00f6k\u00f6n egyre sz\u00e9lesebb k\u00f6rben alkalmazott eg\u00e9szs\u00e9ges \u00e9letm\u00f3d \u00e9s eg\u00e9szs\u00e9g\u00fcgyi d\u00f6nt\u00e9st\u00e1mogat\u00f3 megold\u00e1sok fels\u0151oktat\u00e1si k\u00e9pviselete oktat\u00e1si, kutat\u00e1si, tud\u00e1s- \u00e9s szolg\u00e1ltat\u00f3k\u00f6zpontk\u00e9nt, amely ebben a form\u00e1ban \u00e9lenj\u00e1r\u00f3 a vil\u00e1gon. Oktat\u00e1si \u00e9s szakmai profilok Szakter\u00fcletei fel\u00f6lelik a digit\u00e1lis eg\u00e9szs\u00e9g, az eg\u00e9szs\u00e9g\u00fcgyi &hellip;<\/p>\n","protected":false},"author":101796,"featured_media":0,"parent":59,"menu_order":0,"comment_status":"closed","ping_status":"closed","template":"","meta":{"_acf_changed":false,"footnotes":""},"categories":[],"tags":[],"class_list":["post-9286","page","type-page","status-publish","hentry"],"acf":[],"_links":{"self":[{"href":"https:\/\/semmelweis.hu\/etk\/wp-json\/wp\/v2\/pages\/9286","targetHints":{"allow":["GET"]}}],"collection":[{"href":"https:\/\/semmelweis.hu\/etk\/wp-json\/wp\/v2\/pages"}],"about":[{"href":"https:\/\/semmelweis.hu\/etk\/wp-json\/wp\/v2\/types\/page"}],"author":[{"embeddable":true,"href":"https:\/\/semmelweis.hu\/etk\/wp-json\/wp\/v2\/users\/101796"}],"replies":[{"embeddable":true,"href":"https:\/\/semmelweis.hu\/etk\/wp-json\/wp\/v2\/comments?post=9286"}],"version-history":[{"count":11,"href":"https:\/\/semmelweis.hu\/etk\/wp-json\/wp\/v2\/pages\/9286\/revisions"}],"predecessor-version":[{"id":19508,"href":"https:\/\/semmelweis.hu\/etk\/wp-json\/wp\/v2\/pages\/9286\/revisions\/19508"}],"up":[{"embeddable":true,"href":"https:\/\/semmelweis.hu\/etk\/wp-json\/wp\/v2\/pages\/59"}],"wp:attachment":[{"href":"https:\/\/semmelweis.hu\/etk\/wp-json\/wp\/v2\/media?parent=9286"}],"wp:term":[{"taxonomy":"category","embeddable":true,"href":"https:\/\/semmelweis.hu\/etk\/wp-json\/wp\/v2\/categories?post=9286"},{"taxonomy":"post_tag","embeddable":true,"href":"https:\/\/semmelweis.hu\/etk\/wp-json\/wp\/v2\/tags?post=9286"}],"curies":[{"name":"wp","href":"https:\/\/api.w.org\/{rel}","templated":true}]}}