{"id":8633,"date":"2021-10-28T12:49:37","date_gmt":"2021-10-28T10:49:37","guid":{"rendered":"https:\/\/semmelweis.hu\/etk\/?page_id=8633"},"modified":"2026-04-13T15:58:40","modified_gmt":"2026-04-13T13:58:40","slug":"kituntetesek-dijak","status":"publish","type":"page","link":"https:\/\/semmelweis.hu\/etk\/az-egeszsegtudomanyi-karrol\/kituntetesek-dijak\/","title":{"rendered":"Kit\u00fcntet\u00e9sek, d\u00edjak"},"content":{"rendered":"<h3 style=\"text-align: center\">A Semmelweis Egyetem Eg\u00e9szs\u00e9gtudom\u00e1nyi Kar munkat\u00e1rsai \u00e9s hallgat\u00f3i \u00e1ltal elnyert egyetemi, \u00e1llami \u00e9s egy\u00e9b szakmai kit\u00fcntet\u00e9sek, d\u00edjak (2020 \u00f3ta)<\/h3>\n<h5>D\u00e9k\u00e1ni Dics\u00e9ret<\/h5>\n<ul>\n<li>Dr. J\u00e1ger Edit Andrea (2020)<\/li>\n<li>Dr. Kapit\u00e1ny-F\u00f6v\u00e9ny M\u00e1t\u00e9 Gergely (2020)<\/li>\n<li>Varga Attila (2020)<\/li>\n<li>Dr. Szekeres M\u00e1ria (2020)<\/li>\n<li>Ozsv\u00e1rt Barbara (2020)<\/li>\n<li>G\u00e1csi Erika (2020)<\/li>\n<li>R\u00e9z Kata (2020)<\/li>\n<li>Dr. Bir\u00f3 Lajos (2021)<\/li>\n<li>Dr. Sinka Magdolna (2021)<\/li>\n<li>Orb\u00e1n Zs\u00f3fia (2021)<\/li>\n<li>Dr. Kiss Judit (2021)<\/li>\n<li>T\u00f3th Tibor Tam\u00e1s (2021)<\/li>\n<li>Udvardi Anna (2021)<\/li>\n<li>Dr. Borka P\u00e9ter (2022)<\/li>\n<li>Horv\u00e1th Benedek Bal\u00e1zs (2022)<\/li>\n<li>S\u00fct\u0151 \u00c1gnes (2022)<\/li>\n<li>Ujv\u00e1rin\u00e9 H\u00e1zi Katalin (2022)<\/li>\n<li>Burkus Syntia (2022)<\/li>\n<li>Kocsis Kinga (2022)<\/li>\n<li>Sz\u00f6ll\u0151si Katalin (2022)<\/li>\n<li>Dr. Fogarasi-Grenczer Andrea (2022)<\/li>\n<li>Dr. N\u00e9methn\u00e9 Dr. Gradvohl Edina (2023)<\/li>\n<li>Dr. Moln\u00e1r Szilvia (2023)<\/li>\n<li>Dr. Valasek Tam\u00e1s (2023)<\/li>\n<li>Dr. Kocsis L\u00e1szl\u00f3 Lajos (2023)<\/li>\n<li>Dr. Mayer \u00c1gnes Andrea (2023)<\/li>\n<li>Koscs\u00f3 Imre Attila (2023)<\/li>\n<li>Dr. Sv\u00e9bisn\u00e9 Lov\u00e1sz Barbara Dorottya (2023)<\/li>\n<li>Feket\u00e9n\u00e9 B\u00e1nyai M\u00e1ria (2023)<\/li>\n<li>K\u00e1m\u00e1n \u00c9va M\u00e1ria (2023)<\/li>\n<li>Kiss Rich\u00e1rd (2023)<\/li>\n<li>Sviszt Katalin (2024)<\/li>\n<li>Dr. T\u00f3th T\u00edmea (2024)<\/li>\n<li>V\u00e9kony Blanka (2024)<\/li>\n<li>Dr. Kormos-Tasi Judit PhD (2024)<\/li>\n<li>Csima Zolt\u00e1n (2024)<\/li>\n<li>Sztank\u00f3n\u00e9 Horv\u00e1th Gabriella (2024)<\/li>\n<li>Dr. Sipos Zolt\u00e1n Andorn\u00e9 (2024)<\/li>\n<li>Cs\u00e1sz\u00e1r G\u00e1bor (2024)<\/li>\n<li>R\u00f3zsa-Oltv\u00f6lgyi N\u00f3ra (2024)<\/li>\n<li>Bakosn\u00e9 Kiss Erzs\u00e9bet (2024)<\/li>\n<li>B\u00e1lint M\u00e1ria (2025)<\/li>\n<li>B\u00e1nki Andrea (2025)<\/li>\n<li>Bodn\u00e1r Hajnalka (2025)<\/li>\n<li>K\u00e1d\u00e1r L\u00e1szl\u00f3 Csaba (2025)<\/li>\n<li>Leindler Mil\u00e1n Gerg\u0151 (2025)<\/li>\n<li>Matiscs\u00e1k Attila (2025)<\/li>\n<li>M\u00e9sz\u00e1ros Katalin J\u00f3zsa (2025)<\/li>\n<li>Sz\u00e1deczki Krisztina (2025)<\/li>\n<li>Tampu Ferenc (2025)<\/li>\n<\/ul>\n<h5>Rektori Dics\u00e9ret<\/h5>\n<ul>\n<li>N\u00e9meth Andrea (2020)<\/li>\n<li>Gerencs\u00e9r Zsuzsanna (2020)<\/li>\n<li>Nyergesn\u00e9 Relle \u00c9va (2021)<\/li>\n<li>\u00c1ncs\u00e1n Gizella (2021)<\/li>\n<li>Dr. Gad\u00f3 Kl\u00e1ra (2022)<\/li>\n<li>Dr. Horv\u00e1th M\u00f3nika (2022)<\/li>\n<li>Veresn\u00e9 Dr. B\u00e1lint M\u00e1rta (2022)<\/li>\n<li>Nagy \u00c9va (2023)<\/li>\n<li>Kakuk Marianna (2023)<\/li>\n<li>Berger Virginia (2024)<\/li>\n<li>Friedrichn\u00e9 Nagy Andrea (2025)<\/li>\n<li>Dr. Nagyn\u00e9 Dr. Baji Ildik\u00f3 (2025)<\/li>\n<\/ul>\n<h5>Semmelweis Egyetem Kiv\u00e1l\u00f3 Dolgoz\u00f3ja<\/h5>\n<ul>\n<li>N\u00e1gel J\u00f3zsefn\u00e9 (2020)<\/li>\n<li>Dr. Rajki Veronika (2020)<\/li>\n<li>Babits-Szab\u00f3 \u00c1gnes (2020)<\/li>\n<li>Dr. \u00c1bel T\u00e1tj\u00e1na (2021)<\/li>\n<li>Di\u00f3 Mih\u00e1ly (2023)<\/li>\n<li>Bakics J\u00e1nos (2024)<\/li>\n<\/ul>\n<h5>Semmelweis Egyetem Kiv\u00e1l\u00f3 Oktat\u00f3ja<\/h5>\n<ul>\n<li>Dr. P\u00e1pai Tibor (2020)<\/li>\n<li>Mih\u00e1lyin\u00e9 Hidv\u00e9gi M\u00e1rta (2021)<\/li>\n<li>Csajn\u00f3kn\u00e9 Dr. Csobod \u00c9va (2022)<\/li>\n<li>Dr. F\u00f6ldv\u00e1ri-Nagy L\u00e1szl\u00f3n\u00e9 Dr. Lenti Katalin (2023)<\/li>\n<li>Dr. Feith Helga Judit (2024)<\/li>\n<\/ul>\n<h5>Forg\u00e1cs Iv\u00e1n-d\u00edj<\/h5>\n<ul>\n<li>Dr. Holl\u00f3s S\u00e1ndor (2023)<\/li>\n<li>H\u00f3mann \u00c9va (2023)<\/li>\n<li>Dr. Tringer L\u00e1szl\u00f3n\u00e9 (2024)<\/li>\n<li>N\u00e1gel J\u00f3zsefn\u00e9 (2024)<\/li>\n<li>Dr. T\u00e1trai-N\u00e9meth Katalin (2025)<\/li>\n<li>Nagy-Gy\u00f6rgy Etelka (2025)<\/li>\n<\/ul>\n<h5>Pro Universitate D\u00edj<\/h5>\n<ul>\n<li>Dr. Domj\u00e1n Gyula (2020)<\/li>\n<li>Dr. Vingender Istv\u00e1n (2022)<\/li>\n<\/ul>\n<h5>Pro Universitate \u00c9rdemrend<\/h5>\n<ul>\n<li>Dr. Tomcs\u00e1nyi Istv\u00e1n (2020)<\/li>\n<li>Dr. Darabosn\u00e9 Tim Irma (2020)<\/li>\n<\/ul>\n<h5>Kiv\u00e1l\u00f3 TDK Nevel\u0151<\/h5>\n<ul>\n<li>Dr. Mayer \u00c1gnes (2020)<\/li>\n<\/ul>\n<h5>Hallgat\u00f3i kiv\u00e1l\u00f3s\u00e1gi lista<\/h5>\n<ul>\n<li>2020: \u00c9li\u00e1s Anna (dietetikus)<\/li>\n<li>2021: Verb\u0151czi No\u00e9mi (gy\u00f3gytorn\u00e1sz)<\/li>\n<li>2022: Chrenk\u00f3 M\u00e1t\u00e9 (gy\u00f3gytorn\u00e1sz)<\/li>\n<\/ul>\n<h5>SE ETK Mentorkupa<\/h5>\n<ul>\n<li>Dr. Polg\u00e1r Vera, Dr. D\u00f6rnyei Gabriella, Dr. Feith Helga (2015)<\/li>\n<li>Dr. Hegyesi Hargita (2016)<\/li>\n<li>Dr. Kov\u00e1cs \u00c9va (2017)<\/li>\n<li>Dr. Benedek Csilla (2018)<\/li>\n<li>Dr. Gad\u00f3 Kl\u00e1ra (2019)<\/li>\n<li>Dr. Mayer \u00c1gnes (2020)<\/li>\n<li>Dr. Balogh Zolt\u00e1n (2021)<\/li>\n<li>Dr. Szekeres M\u00e1ria (2022)<\/li>\n<li>Dr. Koller \u00c1kos (2023)<\/li>\n<li>Dr. F\u00f6ldv\u00e1ri-Nagy L\u00e1szl\u00f3 (2024)<\/li>\n<\/ul>\n<h5>Semmelweis H\u0151se kit\u00fcntet\u00e9s<\/h5>\n<ul>\n<li>Szokol Fanni (2025)<\/li>\n<li>L\u00e1szl\u00f3n\u00e9 Romsics Anita (2025)<\/li>\n<li>Kondacs-Kakuk Dina (2025)<\/li>\n<li>Gabona Angelina (2025)<\/li>\n<li>Moln\u00e1r Zs\u00f3fia (2025)<\/li>\n<\/ul>\n<h5>E\u00f6tv\u00f6s D\u00edj<\/h5>\n<ul>\n<li>Dr. T\u00e1trai-N\u00e9meth Katalin (2021)<\/li>\n<\/ul>\n<h5>EMMI Miniszteri Elismer\u0151 Oklev\u00e9l<\/h5>\n<ul>\n<li>Dr. P\u00e1ndics Tam\u00e1s (2020)<\/li>\n<\/ul>\n","protected":false},"excerpt":{"rendered":"<p>A Semmelweis Egyetem Eg\u00e9szs\u00e9gtudom\u00e1nyi Kar munkat\u00e1rsai \u00e9s hallgat\u00f3i \u00e1ltal elnyert egyetemi, \u00e1llami \u00e9s egy\u00e9b szakmai kit\u00fcntet\u00e9sek, d\u00edjak (2020 \u00f3ta) D\u00e9k\u00e1ni Dics\u00e9ret Dr. J\u00e1ger Edit Andrea (2020) Dr. Kapit\u00e1ny-F\u00f6v\u00e9ny M\u00e1t\u00e9 Gergely (2020) Varga Attila (2020) Dr. Szekeres M\u00e1ria (2020) Ozsv\u00e1rt Barbara (2020) G\u00e1csi Erika (2020) R\u00e9z Kata (2020) Dr. Bir\u00f3 Lajos (2021) Dr. Sinka Magdolna (2021) &hellip;<\/p>\n","protected":false},"author":101796,"featured_media":0,"parent":5,"menu_order":8,"comment_status":"closed","ping_status":"closed","template":"","meta":{"_acf_changed":false,"footnotes":""},"categories":[],"tags":[],"class_list":["post-8633","page","type-page","status-publish","hentry"],"acf":[],"_links":{"self":[{"href":"https:\/\/semmelweis.hu\/etk\/wp-json\/wp\/v2\/pages\/8633","targetHints":{"allow":["GET"]}}],"collection":[{"href":"https:\/\/semmelweis.hu\/etk\/wp-json\/wp\/v2\/pages"}],"about":[{"href":"https:\/\/semmelweis.hu\/etk\/wp-json\/wp\/v2\/types\/page"}],"author":[{"embeddable":true,"href":"https:\/\/semmelweis.hu\/etk\/wp-json\/wp\/v2\/users\/101796"}],"replies":[{"embeddable":true,"href":"https:\/\/semmelweis.hu\/etk\/wp-json\/wp\/v2\/comments?post=8633"}],"version-history":[{"count":10,"href":"https:\/\/semmelweis.hu\/etk\/wp-json\/wp\/v2\/pages\/8633\/revisions"}],"predecessor-version":[{"id":19809,"href":"https:\/\/semmelweis.hu\/etk\/wp-json\/wp\/v2\/pages\/8633\/revisions\/19809"}],"up":[{"embeddable":true,"href":"https:\/\/semmelweis.hu\/etk\/wp-json\/wp\/v2\/pages\/5"}],"wp:attachment":[{"href":"https:\/\/semmelweis.hu\/etk\/wp-json\/wp\/v2\/media?parent=8633"}],"wp:term":[{"taxonomy":"category","embeddable":true,"href":"https:\/\/semmelweis.hu\/etk\/wp-json\/wp\/v2\/categories?post=8633"},{"taxonomy":"post_tag","embeddable":true,"href":"https:\/\/semmelweis.hu\/etk\/wp-json\/wp\/v2\/tags?post=8633"}],"curies":[{"name":"wp","href":"https:\/\/api.w.org\/{rel}","templated":true}]}}

Kitüntetések, díjak

<h3 style="text-align: center">A Semmelweis Egyetem Egészségtudományi Kar munkatársai és hallgatói által elnyert egyetemi, állami és egyéb szakmai kitüntetések, díjak (2020 óta)</h3>
<h5>Dékáni Dicséret</h5>
<ul>
<li>Dr. Jáger Edit Andrea (2020)</li>
<li>Dr. Kapitány-Fövény Máté Gergely (2020)</li>
<li>Varga Attila (2020)</li>
<li>Dr. Szekeres Mária (2020)</li>
<li>Ozsvárt Barbara (2020)</li>
<li>Gácsi Erika (2020)</li>
<li>Réz Kata (2020)</li>
<li>Dr. Biró Lajos (2021)</li>
<li>Dr. Sinka Magdolna (2021)</li>
<li>Orbán Zsófia (2021)</li>
<li>Dr. Kiss Judit (2021)</li>
<li>Tóth Tibor Tamás (2021)</li>
<li>Udvardi Anna (2021)</li>
<li>Dr. Borka Péter (2022)</li>
<li>Horváth Benedek Balázs (2022)</li>
<li>Sütő Ágnes (2022)</li>
<li>Ujváriné Házi Katalin (2022)</li>
<li>Burkus Syntia (2022)</li>
<li>Kocsis Kinga (2022)</li>
<li>Szöllősi Katalin (2022)</li>
<li>Dr. Fogarasi-Grenczer Andrea (2022)</li>
<li>Dr. Némethné Dr. Gradvohl Edina (2023)</li>
<li>Dr. Molnár Szilvia (2023)</li>
<li>Dr. Valasek Tamás (2023)</li>
<li>Dr. Kocsis László Lajos (2023)</li>
<li>Dr. Mayer Ágnes Andrea (2023)</li>
<li>Koscsó Imre Attila (2023)</li>
<li>Dr. Svébisné Lovász Barbara Dorottya (2023)</li>
<li>Feketéné Bányai Mária (2023)</li>
<li>Kámán Éva Mária (2023)</li>
<li>Kiss Richárd (2023)</li>
<li>Sviszt Katalin (2024)</li>
<li>Dr. Tóth Tímea (2024)</li>
<li>Vékony Blanka (2024)</li>
<li>Dr. Kormos-Tasi Judit PhD (2024)</li>
<li>Csima Zoltán (2024)</li>
<li>Sztankóné Horváth Gabriella (2024)</li>
<li>Dr. Sipos Zoltán Andorné (2024)</li>
<li>Császár Gábor (2024)</li>
<li>Rózsa-Oltvölgyi Nóra (2024)</li>
<li>Bakosné Kiss Erzsébet (2024)</li>
<li>Bálint Mária (2025)</li>
<li>Bánki Andrea (2025)</li>
<li>Bodnár Hajnalka (2025)</li>
<li>Kádár László Csaba (2025)</li>
<li>Leindler Milán Gergő (2025)</li>
<li>Matiscsák Attila (2025)</li>
<li>Mészáros Katalin Józsa (2025)</li>
<li>Szádeczki Krisztina (2025)</li>
<li>Tampu Ferenc (2025)</li>
</ul>
<h5>Rektori Dicséret</h5>
<ul>
<li>Németh Andrea (2020)</li>
<li>Gerencsér Zsuzsanna (2020)</li>
<li>Nyergesné Relle Éva (2021)</li>
<li>Áncsán Gizella (2021)</li>
<li>Dr. Gadó Klára (2022)</li>
<li>Dr. Horváth Mónika (2022)</li>
<li>Veresné Dr. Bálint Márta (2022)</li>
<li>Nagy Éva (2023)</li>
<li>Kakuk Marianna (2023)</li>
<li>Berger Virginia (2024)</li>
<li>Friedrichné Nagy Andrea (2025)</li>
<li>Dr. Nagyné Dr. Baji Ildikó (2025)</li>
</ul>
<h5>Semmelweis Egyetem Kiváló Dolgozója</h5>
<ul>
<li>Nágel Józsefné (2020)</li>
<li>Dr. Rajki Veronika (2020)</li>
<li>Babits-Szabó Ágnes (2020)</li>
<li>Dr. Ábel Tátjána (2021)</li>
<li>Dió Mihály (2023)</li>
<li>Bakics János (2024)</li>
</ul>
<h5>Semmelweis Egyetem Kiváló Oktatója</h5>
<ul>
<li>Dr. Pápai Tibor (2020)</li>
<li>Mihályiné Hidvégi Márta (2021)</li>
<li>Csajnókné Dr. Csobod Éva (2022)</li>
<li>Dr. Földvári-Nagy Lászlóné Dr. Lenti Katalin (2023)</li>
<li>Dr. Feith Helga Judit (2024)</li>
</ul>
<h5>Forgács Iván-díj</h5>
<ul>
<li>Dr. Hollós Sándor (2023)</li>
<li>Hómann Éva (2023)</li>
<li>Dr. Tringer Lászlóné (2024)</li>
<li>Nágel Józsefné (2024)</li>
<li>Dr. Tátrai-Németh Katalin (2025)</li>
<li>Nagy-György Etelka (2025)</li>
</ul>
<h5>Pro Universitate Díj</h5>
<ul>
<li>Dr. Domján Gyula (2020)</li>
<li>Dr. Vingender István (2022)</li>
</ul>
<h5>Pro Universitate Érdemrend</h5>
<ul>
<li>Dr. Tomcsányi István (2020)</li>
<li>Dr. Darabosné Tim Irma (2020)</li>
</ul>
<h5>Kiváló TDK Nevelő</h5>
<ul>
<li>Dr. Mayer Ágnes (2020)</li>
</ul>
<h5>Hallgatói kiválósági lista</h5>
<ul>
<li>2020: Éliás Anna (dietetikus)</li>
<li>2021: Verbőczi Noémi (gyógytornász)</li>
<li>2022: Chrenkó Máté (gyógytornász)</li>
</ul>
<h5>SE ETK Mentorkupa</h5>
<ul>
<li>Dr. Polgár Vera, Dr. Dörnyei Gabriella, Dr. Feith Helga (2015)</li>
<li>Dr. Hegyesi Hargita (2016)</li>
<li>Dr. Kovács Éva (2017)</li>
<li>Dr. Benedek Csilla (2018)</li>
<li>Dr. Gadó Klára (2019)</li>
<li>Dr. Mayer Ágnes (2020)</li>
<li>Dr. Balogh Zoltán (2021)</li>
<li>Dr. Szekeres Mária (2022)</li>
<li>Dr. Koller Ákos (2023)</li>
<li>Dr. Földvári-Nagy László (2024)</li>
</ul>
<h5>Semmelweis Hőse kitüntetés</h5>
<ul>
<li>Szokol Fanni (2025)</li>
<li>Lászlóné Romsics Anita (2025)</li>
<li>Kondacs-Kakuk Dina (2025)</li>
<li>Gabona Angelina (2025)</li>
<li>Molnár Zsófia (2025)</li>
</ul>
<h5>Eötvös Díj</h5>
<ul>
<li>Dr. Tátrai-Németh Katalin (2021)</li>
</ul>
<h5>EMMI Miniszteri Elismerő Oklevél</h5>
<ul>
<li>Dr. Pándics Tamás (2020)</li>
</ul>

<p>A Semmelweis Egyetem Egészségtudományi Kar munkatársai és hallgatói által elnyert egyetemi, állami és egyéb szakmai kitüntetések, díjak (2020 óta) Dékáni Dicséret Dr. Jáger Edit Andrea (2020) Dr. Kapitány-Fövény Máté Gergely (2020) Varga Attila (2020) Dr. Szekeres Mária (2020) Ozsvárt Barbara (2020) Gácsi Erika (2020) Réz Kata (2020) Dr. Biró Lajos (2021) Dr. Sinka Magdolna (2021) &hellip;</p>
