{"id":8620,"date":"2021-10-28T11:54:18","date_gmt":"2021-10-28T09:54:18","guid":{"rendered":"https:\/\/semmelweis.hu\/etk\/?page_id=8620"},"modified":"2026-01-29T09:42:50","modified_gmt":"2026-01-29T08:42:50","slug":"tudomanyos-diakkor-tdk","status":"publish","type":"page","link":"https:\/\/semmelweis.hu\/etk\/tudomany\/tudomanyos-diakkor-tdk\/","title":{"rendered":"Tudom\u00e1nyos Di\u00e1kk\u00f6r (TDK)"},"content":{"rendered":"<h2 style=\"text-align: justify\">A Tudom\u00e1nyos Di\u00e1kk\u00f6r (TDK)<\/h2>\n<p style=\"text-align: justify\">A TDK, a Karunkon 40 \u00e9ves hagyom\u00e1nnyal rendelkez\u0151 Tudom\u00e1nyos Di\u00e1kk\u00f6r r\u00f6vid\u00edt\u00e9se. A legt\u00f6bb esetben val\u00f3s\u00e1gos \u201ek\u00f6r\u00f6kr\u0151l&#8221; nem besz\u00e9lhet\u00fcnk, ink\u00e1bb jellemz\u0151 az oktatott tananyag rutinszer\u0171 gyakorl\u00e1s\u00e1n t\u00falmutat\u00f3, tudom\u00e1nyos ig\u00e9nyess\u00e9g\u0171, oktat\u00f3 \u00e1ltal vezetett hallgat\u00f3i munka. A kutat\u00e1s t\u00e9m\u00e1j\u00e1t legt\u00f6bbsz\u00f6r az oktat\u00f3 hat\u00e1rozza meg, amit a Tudom\u00e1nyos Di\u00e1kk\u00f6ri Tan\u00e1cs a honlapon k\u00f6zz\u00e9tesz. A javasolt t\u00e9m\u00e1kon t\u00fal, a hallgat\u00f3 maga is kereshet \u00e9rdekes t\u00e9majavaslat\u00e1val t\u00e9mavezet\u0151t, olyan szakembert, aki a t\u00e9ma ismer\u0151je, kutat\u00f3ja, \u00e9s v\u00e1llalja a t\u00e9mavezet\u0151i feladatok ell\u00e1t\u00e1s\u00e1t.<\/p>\n<div class=\"exp-col-content-holder\" style=\"text-align: justify\">\n<p><a class=\"expand-cnt-link\" href=\"#\">TDK konferencia<\/a><\/p>\n<div class=\"hidden-content\">\n<p style=\"text-align: center\"><strong>2025\/26-os tan\u00e9v Tudom\u00e1nyos Di\u00e1kk\u00f6ri Konferencia<\/strong><\/p>\n<p style=\"text-align: justify\">2026. febru\u00e1r 12-14. k\u00f6z\u00f6tt ker\u00fcl megrendez\u00e9se a Semmelweis Egyetem Eg\u00e9szs\u00e9gtudom\u00e1nyi Kar\u00e1n a XLVIII. Tudom\u00e1nyos Di\u00e1kk\u00f6ri Konferencia.<\/p>\n<p>A Konferencia programf\u00fczete <strong><a href=\"https:\/\/semmelweis.hu\/etk\/files\/2026\/01\/ETK_TDK2026_PROGRAMFUZET.pdf\">IDE KATTINTVA<\/a> <\/strong>let\u00f6lthet\u0151 (pdf), <a href=\"https:\/\/flipbooksai.com\/viewer?id=3daa19ce-ef73-4b78-b995-249b10ac0572\"><strong>IDE KATTINTVA<\/strong><\/a> olvashat\u00f3.<\/p>\n<\/div>\n<\/div>\n<div class=\"exp-col-content-holder\" style=\"text-align: justify\">\n<p><a class=\"expand-cnt-link\" href=\"#\">TDK-ba jelentkez\u00e9s<\/a><\/p>\n<div class=\"hidden-content\">\n<p class=\"hiddenContentp\">B\u00e1rki, aki felv\u00e9telt tudott nyerni a Semmelweis Egyetem Eg\u00e9szs\u00e9gtudom\u00e1nyi Kar\u00e1ra, alkalmas arra, hogy a kutasson. Semmi m\u00e1s nem kell hozz\u00e1, csak elhat\u00e1roz\u00e1s, szorgalom \u00e9s kitart\u00e1s a gradu\u00e1lis k\u00e9pz\u00e9sen t\u00fali ismeretszerz\u00e9sre. Senki nem \u00fagy sz\u00fcletik, hogy tud kutatni, a t\u00e9mavezet\u0151 feladata az ir\u00e1nymutat\u00e1s, a \u201eHogyan?\u201d megtan\u00edt\u00e1sa. Ha motiv\u00e1lt, a TDK-ban a helye! A TDK-nak nincs el\u0151felt\u00e9tele, gyeng\u00e9bb tanulm\u00e1nyi eredm\u00e9ny, idegen nyelv alacsonyabb szint\u0171 ismerete nem jelent h\u00e1tr\u00e1nyt. Egy TDK-munk\u00e1t t\u00f6bben is k\u00e9sz\u00edthetnek. T\u00f6bb szerz\u0151, j\u00f3 munkamegoszt\u00e1s eset\u00e9n kisebb energi\u00e1val is k\u00e9sz\u00edthet sz\u00ednvonalas munk\u00e1t, az el\u0151ad\u00e1s is k\u00f6nnyebb lehet, ha nem egyed\u00fcl kell ki\u00e1llni a &#8222;nagyk\u00f6z\u00f6ns\u00e9g&#8221; el\u00e9. A TDK-ba folyamatosan lehet jelentkezni, a honlapon megtal\u00e1lhat\u00f3 \u201eszab\u00e1lyzatok\u201d lapf\u00fcl\u00f6n l\u00e9v\u0151 \u201eTudom\u00e1nyos Di\u00e1kk\u00f6r\u00f6k m\u0171k\u00f6d\u00e9si rendje\u201d pontban let\u00f6lthet\u0151 szab\u00e1lyzat (tov\u00e1bbiakban TDK szab\u00e1lyzat) 3. sz\u00e1m\u00fa mell\u00e9klet\u00e9nek kit\u00f6lt\u00e9s\u00e9vel. A jelentkez\u00e9si lapot al\u00e1 kell \u00edrnia a TDK-t\u00e9mavezet\u0151nek \u00e9s a jelentkez\u0151 hallgat\u00f3nak is. A jelentkez\u00e9si lapokat azon tansz\u00e9k TDK felel\u0151s\u00e9nek kell leadni, amelyik tansz\u00e9ken a TDK munka folyik.<\/p>\n<p class=\"hiddenContentp\">Teh\u00e1t a sz\u00fcks\u00e9ges l\u00e9p\u00e9sek:<\/p>\n<ul>\n<li class=\"hiddenContentp\">TDK t\u00e9ma v\u00e1laszt\u00e1sa<\/li>\n<li class=\"hiddenContentp\">T\u00e9m\u00e1t ki\u00edr\u00f3 TDK-t\u00e9mavezet\u0151 felkeres\u00e9se (saj\u00e1t t\u00e9m\u00e1val t\u00e9mavezet\u0151 keres\u00e9se)<\/li>\n<li class=\"hiddenContentp\">Jelentkez\u00e9si lap kit\u00f6lt\u00e9se, hallgat\u00f3i \u00e9s TDK t\u00e9mavezet\u0151i al\u00e1\u00edr\u00e1sa<\/li>\n<li class=\"hiddenContentp\">Jelentkez\u00e9si lap tansz\u00e9ki TDK-felel\u0151snek t\u00f6rt\u00e9n\u0151 lead\u00e1sa<\/li>\n<li class=\"hiddenContentp\">TDK-t\u00e9mavezet\u0151 felkeres\u00e9se, rendszeres kapcsolattart\u00e1s, k\u00f6z\u00f6s kutat\u00e1s v\u00e9gz\u00e9se<\/li>\n<\/ul>\n<\/div>\n<\/div>\n<div class=\"exp-col-content-holder\" style=\"text-align: justify\">\n<p><a class=\"expand-cnt-link\" href=\"#\">\u201eBevezet\u00e9s az eg\u00e9szs\u00e9gtudom\u00e1nyi kutat\u00e1sokba\u201d szabadon v\u00e1laszthat\u00f3 t\u00e1rgy<\/a><\/p>\n<div class=\"hidden-content\">\n<p class=\"hiddenContentp\">A TDK munk\u00e1t v\u00e9gz\u0151 hallgat\u00f3knak lehet\u0151s\u00e9g\u00fck van felvenni a \u201eBevezet\u00e9s az eg\u00e9szs\u00e9gtudom\u00e1nyi kutat\u00e1sokba\u201d c\u00edm\u0171 szabadon v\u00e1laszthat\u00f3 t\u00e1rgyat 4 alkalommal, 4 f\u00e9l\u00e9ven kereszt\u00fcl, mely\u00e9rt krediteket kap a hallgat\u00f3. A TDK tagja lehet (teh\u00e1t kutat\u00f3 munk\u00e1t v\u00e9gezhet) hallgat\u00f3 an\u00e9lk\u00fcl is, hogy a t\u00e1rgyat felvenn\u00e9, de a t\u00e1rgyat csak regisztr\u00e1lt TDK-s veheti fel. A regisztr\u00e1ci\u00f3 a jelentkez\u00e9si lap lead\u00e1s\u00e1val a fentiek szerint) t\u00f6rt\u00e9nik. A \u201eBevezet\u00e9s az eg\u00e9szs\u00e9gtudom\u00e1nyi kutat\u00e1sokba\u201d c\u00edm\u0171 szabadon v\u00e1laszthat\u00f3 t\u00e1rgyat nem tudja a hallgat\u00f3 a Neptunon kereszt\u00fcl felvenni. Minden f\u00e9l\u00e9v 2. het\u00e9nek v\u00e9g\u00e9ig tud jelentkezni a TDKszab\u00e1lyzat 1. sz\u00e1m\u00fa mell\u00e9klet\u00e9nek kit\u00f6lt\u00e9s\u00e9vel (a hallgat\u00f3i \u00e9s a t\u00e9mavezet\u0151i al\u00e1\u00edr\u00e1sok ne hi\u00e1nyozzanak), \u00e9s tansz\u00e9ki TDK-felel\u0151snek t\u00f6rt\u00e9n\u0151 lead\u00e1ssal. Ezek ut\u00e1n a Tanulm\u00e1nyi Oszt\u00e1ly veszi fel Neptun rendszerbe a tant\u00e1rgyat. A f\u00e9l\u00e9v sor\u00e1n a t\u00e9mavezet\u0151vel egyeztetett \u00fctemben \u00e9s menetrend szerint folyik a TDK munka, \u00f3rarendi kurzust nem kell l\u00e1togatni. A t\u00e1rgy regisztr\u00e1ci\u00f3s lapj\u00e1t a tansz\u00e9ki TDK-felel\u0151s \u0151rzi, \u00e9s f\u00e9l\u00e9v v\u00e9g\u00e9n ezen a lapon ad a t\u00e9mavezet\u0151 al\u00e1\u00edr\u00e1st \u00e9s megaj\u00e1nlott jegyet. A Neptunban a hallgat\u00f3nak el kell fogadnia f\u00e9l\u00e9v v\u00e9g\u00e9n a megaj\u00e1nlott jegyet, erre nagyon kell figyelni. Teh\u00e1t a sz\u00fcks\u00e9ges l\u00e9p\u00e9sek:<\/p>\n<ul>\n<li class=\"hiddenContentp\">1. sz\u00e1m\u00fa mell\u00e9kben tal\u00e1lhat\u00f3 t\u00e1rgyfelv\u00e9teli lap kit\u00f6lt\u00e9se (t\u00e9mavezet\u0151 \u00e9s hallgat\u00f3 is al\u00e1 kell \u00edrja)<\/li>\n<li class=\"hiddenContentp\">tansz\u00e9ki TDK-felel\u0151snek leadni a t\u00e1rgyfelv\u00e9teli lapot minden f\u00e9l\u00e9v 2. het\u00e9nek v\u00e9g\u00e9ig<\/li>\n<li class=\"hiddenContentp\">dolgozni a TDK t\u00e9m\u00e1n a t\u00e9mavezet\u0151vel 4. f\u00e9l\u00e9v v\u00e9g\u00e9n t\u00e9mavezet\u0151 al\u00e1\u00edr\u00e1st \u00e9s megaj\u00e1nlott gyakorlati jegyet ad<\/li>\n<li class=\"hiddenContentp\">megaj\u00e1nlott jegy elfogad\u00e1sa a Neptunban (k\u00fcl\u00f6nben elveszik a jegy)<\/li>\n<\/ul>\n<\/div>\n<\/div>\n<div class=\"exp-col-content-holder\" style=\"text-align: justify\">\n<p><a class=\"expand-cnt-link\" href=\"#\">A TDK munka t\u00e9m\u00e1ja, m\u00e9lys\u00e9ge<\/a><\/p>\n<div class=\"hidden-content\">\n<p class=\"hiddenContentp\">A meghirdetett t\u00e9m\u00e1k k\u00f6r\u00e9re, a vizsg\u00e1latok milyens\u00e9g\u00e9re nincs semmif\u00e9le k\u00f6t\u00f6tt el\u0151\u00edr\u00e1s azon fel\u00fcl, hogy mutasson t\u00fal a gradu\u00e1lis k\u00e9pz\u00e9sben oktatott tananyagon, legyen korszer\u0171 \u00e9s tudom\u00e1nyos ig\u00e9ny\u0171. Az egy\u00e9ni \u00e9rdekl\u0151d\u00e9s, k\u00e9pess\u00e9g, a r\u00e1ford\u00edtott id\u0151 \u00e9s a konzulenssel val\u00f3 \u00f6sszhang hat\u00e1rozza meg, hogy a kutatott t\u00e9ma kidolgoz\u00e1s\u00e1ban milyen messzire jut valaki.<\/p>\n<\/div>\n<\/div>\n<div class=\"exp-col-content-holder\" style=\"text-align: justify\">\n<p><a class=\"expand-cnt-link\" href=\"#\">A TDK munka bemutat\u00e1sa a konferenci\u00e1n<\/a><\/p>\n<div class=\"hidden-content\">\n<p class=\"hiddenContentp\">A TDK munka bemutat\u00e1sa a konferenci\u00e1n A TDK munka eredm\u00e9nyeinek bemutat\u00e1s\u00e1ra a &#8211; minden \u00e9vben tavasszal megrendezett &#8211; TDK Konferenci\u00e1n ny\u00edlik lehet\u0151s\u00e9g. A konferenci\u00e1n val\u00f3 r\u00e9szv\u00e9tel felt\u00e9tele a v\u00e9gzett munk\u00e1t \u00f6sszefoglal\u00f3 absztrakt elk\u00e9sz\u00edt\u00e9se \u00e9s bead\u00e1sa. A konferenci\u00e1n 10 perces el\u0151ad\u00e1st kell tartani. A legsikeresebb ifj\u00fa kutat\u00f3k &#8211; k\u00e9pviselve a Kart \u2013 bemutathatj\u00e1k munk\u00e1jukat a k\u00e9t\u00e9vente megrendez\u00e9sre ker\u00fcl\u0151 Orsz\u00e1gos Tudom\u00e1nyos Di\u00e1kk\u00f6ri Konferenci\u00e1n. Egy szerz\u0151 t\u00f6bb kutat\u00e1ssal is indulhat a konferenci\u00e1ra, amennyiben van energi\u00e1ja ezek megfelel\u0151 elk\u00e9sz\u00edt\u00e9s\u00e9re. Term\u00e9szetesen \u00e9vr\u0151l-\u00e9vre lehet\u0151s\u00e9g van a TDK-n val\u00f3 r\u00e9szv\u00e9telre, ak\u00e1r egy \u00faj t\u00e9m\u00e1val, ak\u00e1r \u00fagy, hogy az el\u0151z\u0151 \u00e9vi t\u00e9m\u00e1t folytatj\u00e1k.<\/p>\n<\/div>\n<\/div>\n<div class=\"exp-col-content-holder\" style=\"text-align: justify\">\n<p><a class=\"expand-cnt-link\" href=\"#\">A TDK munka min\u0151s\u00edt\u00e9se<\/a><\/p>\n<div class=\"hidden-content\">\n<p class=\"hiddenContentp\">Az el\u0151ad\u00e1sokat a kari szervez\u00e9s\u0171 szekci\u00f3kban szakmai zs\u0171ri el\u0151tt kell megtartani. A zs\u0171ri az el\u0151ad\u00e1st pontozza. Az el\u0151ad\u00e1sra adott pontok \u00f6sszege alapj\u00e1n \u00e1llap\u00edtja meg a zs\u0171ri a sorrendet \u00e9s tesz javaslatot a d\u00edjakra.<\/p>\n<p class=\"hiddenContentp\">Az elb\u00edr\u00e1l\u00e1s fontosabb szempontjai:<\/p>\n<ul>\n<li class=\"hiddenContentp\">formai k\u00f6vetelm\u00e9nyek (tagol\u00e1s, \u00e1br\u00e1k-t\u00e1bl\u00e1zatok-jel\u00f6l\u00e9sek, prezent\u00e1ci\u00f3)<\/li>\n<li class=\"hiddenContentp\">szakirodalmi h\u00e1tt\u00e9r<\/li>\n<li class=\"hiddenContentp\">m\u00f3dszertan (adatgy\u0171jt\u00e9s, ki\u00e9rt\u00e9kel\u00e9s m\u00f3dszertana)<\/li>\n<li class=\"hiddenContentp\">eredm\u00e9nyek, k\u00f6vetkeztet\u00e9sek, javaslatok (szakmailag helyt\u00e1ll\u00f3, \u00fajszer\u0171s\u00e9g, k\u00f6z\u00e9rthet\u0151s\u00e9g, helyt\u00e1ll\u00f3 k\u00f6vetkeztet\u00e9sek, javaslatok realit\u00e1sa)<\/li>\n<li class=\"hiddenContentp\">\u00e1ltal\u00e1nos \u00f6sszbenyom\u00e1s (aktualit\u00e1s, helyt\u00e1ll\u00f3s\u00e1g, k\u00f6z\u00e9rthet\u0151s\u00e9g, nyelvezet)<\/li>\n<\/ul>\n<\/div>\n<\/div>\n<div class=\"exp-col-content-holder\" style=\"text-align: justify\">\n<p><a class=\"expand-cnt-link\" href=\"#\">A TDK munka el\u0151nyei<\/a><\/p>\n<div class=\"hidden-content\">\n<p>TDK-nak sz\u00e1mos el\u0151nye van. Az egyetemi &#8211; vagy k\u00fcl\u00f6n\u00f6sen az orsz\u00e1gos &#8211; konferenci\u00e1n el\u00e9rt helyez\u00e9s els\u0151sorban erk\u00f6lcsi sikert jelent, ami seg\u00edti a szakmai \u00f6nbizalom n\u00f6veked\u00e9s\u00e9t is, de nem elhanyagolhat\u00f3k a d\u00edjak sem. A TDK-n r\u00e9sztvev\u0151k t\u00f6bbek k\u00f6z\u00f6tt tapasztalatot szereznek arr\u00f3l, hogy mib\u0151l \u00e1ll egy szakmai jelleg\u0171 tanulm\u00e1ny elk\u00e9sz\u00edt\u00e9se, hogyan lehet azt r\u00f6viden, de megfelel\u0151 alaposs\u00e1ggal bemutatni, milyen k\u00e9rd\u00e9sek mer\u00fclhetnek fel az el\u0151ad\u00e1s kapcs\u00e1n a szakmai zs\u0171riben \u00e9s a hallgat\u00f3s\u00e1gban. Egy j\u00f3 TDK szerepl\u00e9s kedvez\u0151en hat a hallgat\u00f3 \u00e9s a feladatot kiad\u00f3 Int\u00e9zet kapcsolat\u00e1ra, a kialakul\u00f3 bizalmas l\u00e9gk\u00f6r j\u00f3 alapot jelent egy k\u00e9s\u0151bbi magas sz\u00ednvonal\u00fa szakdolgozat elk\u00e9sz\u00edt\u00e9s\u00e9hez, ugyanis a TDK-munka sok esetben a szakdolgozat form\u00e1j\u00e1ban folytat\u00f3dik. A regisztr\u00e1lt TDK-hallgat\u00f3k p\u00e1ly\u00e1zhatnak tudom\u00e1nyos k\u00f6z\u00e9leti \u00f6szt\u00f6nd\u00edjra, melynek havi \u00f6sszege ak\u00e1r 15.000 Ft is lehet. Ugyancsak nem elhanyagolhat\u00f3, hogy a regisztr\u00e1lt TDK-hallgat\u00f3k krediteket gy\u0171jthetnek. Azon t\u00fal, hogy felvehetik a \u201eBevezet\u00e9s az eg\u00e9szs\u00e9gtudom\u00e1nyi kutat\u00e1sba\u201d c\u00edm\u0171 szabadon v\u00e1laszthat\u00f3 kurzust, a legjobbak megh\u00edv\u00e1st kapnak a f\u00e9l\u00e9vente nulladik h\u00e9ten megrendezett, k\u00e9t kreditet \u00e9r\u0151 \u201eKutat\u00f3i attit\u0171dform\u00e1l\u00e1s \u00e9s szakmai kompetenciafejleszt\u00e9s\u201d t\u00e1rgyra, amelyet h\u00e1rom napos kihelyezett tr\u00e9ning form\u00e1j\u00e1ban teljes\u00edthetnek. A tr\u00e9ning keret\u00e9ben kommunik\u00e1ci\u00f3s technik\u00e1kon, prezent\u00e1ci\u00f3- \u00e9s el\u0151ad\u00e1s-technik\u00e1n t\u00fal szem\u00e9lyre szabott, egy\u00e9ni fejleszt\u00e9s keretein bel\u00fcl, k\u00e9szs\u00e9g szintj\u00e9n tudj\u00e1k elsaj\u00e1t\u00edtani a kutat\u00f3 munk\u00e1hoz sz\u00fcks\u00e9ges ismereteket.<\/p>\n<\/div>\n<\/div>\n<p style=\"text-align: justify\"><strong> A 2025\/2026. tan\u00e9vben v\u00e1laszthat\u00f3 TDK t\u00e9m\u00e1k list\u00e1ja<\/strong>\u00a0<a href=\"https:\/\/semmelweis.hu\/etk\/files\/2023\/06\/SE_ETK_TDK-temak_2025_2026.pdf\"><strong>IDE<\/strong><\/a> kattintva \u00e9rhet\u0151 el.<\/p>\n<p style=\"text-align: justify\"><strong>A 2025\/2026. tan\u00e9vben v\u00e1laszthat\u00f3 rektori p\u00e1lyamunka-t\u00e9m\u00e1k<\/strong> <strong>list\u00e1ja<\/strong>\u00a0<a href=\"https:\/\/semmelweis.hu\/etk\/files\/2023\/06\/SE_ETK_Rektori-palyamunka_2025_2026.pdf\"><strong>IDE<\/strong><\/a> kattintva \u00e9rhet\u0151 el.<\/p>\n<p style=\"text-align: justify\">Amennyiben a fentiek felkeltett\u00e9k \u00e9rdekl\u0151d\u00e9s\u00e9t a TDK ir\u00e1nt, k\u00e9rj\u00fck, forduljon bizalommal a szakter\u00fcletileg illet\u00e9kes tansz\u00e9k TDK-felel\u0151s oktat\u00f3j\u00e1hoz! A felmer\u00fcl\u0151 k\u00e9rd\u00e9sekkel kapcsolatban b\u0151vebb felvil\u00e1gos\u00edt\u00e1s\u00e9rt keresse a tansz\u00e9ki TDK felel\u0151st, vagy:<\/p>\n<ul>\n<li style=\"text-align: justify\">Dr. F\u00f6ldv\u00e1ri-Nagy L\u00e1szl\u00f3n\u00e9 Dr. Lenti Katalin (<a href=\"mailto:lenti.katalin@semmelweis.hu\"><span class=\"tel-value\">lenti.katalin@semmelweis.hu<\/span><\/a>) TDT eln\u00f6k\u00f6t<\/li>\n<li style=\"text-align: justify\">Dr. Benedek Csilla (<a href=\"benedek.csilla@semmelweis.hu\"><span class=\"tel-value\">benedek.csilla@semmelweis.hu<\/span><\/a>) TDT titk\u00e1rt!<\/li>\n<\/ul>\n<p style=\"text-align: justify\"><a href=\"https:\/\/semmelweis.hu\/etk\/files\/2023\/06\/tanszeki-tdk-felelosok.pdf\">TDK tansz\u00e9ki felel\u0151s\u00f6k<\/a><\/p>\n<p style=\"text-align: justify\"><a href=\"https:\/\/semmelweis.hu\/etk\/files\/2020\/06\/se-etk_tdt_szmsz_2017-12-04.pdf\">TDK szab\u00e1lyzat<\/a>\u00a0<\/p>\n","protected":false},"excerpt":{"rendered":"<p>A Tudom\u00e1nyos Di\u00e1kk\u00f6r (TDK) A TDK, a Karunkon 40 \u00e9ves hagyom\u00e1nnyal rendelkez\u0151 Tudom\u00e1nyos Di\u00e1kk\u00f6r r\u00f6vid\u00edt\u00e9se. A legt\u00f6bb esetben val\u00f3s\u00e1gos \u201ek\u00f6r\u00f6kr\u0151l&#8221; nem besz\u00e9lhet\u00fcnk, ink\u00e1bb jellemz\u0151 az oktatott tananyag rutinszer\u0171 gyakorl\u00e1s\u00e1n t\u00falmutat\u00f3, tudom\u00e1nyos ig\u00e9nyess\u00e9g\u0171, oktat\u00f3 \u00e1ltal vezetett hallgat\u00f3i munka. A kutat\u00e1s t\u00e9m\u00e1j\u00e1t legt\u00f6bbsz\u00f6r az oktat\u00f3 hat\u00e1rozza meg, amit a Tudom\u00e1nyos Di\u00e1kk\u00f6ri Tan\u00e1cs a honlapon k\u00f6zz\u00e9tesz. A javasolt &hellip;<\/p>\n","protected":false},"author":101796,"featured_media":0,"parent":22,"menu_order":1,"comment_status":"closed","ping_status":"closed","template":"","meta":{"_acf_changed":false,"footnotes":""},"categories":[],"tags":[],"class_list":["post-8620","page","type-page","status-publish","hentry"],"acf":[],"_links":{"self":[{"href":"https:\/\/semmelweis.hu\/etk\/wp-json\/wp\/v2\/pages\/8620","targetHints":{"allow":["GET"]}}],"collection":[{"href":"https:\/\/semmelweis.hu\/etk\/wp-json\/wp\/v2\/pages"}],"about":[{"href":"https:\/\/semmelweis.hu\/etk\/wp-json\/wp\/v2\/types\/page"}],"author":[{"embeddable":true,"href":"https:\/\/semmelweis.hu\/etk\/wp-json\/wp\/v2\/users\/101796"}],"replies":[{"embeddable":true,"href":"https:\/\/semmelweis.hu\/etk\/wp-json\/wp\/v2\/comments?post=8620"}],"version-history":[{"count":10,"href":"https:\/\/semmelweis.hu\/etk\/wp-json\/wp\/v2\/pages\/8620\/revisions"}],"predecessor-version":[{"id":19441,"href":"https:\/\/semmelweis.hu\/etk\/wp-json\/wp\/v2\/pages\/8620\/revisions\/19441"}],"up":[{"embeddable":true,"href":"https:\/\/semmelweis.hu\/etk\/wp-json\/wp\/v2\/pages\/22"}],"wp:attachment":[{"href":"https:\/\/semmelweis.hu\/etk\/wp-json\/wp\/v2\/media?parent=8620"}],"wp:term":[{"taxonomy":"category","embeddable":true,"href":"https:\/\/semmelweis.hu\/etk\/wp-json\/wp\/v2\/categories?post=8620"},{"taxonomy":"post_tag","embeddable":true,"href":"https:\/\/semmelweis.hu\/etk\/wp-json\/wp\/v2\/tags?post=8620"}],"curies":[{"name":"wp","href":"https:\/\/api.w.org\/{rel}","templated":true}]}}