{"id":803,"date":"2020-04-23T10:50:05","date_gmt":"2020-04-23T08:50:05","guid":{"rendered":"http:\/\/semmelweis.hu\/etk\/?page_id=803"},"modified":"2026-01-14T09:56:09","modified_gmt":"2026-01-14T08:56:09","slug":"leaders-of-the-faculty","status":"publish","type":"page","link":"https:\/\/semmelweis.hu\/etk\/en\/about-the-faculty\/leaders-of-the-faculty\/","title":{"rendered":"Leaders of the Faculty"},"content":{"rendered":"<h2><span style=\"font-size: 24pt\">Dean<\/span><\/h2>\n<p><span style=\"font-size: 18pt\"><img loading=\"lazy\" decoding=\"async\" class=\" wp-image-2002 alignleft\" src=\"https:\/\/semmelweis.hu\/etk\/files\/2020\/08\/Dr_Dornyei_Gabriella_hiv_web-281x400.jpg\" alt=\"Dr. D\u00f6rnyei Gabriella\" width=\"295\" height=\"428\" \/><\/span><\/p>\n<h2><span style=\"font-size: 18pt\"><a href=\"https:\/\/semmelweis.hu\/etk\/en\/dean\" target=\"_blank\" rel=\"noopener noreferrer\">Dr. Gabriella D\u00f6rnyei Bedn\u00e1rik<\/a> <\/span><\/h2>\n<p><span style=\"font-size: 18pt\">College Professor<\/span><\/p>\n<p><span style=\"font-size: 18pt\">E-mail: <a href=\"mailto:etk.dekan@semmelweis.hu\">etk.dekan@semmelweis.hu<\/a><\/span><\/p>\n<p>&nbsp;<\/p>\n<h2>\u00a0<\/h2>\n<h2>\u00a0<\/h2>\n<h2>\u00a0<\/h2>\n<h2>\u00a0<\/h2>\n<h2><span style=\"font-size: 24pt\">Deputy General Dean<\/span><\/h2>\n<p><strong><img loading=\"lazy\" decoding=\"async\" class=\"alignleft wp-image-1871\" src=\"https:\/\/semmelweis.hu\/etk\/files\/2020\/07\/Dr_Gado_Klara_web.jpg\" alt=\"\" width=\"273\" height=\"410\" \/><\/strong><\/p>\n<h2><a href=\"https:\/\/semmelweis.hu\/etk\/en\/deputy-general-dean\" target=\"_blank\" rel=\"noopener noreferrer\"><span style=\"font-size: 18pt\">Dr. Kl\u00e1ra Gad\u00f3<\/span><\/a><\/h2>\n<p><span style=\"font-size: 18pt\">College Professor<\/span><\/p>\n<p><span style=\"font-size: 18pt\">E-mail: <a href=\"mailto:gado.klara@semmelweis.hu\">gado.klara@semmelweis.hu<\/a><\/span><\/p>\n<p>&nbsp;<\/p>\n<h2>\u00a0<\/h2>\n<p>&nbsp;<\/p>\n<p>&nbsp;<\/p>\n<h2>\u00a0<\/h2>\n<h2><span style=\"font-size: 24pt\">Vice Dean for Academic Affairs<\/span><\/h2>\n<h2><span style=\"font-size: 18pt\"><img loading=\"lazy\" decoding=\"async\" class=\"alignleft wp-image-1010\" src=\"https:\/\/semmelweis.hu\/etk\/files\/2020\/05\/Vingender_I-334x400.jpg\" alt=\"\" width=\"278\" height=\"333\" srcset=\"https:\/\/semmelweis.hu\/etk\/files\/2020\/05\/Vingender_I-334x400.jpg 334w, https:\/\/semmelweis.hu\/etk\/files\/2020\/05\/Vingender_I.jpg 390w\" sizes=\"auto, (max-width: 278px) 100vw, 278px\" \/><a href=\"https:\/\/semmelweis.hu\/etk\/en\/vice-dean-for-academic-affairs\" target=\"_blank\" rel=\"noopener noreferrer\">Dr. Istv\u00e1n Vingender<\/a><\/span><\/h2>\n<p><span style=\"font-size: 18pt\">College Professor<\/span><\/p>\n<p><span style=\"font-size: 18pt\">E-mail: <a href=\"mailto:vingender.istvan@semmelweis.hu\">vingender.istvan@semmelweis.hu<\/a><\/span><\/p>\n<p>&nbsp;<\/p>\n<h2>\u00a0<\/h2>\n<h2>\u00a0<\/h2>\n<h2 style=\"text-align: left\">\u00a0<\/h2>\n<h2><span style=\"font-size: 24pt\">Vice Dean for Clinical Relations<\/span><\/h2>\n<p><strong><span style=\"font-size: 18pt\"><img loading=\"lazy\" decoding=\"async\" class=\"alignleft wp-image-1872\" src=\"https:\/\/semmelweis.hu\/etk\/files\/2020\/07\/images.jpg\" alt=\"\" width=\"273\" height=\"410\" \/><\/span><\/strong><\/p>\n<h2><a href=\"https:\/\/semmelweis.hu\/etk\/en\/vice-dean-for-clinical-relations\" target=\"_blank\" rel=\"noopener noreferrer\"><span style=\"font-size: 18pt\">Dr. Zolt\u00e1n Balogh<\/span><\/a><\/h2>\n<p><span style=\"font-size: 18pt\">College Professor<\/span><\/p>\n<p><span style=\"font-size: 18pt\">E-mail: <a href=\"mailto:balogh.zoltan@semmelweis.hu\">balogh.zoltan@semmelweis.hu<\/a><\/span><\/p>\n<p>&nbsp;<\/p>\n<p>&nbsp;<\/p>\n<p>&nbsp;<\/p>\n<h2>\u00a0<\/h2>\n<p>&nbsp;<\/p>\n<h2><span style=\"font-size: 24pt\">Vice Dean for Scientific Affairs<\/span><\/h2>\n<p><strong><img loading=\"lazy\" decoding=\"async\" class=\"alignleft  wp-image-19328\" src=\"https:\/\/semmelweis.hu\/etk\/files\/2026\/01\/FNL-scaled.jpg\" alt=\"\" width=\"253\" height=\"423\" \/><\/strong><\/p>\n<h2><a href=\"https:\/\/semmelweis.hu\/etk\/en\/about-the-faculty\/leaders-of-the-faculty\/vice-dean-for-scientific-affairs\/\" target=\"_blank\" rel=\"noopener noreferrer\"><span style=\"font-size: 18pt\">Dr. L\u00e1szl\u00f3 F\u00f6ldv\u00e1ri-Nagy<\/span><\/a><\/h2>\n<p><span style=\"font-size: 18pt\">College Professor<\/span><\/p>\n<p><span style=\"font-size: 18pt\">E-mail: <a href=\"mailto:foldvari-nagy.laszlo@semmelweis.hu\">foldvari-nagy.laszlo@semmelweis.hu<\/a><\/span><\/p>\n<p>&nbsp;<\/p>\n","protected":false},"excerpt":{"rendered":"<p>Dean <a href=\"https:\/\/semmelweis.hu\/etk\/en\/dean\" target=\"_blank\" rel=\"noopener noreferrer\">Dr. Gabriella D\u00f6rnyei Bedn\u00e1rik<\/a> College Professor E-mail: <a href=\"mailto:etk.dekan@semmelweis.hu\">etk.dekan@semmelweis.hu<\/a> &nbsp; \u00a0 \u00a0 \u00a0 \u00a0 Deputy General Dean <a href=\"https:\/\/semmelweis.hu\/etk\/en\/deputy-general-dean\" target=\"_blank\" rel=\"noopener noreferrer\">Dr. Kl\u00e1ra Gad\u00f3<\/a> College Professor E-mail: <a href=\"mailto:gado.klara@semmelweis.hu\">gado.klara@semmelweis.hu<\/a> &nbsp; \u00a0 &nbsp; &nbsp; \u00a0 Vice Dean for Academic Affairs <a href=\"https:\/\/semmelweis.hu\/etk\/en\/vice-dean-for-academic-affairs\" target=\"_blank\" rel=\"noopener noreferrer\">Dr. Istv\u00e1n Vingender<\/a> College Professor E-mail: <a href=\"mailto:vingender.istvan@semmelweis.hu\">vingender.istvan@semmelweis.hu<\/a> &nbsp; \u00a0 \u00a0 \u00a0 Vice Dean for Clinical Relations <a href=\"https:\/\/semmelweis.hu\/etk\/en\/vice-dean-for-clinical-relations\" target=\"_blank\" rel=\"noopener noreferrer\">Dr. Zolt\u00e1n Balogh<\/a> College Professor E-mail: <a href=\"mailto:balogh.zoltan@semmelweis.hu\">balogh.zoltan@semmelweis.hu<\/a> &nbsp; &nbsp; &nbsp; \u00a0 &nbsp; Vice Dean for Scientific Affairs <a href=\"https:\/\/semmelweis.hu\/etk\/en\/about-the-faculty\/leaders-of-the-faculty\/vice-dean-for-scientific-affairs\/\" target=\"_blank\" rel=\"noopener noreferrer\">Dr. L\u00e1szl\u00f3 F\u00f6ldv\u00e1ri-Nagy<\/a> College Professor E-mail: <a href=\"mailto:foldvari-nagy.laszlo@semmelweis.hu\">foldvari-nagy.laszlo@semmelweis.hu<\/a> &hellip;<\/p>\n","protected":false},"author":101733,"featured_media":0,"parent":806,"menu_order":2,"comment_status":"closed","ping_status":"closed","template":"","meta":{"_acf_changed":false,"footnotes":""},"categories":[],"tags":[],"class_list":["post-803","page","type-page","status-publish","hentry"],"acf":[],"_links":{"self":[{"href":"https:\/\/semmelweis.hu\/etk\/wp-json\/wp\/v2\/pages\/803","targetHints":{"allow":["GET"]}}],"collection":[{"href":"https:\/\/semmelweis.hu\/etk\/wp-json\/wp\/v2\/pages"}],"about":[{"href":"https:\/\/semmelweis.hu\/etk\/wp-json\/wp\/v2\/types\/page"}],"author":[{"embeddable":true,"href":"https:\/\/semmelweis.hu\/etk\/wp-json\/wp\/v2\/users\/101733"}],"replies":[{"embeddable":true,"href":"https:\/\/semmelweis.hu\/etk\/wp-json\/wp\/v2\/comments?post=803"}],"version-history":[{"count":11,"href":"https:\/\/semmelweis.hu\/etk\/wp-json\/wp\/v2\/pages\/803\/revisions"}],"predecessor-version":[{"id":19336,"href":"https:\/\/semmelweis.hu\/etk\/wp-json\/wp\/v2\/pages\/803\/revisions\/19336"}],"up":[{"embeddable":true,"href":"https:\/\/semmelweis.hu\/etk\/wp-json\/wp\/v2\/pages\/806"}],"wp:attachment":[{"href":"https:\/\/semmelweis.hu\/etk\/wp-json\/wp\/v2\/media?parent=803"}],"wp:term":[{"taxonomy":"category","embeddable":true,"href":"https:\/\/semmelweis.hu\/etk\/wp-json\/wp\/v2\/categories?post=803"},{"taxonomy":"post_tag","embeddable":true,"href":"https:\/\/semmelweis.hu\/etk\/wp-json\/wp\/v2\/tags?post=803"}],"curies":[{"name":"wp","href":"https:\/\/api.w.org\/{rel}","templated":true}]}}