{"id":72,"date":"2020-03-23T12:22:24","date_gmt":"2020-03-23T11:22:24","guid":{"rendered":"http:\/\/semmelweis.hu\/etk\/?page_id=72"},"modified":"2026-01-23T11:33:03","modified_gmt":"2026-01-23T10:33:03","slug":"csaladgondozasi-modszertani-tanszek","status":"publish","type":"page","link":"https:\/\/semmelweis.hu\/etk\/tanszekek\/csaladgondozasi-modszertani-tanszek\/","title":{"rendered":"Csal\u00e1dgondoz\u00e1si M\u00f3dszertani Tansz\u00e9k"},"content":{"rendered":"<div class=\"responsive-tabs\">\n<h2 class=\"tabtitle\">Bemutat\u00e1s<\/h2>\n<div class=\"tabcontent\">\n\n<h2>Csal\u00e1dgondoz\u00e1si M\u00f3dszertani Tansz\u00e9k<\/h2>\n<div class=\"keretes\">\n<p><strong>El\u00e9rhet\u0151s\u00e9gek:<\/strong><br \/>\nTel.: +36 1 486 4840<br \/>\nEmail: <a href=\"mailto:etk.csaladgondozas@semmelweis.hu\">etk.csaladgondozas@semmelweis.hu<\/a><br \/>\nIroda: 245<\/p>\n<\/div>\n<h6><strong>A Csal\u00e1dgondoz\u00e1si M\u00f3dszertani Tansz\u00e9k<\/strong><\/h6>\n<p style=\"text-align: justify\">A <strong>Tansz\u00e9k feladata <\/strong>els\u0151sorban az eg\u00e9szs\u00e9g\u00fcgyi gondoz\u00e1s \u00e9s prevenci\u00f3 szak <a href=\"https:\/\/semmelweis.hu\/etk\/oktatas\/alapkepzesek-bsc\/egeszsegugyi-gondozas-es-prevencio-szak\/vedono-szakirany\/\">v\u00e9d\u0151n\u0151 szakir\u00e1ny<\/a> hallgat\u00f3inak k\u00e9pz\u00e9se, a k\u00e9pz\u00e9shez kapcsol\u00f3d\u00f3 szakmai tant\u00e1rgyak oktat\u00e1sa, tant\u00e1rgyi programok kidolgoz\u00e1sa \u00e9s fejleszt\u00e9se, az elm\u00e9leti \u00e9s gyakorlati oktat\u00e1ssal kapcsolatos szervez\u00e9si munk\u00e1k ell\u00e1t\u00e1sa.<\/p>\n<p style=\"text-align: justify\">Hallgat\u00f3ink szakmai fejl\u0151d\u00e9se \u00e9rdek\u00e9ben feladatunk a v\u00e9d\u0151n\u0151 hallgat\u00f3k k\u00e9pz\u00e9s\u00e9ben r\u00e9szt vev\u0151 minden szervezeti egys\u00e9ggel \u00e9s a szakmai gyakorl\u00f3helyekkel t\u00f6rt\u00e9n\u0151 folyamatos kapcsolattart\u00e1s, egy\u00fcttm\u0171k\u00f6d\u00e9s \u00e9s az oktat\u00e1s koordin\u00e1ci\u00f3ja.<\/p>\n<p style=\"text-align: justify\">A szakmai gyakorlatot vezet\u0151 v\u00e9d\u0151n\u0151k r\u00e9sz\u00e9re rendszeresen tov\u00e1bbk\u00e9pz\u0151 \u00e9s felk\u00e9sz\u00edt\u0151 \u201eTan\u00edt\u00f3 V\u00e9d\u0151n\u0151i M\u0171hely\u201d-t, valamint a v\u00e9gzett v\u00e9d\u0151n\u0151knek szakmai tov\u00e1bbk\u00e9pz\u00e9seket tartunk.<\/p>\n<h6 style=\"text-align: justify\"><strong>Oktat\u00e1si \u00e9s szakmai profilok<\/strong><\/h6>\n<p style=\"text-align: justify\">A tansz\u00e9ken a szakma fejleszt\u00e9s\u00e9t c\u00e9lz\u00f3 kutat\u00e1sokat v\u00e9gz\u00fcnk, a kutat\u00e1sok eredm\u00e9nyeit hazai \u00e9s k\u00fclf\u00f6ldi lapokban publik\u00e1ljuk.<\/p>\n<p style=\"text-align: justify\">Lehet\u0151s\u00e9get biztos\u00edtunk a hallgat\u00f3k kutat\u00f3munk\u00e1ba t\u00f6rt\u00e9n\u0151 bekapcsol\u00f3d\u00e1s\u00e1hoz, a <a href=\"https:\/\/semmelweis.hu\/etk\/tudomany\/tudomanyos-diakkor-tdk\/\">Tudom\u00e1nyos Di\u00e1kk\u00f6ri Munk\u00e1jukat (TDK)<\/a> \u00e9s szakdolgozatuk elk\u00e9sz\u00edt\u00e9s\u00e9t t\u00e9mavezet\u0151k\u00e9nt seg\u00edtj\u00fck.<\/p>\n<p style=\"text-align: justify\">A seg\u00edt\u0151 szf\u00e9r\u00e1ban dolgoz\u00f3k orsz\u00e1gos \u00e9s nemzetk\u00f6zi konferenci\u00e1in, hazai tov\u00e1bbk\u00e9pz\u00e9sein el\u0151ad\u00f3k\u00e9nt r\u00e9szt vesz\u00fcnk.<\/p>\n<p style=\"text-align: justify\">Az oktat\u00f3k a k\u00fcl\u00f6nb\u00f6z\u0151 orsz\u00e1gos szakmai \u00e9s t\u00e1rsadalmi szervezetek vezet\u0151s\u00e9g\u00e9nek tagjai \u00e9s szakmai t\u00e1mogat\u00f3i.<\/p>\n\n<\/div><h2 class=\"tabtitle\">Munkat\u00e1rsak<\/h2>\n<div class=\"tabcontent\">\n\n<p><a href=\"https:\/\/semmelweis.hu\/etk\/files\/2025\/03\/Rethy_Lajos_HU_CV.pdf\">Dr. R\u00e9thy Lajos Attila<\/a><\/p>\n<p style=\"padding-left: 40px\"><em>f\u0151iskolai tan\u00e1r, tansz\u00e9kvezet\u0151<\/em><\/p>\n<p>Dr. Fogarasi-Grenczer Andrea<\/p>\n<p style=\"padding-left: 40px\"><em>f\u0151iskolai docens<\/em><\/p>\n<p>G\u00e1csi Erika<\/p>\n<p style=\"padding-left: 40px\"><em>f\u0151iskolai docens<\/em><\/p>\n<p>Kahlichn\u00e9 Dr. Simon M\u00e1rta<\/p>\n<p style=\"padding-left: 40px\"><em>professor emerita<\/em><\/p>\n<p><a href=\"https:\/\/semmelweis.hu\/etk\/files\/2025\/03\/Kormos_Tasi_Judit_HU_CV.pdf\">Dr. Kormos-Tasi Judit<\/a><\/p>\n<p style=\"padding-left: 40px\"><em>f\u0151iskolai docens<br \/>\n<\/em><\/p>\n<p><a href=\"https:\/\/semmelweis.hu\/etk\/files\/2025\/03\/Kovacs_Andrea_Ildiko_HU_CV.pdf\">Kov\u00e1cs Andrea Ildik\u00f3<\/a><\/p>\n<p style=\"padding-left: 40px\"><em>tan\u00e1rseg\u00e9d<\/em><\/p>\n<p><a href=\"https:\/\/semmelweis.hu\/etk\/files\/2025\/03\/Muller_Katalin_HU_CV.pdf\">Dr. M\u00fcller Katalin Eszter<\/a><\/p>\n<p style=\"padding-left: 40px\"><em>f\u0151iskolai docens<\/em><\/p>\n<p>Dr. Szab\u00f3 L\u00e1szl\u00f3<\/p>\n<p style=\"padding-left: 40px\"><em>professor emeritus<\/em><\/p>\n<p><a href=\"https:\/\/semmelweis.hu\/etk\/files\/2025\/03\/Szollosi_Katalin_HU_CV.pdf\">Dr. Sz\u00f6ll\u0151si Katalin<\/a><\/p>\n<p style=\"padding-left: 40px\"><em>adjunktus<\/em><\/p>\n<p><a href=\"https:\/\/semmelweis.hu\/etk\/files\/2025\/03\/Tomane_Meszaros_Andrea_HU_CV.pdf\">Dr. Toma Andrea<\/a><\/p>\n<p style=\"padding-left: 40px\"><em>tan\u00e1rseg\u00e9d<\/em><\/p>\n\r\n<div id=\"telefonkonyv\">\r\n  <div class=\"tel-results col-12 px-0\">\r\n      <p class=\"desc mb-1\"><span>Ha hib\u00e1s, vagy hi\u00e1nyz\u00f3 adatot tal\u00e1l, k\u00e9rj\u00fck jelezze szervezeti egys\u00e9g\u00fcnk titk\u00e1rs\u00e1g\u00e1n.<\/span><\/p>\r\n      <p class=\"desc\"><em>A telefonk\u00f6nyvben tal\u00e1lhat\u00f3 adatok nem haszn\u00e1lhat\u00f3k fel az 1995. \u00e9vi CXIX. t\u00f6rv\u00e9ny szerinti kutat\u00e1s \u00e9s k\u00f6zvetlen \u00fczletszerz\u00e9s c\u00e9lj\u00e1ra.<\/em><\/p>\r\n                <div class=\"row mx-0 mt-3 mb-3 subunit-line text-uppercase font-weight-bold \r\n                    status-SZE\">\r\n                    <div class=\"col col-12 col-md-10 pl-2 pr-0\">\r\n                        <span>Csal\u00e1dgondoz\u00e1si M\u00f3dszertani Tansz\u00e9k<\/span>\r\n                    <\/div>\r\n                <\/div> \r\n          <div class=\"row mx-0 py-2 result-line emp-leader\">\r\n            <div class=\"col col-12 px-0 \"><div class=\"row mx-0 pr-2 result-line-content align-items-center\">\r\n                        <div class=\"col-12 col-md-6 px-0 \">\r\n                            <a class=\"emp-name\" href=\"https:\/\/semmelweis.hu\/telefonkonyv?emp_id=16746\">Dr. R\u00e9thy Lajos Attila <\/a>\r\n                            <br \/><span class=\"emp-phone\">f\u0151iskolai tan\u00e1r, tansz\u00e9kvezet\u0151<\/span><\/div>\r\n                        <div class=\"col-12 col-md-6 px-0\"><span class=\"emp-phone\"><i class=\"fa fa-phone\" aria-hidden=\"true\"><\/i>48-64841, <\/span><span class=\"emp-email\"><i class=\"fa fa-envelope-o\" aria-hidden=\"true\"><\/i>rethy.lajos.attila<i class=\"fa fa-at m-0 text-body\"><\/i>semmelweis.hu<\/span>\r\n                        <\/div>\r\n                    <\/div>\r\n                \r\n            <\/div>\r\n\r\n                <div class=\"col-12 col-md-6 px-0 d-none\"><span class=\"emp-phone\"><i class=\"fa fa-phone\" aria-hidden=\"true\"><\/i>48-64841, <\/span><span class=\"emp-email\"><i class=\"fa fa-envelope-o\" aria-hidden=\"true\"><\/i>rethy.lajos.attila<i class=\"fa fa-at m-0 text-body\"><\/i>semmelweis.hu<\/span>\r\n                <\/div>\r\n\r\n\r\n        <\/div>\r\n          <div class=\"row mx-0 py-2 result-line \">\r\n            <div class=\"col col-12 px-0 \"><div class=\"row mx-0 pr-2 result-line-content align-items-center\">\r\n                        <div class=\"col-12 col-md-6 px-0 \">\r\n                            <a class=\"emp-name\" href=\"https:\/\/semmelweis.hu\/telefonkonyv?emp_id=9435\">Dr. Fogarasi-Grenczer Andrea Zsuzsanna <\/a>\r\n                            <br \/><span class=\"emp-phone\">f\u0151iskolai docens<\/span><\/div>\r\n                        <div class=\"col-12 col-md-6 px-0\"><span class=\"emp-phone\"><i class=\"fa fa-phone\" aria-hidden=\"true\"><\/i>48-65832, <\/span><span class=\"emp-email\"><i class=\"fa fa-envelope-o\" aria-hidden=\"true\"><\/i>fogarasi-grenczer.andrea<i class=\"fa fa-at m-0 text-body\"><\/i>semmelweis.hu<\/span>\r\n                        <\/div>\r\n                    <\/div>\r\n                \r\n            <\/div>\r\n\r\n                <div class=\"col-12 col-md-6 px-0 d-none\"><span class=\"emp-phone\"><i class=\"fa fa-phone\" aria-hidden=\"true\"><\/i>48-65832, <\/span><span class=\"emp-email\"><i class=\"fa fa-envelope-o\" aria-hidden=\"true\"><\/i>fogarasi-grenczer.andrea<i class=\"fa fa-at m-0 text-body\"><\/i>semmelweis.hu<\/span>\r\n                <\/div>\r\n\r\n\r\n        <\/div>\r\n          <div class=\"row mx-0 py-2 result-line \">\r\n            <div class=\"col col-12 px-0 \"><div class=\"row mx-0 pr-2 result-line-content align-items-center\">\r\n                        <div class=\"col-12 col-md-6 px-0 \">\r\n                            <a class=\"emp-name\" href=\"https:\/\/semmelweis.hu\/telefonkonyv?emp_id=9436\"> G\u00e1csi Erika <\/a>\r\n                            <br \/><span class=\"emp-phone\">f\u0151iskolai docens<\/span><\/div>\r\n                        <div class=\"col-12 col-md-6 px-0\"><span class=\"emp-phone\"><i class=\"fa fa-phone\" aria-hidden=\"true\"><\/i>48-64844, <\/span><span class=\"emp-email\"><i class=\"fa fa-envelope-o\" aria-hidden=\"true\"><\/i>gacsi.erika<i class=\"fa fa-at m-0 text-body\"><\/i>semmelweis.hu<\/span>\r\n                        <\/div>\r\n                    <\/div>\r\n                \r\n            <\/div>\r\n\r\n                <div class=\"col-12 col-md-6 px-0 d-none\"><span class=\"emp-phone\"><i class=\"fa fa-phone\" aria-hidden=\"true\"><\/i>48-64844, <\/span><span class=\"emp-email\"><i class=\"fa fa-envelope-o\" aria-hidden=\"true\"><\/i>gacsi.erika<i class=\"fa fa-at m-0 text-body\"><\/i>semmelweis.hu<\/span>\r\n                <\/div>\r\n\r\n\r\n        <\/div>\r\n          <div class=\"row mx-0 py-2 result-line \">\r\n            <div class=\"col col-12 px-0 \"><div class=\"row mx-0 pr-2 result-line-content align-items-center\">\r\n                        <div class=\"col-12 col-md-6 px-0 \">\r\n                            <a class=\"emp-name\" href=\"https:\/\/semmelweis.hu\/telefonkonyv?emp_id=19197\"> Juh\u00e1sz Zsuzsanna <\/a>\r\n                            <br \/><span class=\"emp-phone\">oktat\u00e1sszervez\u00e9si szak\u00e9rt\u0151<\/span><\/div>\r\n                        <div class=\"col-12 col-md-6 px-0\"><span class=\"emp-phone\"><i class=\"fa fa-phone\" aria-hidden=\"true\"><\/i>48-64840, <\/span><span class=\"emp-email\"><i class=\"fa fa-envelope-o\" aria-hidden=\"true\"><\/i>juhasz.zsuzsanna<i class=\"fa fa-at m-0 text-body\"><\/i>semmelweis.hu<\/span>\r\n                        <\/div>\r\n                    <\/div>\r\n                \r\n            <\/div>\r\n\r\n                <div class=\"col-12 col-md-6 px-0 d-none\"><span class=\"emp-phone\"><i class=\"fa fa-phone\" aria-hidden=\"true\"><\/i>48-64840, <\/span><span class=\"emp-email\"><i class=\"fa fa-envelope-o\" aria-hidden=\"true\"><\/i>juhasz.zsuzsanna<i class=\"fa fa-at m-0 text-body\"><\/i>semmelweis.hu<\/span>\r\n                <\/div>\r\n\r\n\r\n        <\/div>\r\n          <div class=\"row mx-0 py-2 result-line \">\r\n            <div class=\"col col-12 px-0 \"><div class=\"row mx-0 pr-2 result-line-content align-items-center\">\r\n                        <div class=\"col-12 col-md-6 px-0 \">\r\n                            <a class=\"emp-name\" href=\"https:\/\/semmelweis.hu\/telefonkonyv?emp_id=21223\">Dr. Kahlichn\u00e9 Dr. Simon M\u00e1rta <\/a>\r\n                            <br \/><span class=\"emp-phone\">professor emerita<\/span><\/div>\r\n                        <div class=\"col-12 col-md-6 px-0\"><span class=\"emp-email\"><i class=\"fa fa-envelope-o\" aria-hidden=\"true\"><\/i>etk.csaladgondozas<i class=\"fa fa-at m-0 text-body\"><\/i>semmelweis.hu<\/span>\r\n                        <\/div>\r\n                    <\/div>\r\n                \r\n            <\/div>\r\n\r\n                <div class=\"col-12 col-md-6 px-0 d-none\"><span class=\"emp-email\"><i class=\"fa fa-envelope-o\" aria-hidden=\"true\"><\/i>etk.csaladgondozas<i class=\"fa fa-at m-0 text-body\"><\/i>semmelweis.hu<\/span>\r\n                <\/div>\r\n\r\n\r\n        <\/div>\r\n          <div class=\"row mx-0 py-2 result-line \">\r\n            <div class=\"col col-12 px-0 \"><div class=\"row mx-0 pr-2 result-line-content align-items-center\">\r\n                        <div class=\"col-12 col-md-6 px-0 \">\r\n                            <a class=\"emp-name\" href=\"https:\/\/semmelweis.hu\/telefonkonyv?emp_id=9437\">Dr. Kormos-Tasi Judit <\/a>\r\n                            <br \/><span class=\"emp-phone\">f\u0151iskolai docens<\/span><\/div>\r\n                        <div class=\"col-12 col-md-6 px-0\"><span class=\"emp-phone\"><i class=\"fa fa-phone\" aria-hidden=\"true\"><\/i>48-64843, <\/span><span class=\"emp-email\"><i class=\"fa fa-envelope-o\" aria-hidden=\"true\"><\/i>kormos-tasi.judit<i class=\"fa fa-at m-0 text-body\"><\/i>semmelweis.hu<\/span>\r\n                        <\/div>\r\n                    <\/div>\r\n                \r\n            <\/div>\r\n\r\n                <div class=\"col-12 col-md-6 px-0 d-none\"><span class=\"emp-phone\"><i class=\"fa fa-phone\" aria-hidden=\"true\"><\/i>48-64843, <\/span><span class=\"emp-email\"><i class=\"fa fa-envelope-o\" aria-hidden=\"true\"><\/i>kormos-tasi.judit<i class=\"fa fa-at m-0 text-body\"><\/i>semmelweis.hu<\/span>\r\n                <\/div>\r\n\r\n\r\n        <\/div>\r\n          <div class=\"row mx-0 py-2 result-line \">\r\n            <div class=\"col col-12 px-0 \"><div class=\"row mx-0 pr-2 result-line-content align-items-center\">\r\n                        <div class=\"col-12 col-md-6 px-0 \">\r\n                            <a class=\"emp-name\" href=\"https:\/\/semmelweis.hu\/telefonkonyv?emp_id=18496\"> Kov\u00e1cs Andrea Ildik\u00f3 <\/a>\r\n                            <br \/><span class=\"emp-phone\">tan\u00e1rseg\u00e9d<\/span><\/div>\r\n                        <div class=\"col-12 col-md-6 px-0\"><span class=\"emp-phone\"><i class=\"fa fa-phone\" aria-hidden=\"true\"><\/i>48-65832, <\/span><span class=\"emp-email\"><i class=\"fa fa-envelope-o\" aria-hidden=\"true\"><\/i>kovacs.andrea.ildiko<i class=\"fa fa-at m-0 text-body\"><\/i>semmelweis.hu<\/span>\r\n                        <\/div>\r\n                    <\/div>\r\n                \r\n            <\/div>\r\n\r\n                <div class=\"col-12 col-md-6 px-0 d-none\"><span class=\"emp-phone\"><i class=\"fa fa-phone\" aria-hidden=\"true\"><\/i>48-65832, <\/span><span class=\"emp-email\"><i class=\"fa fa-envelope-o\" aria-hidden=\"true\"><\/i>kovacs.andrea.ildiko<i class=\"fa fa-at m-0 text-body\"><\/i>semmelweis.hu<\/span>\r\n                <\/div>\r\n\r\n\r\n        <\/div>\r\n          <div class=\"row mx-0 py-2 result-line \">\r\n            <div class=\"col col-12 px-0 \"><div class=\"row mx-0 pr-2 result-line-content align-items-center\">\r\n                        <div class=\"col-12 col-md-6 px-0 \">\r\n                            <a class=\"emp-name\" href=\"https:\/\/semmelweis.hu\/telefonkonyv?emp_id=20062\">Dr. M\u00fcller Katalin Eszter <\/a>\r\n                            <br \/><span class=\"emp-phone\">f\u0151iskolai docens<\/span><\/div>\r\n                        <div class=\"col-12 col-md-6 px-0\"><span class=\"emp-phone\"><i class=\"fa fa-phone\" aria-hidden=\"true\"><\/i>48-65818, <\/span><span class=\"emp-email\"><i class=\"fa fa-envelope-o\" aria-hidden=\"true\"><\/i>muller.katalin<i class=\"fa fa-at m-0 text-body\"><\/i>semmelweis.hu<\/span>\r\n                        <\/div>\r\n                    <\/div>\r\n                \r\n            <\/div>\r\n\r\n                <div class=\"col-12 col-md-6 px-0 d-none\"><span class=\"emp-phone\"><i class=\"fa fa-phone\" aria-hidden=\"true\"><\/i>48-65818, <\/span><span class=\"emp-email\"><i class=\"fa fa-envelope-o\" aria-hidden=\"true\"><\/i>muller.katalin<i class=\"fa fa-at m-0 text-body\"><\/i>semmelweis.hu<\/span>\r\n                <\/div>\r\n\r\n\r\n        <\/div>\r\n          <div class=\"row mx-0 py-2 result-line \">\r\n            <div class=\"col col-12 px-0 \"><div class=\"row mx-0 pr-2 result-line-content align-items-center\">\r\n                        <div class=\"col-12 col-md-6 px-0 \">\r\n                            <a class=\"emp-name\" href=\"https:\/\/semmelweis.hu\/telefonkonyv?emp_id=9439\">Dr. Szab\u00f3 L\u00e1szl\u00f3 <\/a>\r\n                            <br \/><span class=\"emp-phone\">professor emeritus<\/span><\/div>\r\n                        <div class=\"col-12 col-md-6 px-0\"><span class=\"emp-phone\"><i class=\"fa fa-phone\" aria-hidden=\"true\"><\/i>48-65818, <\/span><span class=\"emp-email\"><i class=\"fa fa-envelope-o\" aria-hidden=\"true\"><\/i>szabo.laszlo4<i class=\"fa fa-at m-0 text-body\"><\/i>semmelweis.hu<\/span>\r\n                        <\/div>\r\n                    <\/div>\r\n                \r\n            <\/div>\r\n\r\n                <div class=\"col-12 col-md-6 px-0 d-none\"><span class=\"emp-phone\"><i class=\"fa fa-phone\" aria-hidden=\"true\"><\/i>48-65818, <\/span><span class=\"emp-email\"><i class=\"fa fa-envelope-o\" aria-hidden=\"true\"><\/i>szabo.laszlo4<i class=\"fa fa-at m-0 text-body\"><\/i>semmelweis.hu<\/span>\r\n                <\/div>\r\n\r\n\r\n        <\/div>\r\n          <div class=\"row mx-0 py-2 result-line \">\r\n            <div class=\"col col-12 px-0 \"><div class=\"row mx-0 pr-2 result-line-content align-items-center\">\r\n                        <div class=\"col-12 col-md-6 px-0 \">\r\n                            <a class=\"emp-name\" href=\"https:\/\/semmelweis.hu\/telefonkonyv?emp_id=11022\">Dr. Sz\u00f6ll\u0151si Katalin <\/a>\r\n                            <br \/><span class=\"emp-phone\">adjunktus<\/span><\/div>\r\n                        <div class=\"col-12 col-md-6 px-0\"><span class=\"emp-phone\"><i class=\"fa fa-phone\" aria-hidden=\"true\"><\/i>48-64843, <\/span><span class=\"emp-email\"><i class=\"fa fa-envelope-o\" aria-hidden=\"true\"><\/i>szollosi.katalin<i class=\"fa fa-at m-0 text-body\"><\/i>semmelweis.hu<\/span>\r\n                        <\/div>\r\n                    <\/div>\r\n                \r\n            <\/div>\r\n\r\n                <div class=\"col-12 col-md-6 px-0 d-none\"><span class=\"emp-phone\"><i class=\"fa fa-phone\" aria-hidden=\"true\"><\/i>48-64843, <\/span><span class=\"emp-email\"><i class=\"fa fa-envelope-o\" aria-hidden=\"true\"><\/i>szollosi.katalin<i class=\"fa fa-at m-0 text-body\"><\/i>semmelweis.hu<\/span>\r\n                <\/div>\r\n\r\n\r\n        <\/div>\r\n          <div class=\"row mx-0 py-2 result-line \">\r\n            <div class=\"col col-12 px-0 \"><div class=\"row mx-0 pr-2 result-line-content align-items-center\">\r\n                        <div class=\"col-12 col-md-6 px-0 \">\r\n                            <a class=\"emp-name\" href=\"https:\/\/semmelweis.hu\/telefonkonyv?emp_id=21826\"> Sztrany\u00e1kn\u00e9 Sipos Katalin <\/a>\r\n                            <br \/><span class=\"emp-phone\">oktat\u00e1sszervez\u00e9si szak\u00e9rt\u0151<\/span><\/div>\r\n                        <div class=\"col-12 col-md-6 px-0\"><span class=\"emp-phone\"><i class=\"fa fa-phone\" aria-hidden=\"true\"><\/i>48-64844, <\/span><span class=\"emp-email\"><i class=\"fa fa-envelope-o\" aria-hidden=\"true\"><\/i>sztranyakne.sipos.katalin<i class=\"fa fa-at m-0 text-body\"><\/i>semmelweis.hu<\/span>\r\n                        <\/div>\r\n                    <\/div>\r\n                \r\n            <\/div>\r\n\r\n                <div class=\"col-12 col-md-6 px-0 d-none\"><span class=\"emp-phone\"><i class=\"fa fa-phone\" aria-hidden=\"true\"><\/i>48-64844, <\/span><span class=\"emp-email\"><i class=\"fa fa-envelope-o\" aria-hidden=\"true\"><\/i>sztranyakne.sipos.katalin<i class=\"fa fa-at m-0 text-body\"><\/i>semmelweis.hu<\/span>\r\n                <\/div>\r\n\r\n\r\n        <\/div>\r\n          <div class=\"row mx-0 py-2 result-line \">\r\n            <div class=\"col col-12 px-0 \"><div class=\"row mx-0 pr-2 result-line-content align-items-center\">\r\n                        <div class=\"col-12 col-md-6 px-0 \">\r\n                            <a class=\"emp-name\" href=\"https:\/\/semmelweis.hu\/telefonkonyv?emp_id=18497\">Dr. Toma Andrea <\/a>\r\n                            <br \/><span class=\"emp-phone\">tan\u00e1rseg\u00e9d<\/span><\/div>\r\n                        <div class=\"col-12 col-md-6 px-0\"><span class=\"emp-phone\"><i class=\"fa fa-phone\" aria-hidden=\"true\"><\/i>48-65832, <\/span><span class=\"emp-email\"><i class=\"fa fa-envelope-o\" aria-hidden=\"true\"><\/i>tomane.meszaros.andrea<i class=\"fa fa-at m-0 text-body\"><\/i>semmelweis.hu<\/span>\r\n                        <\/div>\r\n                    <\/div>\r\n                \r\n            <\/div>\r\n\r\n                <div class=\"col-12 col-md-6 px-0 d-none\"><span class=\"emp-phone\"><i class=\"fa fa-phone\" aria-hidden=\"true\"><\/i>48-65832, <\/span><span class=\"emp-email\"><i class=\"fa fa-envelope-o\" aria-hidden=\"true\"><\/i>tomane.meszaros.andrea<i class=\"fa fa-at m-0 text-body\"><\/i>semmelweis.hu<\/span>\r\n                <\/div>\r\n\r\n\r\n        <\/div><\/div><\/div>\n\n<\/div><h2 class=\"tabtitle\">Hirdet\u0151t\u00e1bla<\/h2>\n<div class=\"tabcontent\">\n\n<h6 style=\"text-align: center\"><strong>Oktat\u00f3k konzult\u00e1ci\u00f3s id\u0151pontjai<\/strong><br \/>\n<strong>2025\/2026. tan\u00e9v tavaszi f\u00e9l\u00e9v<br \/>\nszorgalmi id\u0151szak\u00e1ban<\/strong><\/h6>\n<p>&nbsp;<\/p>\n<p><strong>Dr. R\u00e9thy Lajos Attila<\/strong> tansz\u00e9kvezet\u0151, f\u0151iskolai tan\u00e1r\u00a0<\/p>\n<p style=\"padding-left: 40px\">El\u0151zetes e-mail-egyeztet\u00e9st k\u00f6vet\u0151en (<a href=\"mailto:rethy.lajos.attila@semmelweis.hu\">rethy.lajos.attila@semmelweis.hu<\/a>): <br \/>\np\u00e9ntek 9:30-11:30<\/p>\n<p><strong>Dr. Fogarasi-Grenczer Andrea<\/strong> f\u0151iskolai docens<\/p>\n<p style=\"padding-left: 40px\">El\u0151zetes e-mail-egyeztet\u00e9st k\u00f6vet\u0151en (<a href=\"mailto:fogarasi-grenczer.andrea@semmelweis.hu\">fogarasi-grenczer.andrea@semmelweis.hu<\/a>): <br \/>\nh\u00e9tf\u0151 10:00-12:00<\/p>\n<p><strong>G\u00e1csi Erika<\/strong> f\u0151iskolai docens<\/p>\n<p style=\"padding-left: 40px\">El\u0151zetes e-mail-egyeztet\u00e9st k\u00f6vet\u0151en (<a href=\"mailto:gacsi.erika@semmelweis.hu\">gacsi.erika@semmelweis.hu<\/a>): <br \/>\nszerda 10:00-12:00<\/p>\n<p><strong>Dr. Kormos-Tasi Judit<\/strong> f\u0151iskolai docens<\/p>\n<p style=\"padding-left: 40px\">El\u0151zetes e-mail-egyeztet\u00e9st k\u00f6vet\u0151en (<a href=\"mailto:kormos-tasi.judit@semmelweis.hu\">kormos-tasi.judit@semmelweis.hu<\/a>): <br \/>\nh\u00e9tf\u0151 11:00-12:30<\/p>\n<p><strong>Dr. Sz\u00f6ll\u0151si Katalin<\/strong> adjunktus<\/p>\n<p style=\"padding-left: 40px\">El\u0151zetes e-mail-egyeztet\u00e9st k\u00f6vet\u0151en (<a href=\"mailto:szollosi.katalin@semmelweis.hu\">szollosi.katalin@semmelweis.hu<\/a>): <br \/>\nkedd 15:00-17:00<\/p>\n<p><strong>Kov\u00e1cs Andrea<\/strong> tan\u00e1rseg\u00e9d\u00a0<\/p>\n<p style=\"padding-left: 40px\">El\u0151zetes e-mail-egyeztet\u00e9st k\u00f6vet\u0151en (<a href=\"mailto:kovacs.andrea.ildiko@semmelweis.hu\">kovacs.andrea.ildiko@semmelweis.hu<\/a>): <br \/>\nszerda 12:30-14:30<\/p>\n<p><strong>Dr. Toma Andrea<\/strong> tan\u00e1rseg\u00e9d<\/p>\n<p style=\"padding-left: 40px\">El\u0151zetes e-mail-egyeztet\u00e9st k\u00f6vet\u0151en (<a href=\"mailto:tomane.meszaros.andrea@semmelweis.hu\">tomane.meszaros.andrea@semmelweis.hu<\/a>)<br \/>\np\u00e1ros heteken: szerda 13:00-15:00<br \/>\np\u00e1ratlan heteken: szerda 11:30-13:30<\/p>\n<p><strong>Dr. M\u00fcller Katalin<\/strong> f\u0151iskolai docens<\/p>\n<p style=\"padding-left: 40px\">El\u0151zetes e-mail-egyeztet\u00e9st k\u00f6vet\u0151en (<a href=\"mailto:muller.katalin@semmelweis.hu\">muller.katalin@semmelweis.hu<\/a>): <br \/>\nszerda 11:00-13:00<\/p>\n<\/div><\/div>\n","protected":false},"excerpt":{"rendered":"<p>Csal\u00e1dgondoz\u00e1si M\u00f3dszertani Tansz\u00e9k El\u00e9rhet\u0151s\u00e9gek: Tel.: +36 1 486 4840 Email: <a href=\"mailto:etk.csaladgondozas@semmelweis.hu\">etk.csaladgondozas@semmelweis.hu<\/a> Iroda: 245 A Csal\u00e1dgondoz\u00e1si M\u00f3dszertani Tansz\u00e9k A Tansz\u00e9k feladata els\u0151sorban az eg\u00e9szs\u00e9g\u00fcgyi gondoz\u00e1s \u00e9s prevenci\u00f3 szak <a href=\"https:\/\/semmelweis.hu\/etk\/oktatas\/alapkepzesek-bsc\/egeszsegugyi-gondozas-es-prevencio-szak\/vedono-szakirany\/\">v\u00e9d\u0151n\u0151 szakir\u00e1ny<\/a> hallgat\u00f3inak k\u00e9pz\u00e9se, a k\u00e9pz\u00e9shez kapcsol\u00f3d\u00f3 szakmai tant\u00e1rgyak oktat\u00e1sa, tant\u00e1rgyi programok kidolgoz\u00e1sa \u00e9s fejleszt\u00e9se, az elm\u00e9leti \u00e9s gyakorlati oktat\u00e1ssal kapcsolatos szervez\u00e9si munk\u00e1k ell\u00e1t\u00e1sa. Hallgat\u00f3ink szakmai fejl\u0151d\u00e9se \u00e9rdek\u00e9ben feladatunk a v\u00e9d\u0151n\u0151 &hellip;<\/p>\n","protected":false},"author":101729,"featured_media":0,"parent":59,"menu_order":0,"comment_status":"closed","ping_status":"closed","template":"","meta":{"_acf_changed":false,"footnotes":""},"categories":[],"tags":[],"class_list":["post-72","page","type-page","status-publish","hentry"],"acf":[],"_links":{"self":[{"href":"https:\/\/semmelweis.hu\/etk\/wp-json\/wp\/v2\/pages\/72","targetHints":{"allow":["GET"]}}],"collection":[{"href":"https:\/\/semmelweis.hu\/etk\/wp-json\/wp\/v2\/pages"}],"about":[{"href":"https:\/\/semmelweis.hu\/etk\/wp-json\/wp\/v2\/types\/page"}],"author":[{"embeddable":true,"href":"https:\/\/semmelweis.hu\/etk\/wp-json\/wp\/v2\/users\/101729"}],"replies":[{"embeddable":true,"href":"https:\/\/semmelweis.hu\/etk\/wp-json\/wp\/v2\/comments?post=72"}],"version-history":[{"count":11,"href":"https:\/\/semmelweis.hu\/etk\/wp-json\/wp\/v2\/pages\/72\/revisions"}],"predecessor-version":[{"id":19416,"href":"https:\/\/semmelweis.hu\/etk\/wp-json\/wp\/v2\/pages\/72\/revisions\/19416"}],"up":[{"embeddable":true,"href":"https:\/\/semmelweis.hu\/etk\/wp-json\/wp\/v2\/pages\/59"}],"wp:attachment":[{"href":"https:\/\/semmelweis.hu\/etk\/wp-json\/wp\/v2\/media?parent=72"}],"wp:term":[{"taxonomy":"category","embeddable":true,"href":"https:\/\/semmelweis.hu\/etk\/wp-json\/wp\/v2\/categories?post=72"},{"taxonomy":"post_tag","embeddable":true,"href":"https:\/\/semmelweis.hu\/etk\/wp-json\/wp\/v2\/tags?post=72"}],"curies":[{"name":"wp","href":"https:\/\/api.w.org\/{rel}","templated":true}]}}