{"id":584,"date":"2020-04-09T11:03:31","date_gmt":"2020-04-09T09:03:31","guid":{"rendered":"http:\/\/semmelweis.hu\/etk\/?page_id=584"},"modified":"2023-12-14T16:06:38","modified_gmt":"2023-12-14T15:06:38","slug":"szakiranyu-tovabbkepzesek","status":"publish","type":"page","link":"https:\/\/semmelweis.hu\/etk\/oktatas\/szakiranyu-tovabbkepzesek\/","title":{"rendered":"Szakir\u00e1ny\u00fa tov\u00e1bbk\u00e9pz\u00e9sek"},"content":{"rendered":"<h6 style=\"text-align: justify\"><strong><a href=\"#jelentkezes\">Tudnival\u00f3k a jelentkez\u00e9sr\u0151l&#8230;<\/a><\/strong><\/h6>\n<style>\n           #page-grid .card-body > .line-clamp-box.excerpt{\n        width: inherit;\n        max-width: inherit;\n        display:flex;\n        min-height: 2.4em;\n        flex-direction: column;\n        justify-content: space-around;\n        background-color: #D6E4EA;\n        min-height: 3.4rem;\n        font-family: \"Montserrat\", sans-serif;\n    }\n\n    #page-grid a:hover .card-body > .line-clamp-box.excerpt {\n        background-color: #fff;\n        color: #313B40;\n    }\n\n    #page-grid .card-body .line-clamp-box.excerpt section{\n        max-width: inherit;\n        display: -webkit-box;\n        -webkit-line-clamp: 2;\n        -webkit-box-orient: vertical;\n        overflow: hidden;\n        text-overflow: ellipsis;\n        hyphens: auto;\n        margin: auto;\n        \n    }\n    .line-clamp-box.excerpt section, .line-clamp-box.excerpt section p{\n        font-size:0.8em;\n    }\n    \n<\/style>\n    <section id=\"page-grid\">\n        \n        <div class=\"row row-cols-1 row-cols-md-2 row-cols-lg-2 no-gutters mx-0 \">    <div class =\"col  mb-2 card-wrapper\">\n        <a class=\"d-flex flex-fill card-link-warapper m-md-1\" href=\"https:\/\/semmelweis.hu\/etk\/oktatas\/szakiranyu-tovabbkepzesek\/addiktologiai-konzultans\/\">\n            <div class=\"card border border-secondary se-border flex-fill\">\n                <div class=\"row no-gutters mx-0 d-flex flex-nowrap flex-md-wrap align-items-center\">\n                    <div class =\"  col-5 col-md-12   card-image justify-content-center\">\n                        <img loading=\"lazy\" decoding=\"async\" width=\"753\" height=\"502\" src=\"https:\/\/semmelweis.hu\/etk\/files\/2023\/12\/187043_transform.jpg\" class=\"landscape wp-post-image\" alt=\"\" srcset=\"https:\/\/semmelweis.hu\/etk\/files\/2023\/12\/187043_transform.jpg 950w, https:\/\/semmelweis.hu\/etk\/files\/2023\/12\/187043_transform-400x267.jpg 400w, https:\/\/semmelweis.hu\/etk\/files\/2023\/12\/187043_transform-768x512.jpg 768w, https:\/\/semmelweis.hu\/etk\/files\/2023\/12\/187043_transform-753x502.jpg 753w, https:\/\/semmelweis.hu\/etk\/files\/2023\/12\/187043_transform-203x135.jpg 203w\" sizes=\"auto, (max-width: 753px) 100vw, 753px\" \/>\n                    <\/div>\n                    <div class=\"card-body  col flex-column  col-md-12 p-0\">\n                        <div class=\"line-clamp-box p-3\">\n                            <h5 class=\"ml-0 ml-sm-1 mt-2 align-items-center\"  >Addiktol\u00f3giai konzult\u00e1ns<\/h5>\n                        <\/div>\n                        \n                    <\/div>\n                <\/div>\n\n            <\/div>\n        <\/a>\n    <\/div>    <div class =\"col  mb-2 card-wrapper\">\n        <a class=\"d-flex flex-fill card-link-warapper m-md-1\" href=\"https:\/\/semmelweis.hu\/etk\/oktatas\/szakiranyu-tovabbkepzesek\/podiater\/\">\n            <div class=\"card border border-secondary se-border flex-fill\">\n                <div class=\"row no-gutters mx-0 d-flex flex-nowrap flex-md-wrap align-items-center\">\n                    <div class =\"  col-5 col-md-12   card-image justify-content-center\">\n                        <img loading=\"lazy\" decoding=\"async\" width=\"753\" height=\"502\" src=\"https:\/\/semmelweis.hu\/etk\/files\/2023\/12\/RS186909_iStock-921714316-scr-1024x683.jpg\" class=\"landscape wp-post-image\" alt=\"\" srcset=\"https:\/\/semmelweis.hu\/etk\/files\/2023\/12\/RS186909_iStock-921714316-scr-1024x683.jpg 1024w, https:\/\/semmelweis.hu\/etk\/files\/2023\/12\/RS186909_iStock-921714316-scr-400x267.jpg 400w, https:\/\/semmelweis.hu\/etk\/files\/2023\/12\/RS186909_iStock-921714316-scr-768x512.jpg 768w, https:\/\/semmelweis.hu\/etk\/files\/2023\/12\/RS186909_iStock-921714316-scr-753x502.jpg 753w, https:\/\/semmelweis.hu\/etk\/files\/2023\/12\/RS186909_iStock-921714316-scr-203x135.jpg 203w, https:\/\/semmelweis.hu\/etk\/files\/2023\/12\/RS186909_iStock-921714316-scr.jpg 1200w\" sizes=\"auto, (max-width: 753px) 100vw, 753px\" \/>\n                    <\/div>\n                    <div class=\"card-body  col flex-column  col-md-12 p-0\">\n                        <div class=\"line-clamp-box p-3\">\n                            <h5 class=\"ml-0 ml-sm-1 mt-2 align-items-center\"  >Podi\u00e1ter<\/h5>\n                        <\/div>\n                        \n                    <\/div>\n                <\/div>\n\n            <\/div>\n        <\/a>\n    <\/div>        <\/div>\n    <\/section>\n<p id=\"jelentkezes\">\u00a0<\/p>\n            <div class=\"qae-faqs-container qae-faqs-toggle-container\">\n\t\t\t\t\t\t\t<ul class=\"qe-faqs-filters-container\">\n\t\t\t\t<li class=\"active\"><a class=\"qe-faqs-filter all-faqs\" href=\"#\" data-filter=\"*\">All<\/a><\/li>\n\t\t\t\t<li><a class=\"qe-faqs-filter\" href=\"#jelentkezes-szakiranyu-tovabbkepzesek\" data-filter=\".jelentkezes-szakiranyu-tovabbkepzesek\">Jelentkez\u00e9s - Szakir\u00e1ny\u00fa tov\u00e1bbk\u00e9pz\u00e9sek<\/a><\/li>\t\t\t<\/ul>\n\t\t\t\t\t<div id=\"qaef-14486\" class=\"qe-faq-toggle jelentkezes-szakiranyu-tovabbkepzesek\">\n\t\t\t<div class=\"qe-toggle-title\">\n\t\t\t\t<h4>\n\t\t\t\t\t<i class=\"fa fa-minus-circle\"><\/i> Jelentkez\u00e9s szakir\u00e1ny\u00fa tov\u00e1bbk\u00e9pz\u00e9sre\t\t\t\t<\/h4>\n\t\t\t<\/div>\n\t\t\t<div class=\"qe-toggle-content\">\n\t\t\t\t<h4><strong>A jelentkez\u00e9s felt\u00e9tele:<\/strong><\/h4>\n<p>meghat\u00e1rozott k\u00e9pz\u00e9si ter\u00fcleten szerzett oklev\u00e9l.<\/p>\n<h4><strong>Jelentkez\u00e9si hat\u00e1rid\u0151:<\/strong><\/h4>\n<p>2026. m\u00e1jus 15.<\/p>\n<h4><strong>Jelentkez\u00e9s:<\/strong><\/h4>\n<p><a href=\"https:\/\/semmelweis.hu\/etk\/dokumentumok\/nyomtatvanyok\/\">Let\u00f6lthet\u0151 jelentkez\u00e9si lapon \u2192<\/a><\/p>\n<h4><strong>Jelentkez\u00e9si d\u00edj:<\/strong><\/h4>\n<p>6.000 Ft<\/p>\n<h4><strong>Finansz\u00edroz\u00e1si forma: <\/strong><\/h4>\n<ul>\n<li>\u00f6nk\u00f6lts\u00e9ges (300.000 Ft\/f\u00e9l\u00e9v)<\/li>\n<\/ul>\n\t\t\t<\/div>\n\t\t<\/div>\n\t\t            <\/div>\n\t\t\n","protected":false},"excerpt":{"rendered":"<p>A jelentkez\u00e9s felt\u00e9tele:<br \/>\nmeghat\u00e1rozott k\u00e9pz\u00e9si ter\u00fcleten szerzett oklev\u00e9l.<br \/>\nJelentkez\u00e9si hat\u00e1rid\u0151:<br \/>\n2026. m\u00e1jus 15.<br \/>\nJelentkez\u00e9s:<br \/>\n<a href=\"https:\/\/semmelweis.hu\/etk\/dokumentumok\/nyomtatvanyok\/\">Let\u00f6lthet\u0151 jelentkez\u00e9si lapon \u2192<\/a><br \/>\nJelentkez\u00e9si d\u00edj:<br \/>\n6.000 Ft<br \/>\nFinansz\u00edroz\u00e1si forma: <\/p>\n<p>\u00f6nk\u00f6lts\u00e9ges (300.000 Ft\/f\u00e9l\u00e9v)<\/p>\n","protected":false},"author":101729,"featured_media":0,"parent":10,"menu_order":6,"comment_status":"closed","ping_status":"closed","template":"","meta":{"_acf_changed":false,"footnotes":""},"categories":[],"tags":[],"class_list":["post-584","page","type-page","status-publish","hentry"],"acf":[],"_links":{"self":[{"href":"https:\/\/semmelweis.hu\/etk\/wp-json\/wp\/v2\/pages\/584","targetHints":{"allow":["GET"]}}],"collection":[{"href":"https:\/\/semmelweis.hu\/etk\/wp-json\/wp\/v2\/pages"}],"about":[{"href":"https:\/\/semmelweis.hu\/etk\/wp-json\/wp\/v2\/types\/page"}],"author":[{"embeddable":true,"href":"https:\/\/semmelweis.hu\/etk\/wp-json\/wp\/v2\/users\/101729"}],"replies":[{"embeddable":true,"href":"https:\/\/semmelweis.hu\/etk\/wp-json\/wp\/v2\/comments?post=584"}],"version-history":[{"count":11,"href":"https:\/\/semmelweis.hu\/etk\/wp-json\/wp\/v2\/pages\/584\/revisions"}],"predecessor-version":[{"id":14658,"href":"https:\/\/semmelweis.hu\/etk\/wp-json\/wp\/v2\/pages\/584\/revisions\/14658"}],"up":[{"embeddable":true,"href":"https:\/\/semmelweis.hu\/etk\/wp-json\/wp\/v2\/pages\/10"}],"wp:attachment":[{"href":"https:\/\/semmelweis.hu\/etk\/wp-json\/wp\/v2\/media?parent=584"}],"wp:term":[{"taxonomy":"category","embeddable":true,"href":"https:\/\/semmelweis.hu\/etk\/wp-json\/wp\/v2\/categories?post=584"},{"taxonomy":"post_tag","embeddable":true,"href":"https:\/\/semmelweis.hu\/etk\/wp-json\/wp\/v2\/tags?post=584"}],"curies":[{"name":"wp","href":"https:\/\/api.w.org\/{rel}","templated":true}]}}