{"id":341,"date":"2020-03-30T22:15:42","date_gmt":"2020-03-30T20:15:42","guid":{"rendered":"http:\/\/semmelweis.hu\/etk\/?page_id=341"},"modified":"2025-04-11T12:07:27","modified_gmt":"2025-04-11T10:07:27","slug":"division-of-physical-education","status":"publish","type":"page","link":"https:\/\/semmelweis.hu\/etk\/en\/departments\/division-of-physical-education\/","title":{"rendered":"Division of Physical Education"},"content":{"rendered":"<div class=\"responsive-tabs\">\n<h2 class=\"tabtitle\">Introduction<\/h2>\n<div class=\"tabcontent\">\n\n<div class=\"keretes\">\n<p><strong>Phone<\/strong> +36 1 486 5850<br \/>\n<strong>Email<\/strong> <a href=\"mailto:etk.testneveles@semmelweis.hu\">etk.testneveles@semmelweis.hu<\/a><br \/>\n<strong>Head of the Division:<\/strong> G\u00e1bor So\u00f3s<\/p>\n<\/div>\n<p style=\"text-align: justify\"><strong>Background\u00a0 <\/strong>The Division of Physical Education is a unit of the <a href=\"https:\/\/semmelweis.hu\/etk\/en\/departments\/department-of-physiotherapy\/\">Department of Physiotherapy<\/a>.<\/p>\n<p style=\"text-align: justify\"><strong>Education\u00a0<\/strong> The Division of Physical Education teaches the 4-semesters long criteria subject, the Physical Education (PE) for each full-time B.Sc. student. PE classes offers students several opportunities for sport (swimming, volley-ball, handball, basketball, football, floorball, conditioning, aerobic) in different locations (gym, swimming pool).<\/p>\n<p style=\"text-align: justify\">Apart from the PE course, therapeutic swimming that is highly demanded by our students is also launched as a selective subject in each semester.<\/p>\n<p style=\"text-align: justify\">Colleagues of the Division participate in the operation of the Student Sport Association (DSE). Primarily, the Association manages student participation in the university\u2019s system of sport competitions.<\/p>\n<p style=\"text-align: justify\">\n<\/div><h2 class=\"tabtitle\">Teaching staff<\/h2>\n<div class=\"tabcontent\">\n<\/p>\n<p><a href=\"https:\/\/semmelweis.hu\/etk\/files\/2025\/03\/Soos_Gabor_EN_CV.pdf\">SO\u00d3S G\u00e1bor<\/a><\/p>\n<p style=\"padding-left: 40px\"><em>Lead P.E. teacher<\/em><\/p>\n<p><a href=\"https:\/\/semmelweis.hu\/etk\/files\/2025\/03\/Bagyanszki_Zsolt_EN_CV.pdf\">BAGY\u00c1NSZKI Zsolt<\/a><\/p>\n<p style=\"padding-left: 40px\"><em>P.E. teacher<\/em><\/p>\n<p><a href=\"https:\/\/semmelweis.hu\/etk\/files\/2025\/04\/Barcsay_Csanad_EN_CV.pdf\">BARCSAY \u00c1kos Csan\u00e1d<\/a><\/p>\n<p><em>\u00a0\u00a0\u00a0\u00a0\u00a0\u00a0\u00a0 P.E. teacher<\/em><\/p>\n<p>BEL\u00c1KN\u00c9 TELENKA Kl\u00e1ra<\/p>\n<p><span class=\"emp-phone\">\u00a0\u00a0\u00a0\u00a0\u00a0\u00a0\u00a0 <em>P.E. teacher<\/em><br \/>\n<\/span><\/p>\n<p><a href=\"https:\/\/semmelweis.hu\/etk\/files\/2025\/03\/Hallgato_Csik_Ivett_EN_CV.pdf\">HALLGAT\u00d3-CS\u00cdK Ivett<\/a><\/p>\n<p style=\"padding-left: 40px\"><em>P.E. teacher<\/em><\/p>\n<p><a href=\"https:\/\/semmelweis.hu\/etk\/files\/2025\/03\/Labanne_Csik_Virag_EN_CV.pdf\">LABANN\u00c9 CS\u00cdK Vir\u00e1g<\/a><\/p>\n<p style=\"padding-left: 40px\"><em>P.E. teacher<\/em><\/p>\n<\/div><\/div>\n","protected":false},"excerpt":{"rendered":"<p>Phone +36 1 486 5850 Email <a href=\"mailto:etk.testneveles@semmelweis.hu\">etk.testneveles@semmelweis.hu<\/a> Head of the Division: G\u00e1bor So\u00f3s Background\u00a0 The Division of Physical Education is a unit of the <a href=\"https:\/\/semmelweis.hu\/etk\/en\/departments\/department-of-physiotherapy\/\">Department of Physiotherapy<\/a> . Education\u00a0 The Division of Physical Education teaches the 4-semesters long criteria subject, the Physical Education (PE) for each full-time B.Sc. student. PE classes offers students several opportunities for sport (swimming, volley-ball, &hellip;<\/p>\n","protected":false},"author":101733,"featured_media":0,"parent":348,"menu_order":15,"comment_status":"closed","ping_status":"closed","template":"","meta":{"_acf_changed":false,"footnotes":""},"categories":[],"tags":[],"class_list":["post-341","page","type-page","status-publish","hentry"],"acf":[],"_links":{"self":[{"href":"https:\/\/semmelweis.hu\/etk\/wp-json\/wp\/v2\/pages\/341","targetHints":{"allow":["GET"]}}],"collection":[{"href":"https:\/\/semmelweis.hu\/etk\/wp-json\/wp\/v2\/pages"}],"about":[{"href":"https:\/\/semmelweis.hu\/etk\/wp-json\/wp\/v2\/types\/page"}],"author":[{"embeddable":true,"href":"https:\/\/semmelweis.hu\/etk\/wp-json\/wp\/v2\/users\/101733"}],"replies":[{"embeddable":true,"href":"https:\/\/semmelweis.hu\/etk\/wp-json\/wp\/v2\/comments?post=341"}],"version-history":[{"count":10,"href":"https:\/\/semmelweis.hu\/etk\/wp-json\/wp\/v2\/pages\/341\/revisions"}],"predecessor-version":[{"id":17916,"href":"https:\/\/semmelweis.hu\/etk\/wp-json\/wp\/v2\/pages\/341\/revisions\/17916"}],"up":[{"embeddable":true,"href":"https:\/\/semmelweis.hu\/etk\/wp-json\/wp\/v2\/pages\/348"}],"wp:attachment":[{"href":"https:\/\/semmelweis.hu\/etk\/wp-json\/wp\/v2\/media?parent=341"}],"wp:term":[{"taxonomy":"category","embeddable":true,"href":"https:\/\/semmelweis.hu\/etk\/wp-json\/wp\/v2\/categories?post=341"},{"taxonomy":"post_tag","embeddable":true,"href":"https:\/\/semmelweis.hu\/etk\/wp-json\/wp\/v2\/tags?post=341"}],"curies":[{"name":"wp","href":"https:\/\/api.w.org\/{rel}","templated":true}]}}