{"id":324,"date":"2020-03-30T22:00:40","date_gmt":"2020-03-30T20:00:40","guid":{"rendered":"http:\/\/semmelweis.hu\/etk\/?page_id=324"},"modified":"2025-10-10T13:19:34","modified_gmt":"2025-10-10T11:19:34","slug":"department-of-public-health-sciences","status":"publish","type":"page","link":"https:\/\/semmelweis.hu\/etk\/en\/departments\/department-of-public-health-sciences\/","title":{"rendered":"Department of Public Health Sciences"},"content":{"rendered":"<div class=\"responsive-tabs\">\n<h2 class=\"tabtitle\">Introduction<\/h2>\n<div class=\"tabcontent\">\n\n<div class=\"keretes\">\n<p><strong>Phone <\/strong>+36 1 486 4870<br \/>\n<strong>Email<\/strong> <a href=\"mailto:etk.kozeg@semmelweis.hu\">etk.kozeg@semmelweis.hu<\/a><br \/>\n<strong>Head of the Department: <\/strong>College Professor Tam\u00e1s P\u00e1ndics Ph.D.<\/p>\n<\/div>\n<h6><strong>The mission of the Department of Public Health Sciences<\/strong><\/h6>\n<p style=\"text-align: justify\">The main mission of the Department is to provide teaching and research for the students of BSc in Public Health Inspector and of the specialisations of MSc in Public Health (Environmental and Occupational Health, Epidemology) (MSc only in Hungarian). The main profiles of the Department are organised around the main subjects of the specialization. The department\u2019s faculty-level missions include teaching subjects related to public health, epidemiology, prevention and health promotion in all specialisations, both at BSc and MSc level, in compulsory and elective subjects, in Hungarian and English.<\/p>\n<h6><strong>Educational and professional profiles<\/strong><\/h6>\n<p style=\"text-align: justify\">The Department provides a broad spectrum of theoretical and practical training covering the full range of public health functions, with a special focus on public health inspectors, certified public health professionals, but also a wide range of other specialisations and professions. The subjects taught range from public health epidemiology, chemical safety and occupational health to food and environmental health, organised according to the classical health protection functions. The department\u2019s teaching staff are also recognised practitioners of their profession, so that the content of the courses is constantly updated, with theoretical and very high levels of practical training in all subjects in line with the latest practices.<\/p>\n<p style=\"text-align: justify\">Due to its professional profile, the Department organises and conducts professional training courses (compulsory and continuing) in fields of microbiology, epidemiology and public health. Our staff are active participants in the scientific societies and their events in our fields. In this context it maintains close links with the Hungarian Hygienists\u2019 Society (MHT) and the Hungarian Infection Control Society (MIT), which also has a national role through the coordinations of its Environmental Infection Control Workgroup. The Department is the representative of the Faculty in the Association of Public Health Training and Research Centres (NKE). The Head of the Department is the focal point of the WHO Environment and Health Hungary and co-chair of the Environment and Health Task Force of the European Environment and Health Process.<\/p>\n<p style=\"text-align: justify\">The staff of the Department are active participants as tutors and lecturers in the Faculty\u2019s international accredited educational partnership, the European Union\u2019s Socrates Program and the Cohehre Academy (Consortium in Higher Education in Health Care and Rehabilitation). Our Department is involved in promoting student and faculty mobility within the ERASMUS+ program.<\/p>\n<h6><strong>Research Activities<\/strong><\/h6>\n<p style=\"text-align: justify\">The Department is involved in research and methodological developments in the field of public health. Its research topics typically focuses on the impact of environment on health and patient safety. Within these themes, the Department covers almost the whole spectrum of public health from microbiology, infectious and non-infectious epidemiology to risk assessment and risk management strategies. Individual research activities are predominantly interdisciplinary. Research are not only carried out by faculty members of the Department, the Department actively supports students to join to the scientific work in the framework of Scientific Student Circle.<\/p>\n<p><em>Infection Control Centre<\/em><\/p>\n<p>\u2013\u00a0 In order to prevent nosocomial and healthcare associated infections, the Department forms an infection control centre in collaboration with external public health partners.<\/p>\n<p>\u2013\u00a0 The key elements of active laboratory surveillance system:<\/p>\n<p>\u2013\u00a0 molecular biology methods for comparison\/characterization of strains isolated from different sources;<\/p>\n<p>\u2013\u00a0 monitoring infections;<\/p>\n<p>\u2013\u00a0 computer data analysis of bacterial isolates including antimicrobial-resistance patterns.<\/p>\n<p><em>Burial customs and funeral practices <\/em><\/p>\n<p>\u2013\u00a0 Treatment of dead persons according to the law and the process of mourning;<\/p>\n<p>\u2013\u00a0 Dead people \u2013 from a public health and cultural historical view;<\/p>\n<p>\u2013\u00a0 Characteristics and forms of burial from an intercultural perspective.<\/p>\n<p style=\"text-align: justify\">\n<\/div><h2 class=\"tabtitle\">Teaching staff<\/h2>\n<div class=\"tabcontent\">\n<\/p>\n<p><a href=\"https:\/\/semmelweis.hu\/etk\/files\/2025\/03\/Pandics_Tamas_EN_CV.pdf\">Dr. P\u00c1NDICS Tam\u00e1s<\/a><\/p>\n<p style=\"padding-left: 40px\"><em>College professor, Head of department<\/em><\/p>\n<p><a href=\"https:\/\/semmelweis.hu\/etk\/files\/2025\/03\/Csima_Zoltan_EN_CV.pdf\">CSIMA Zolt\u00e1n<\/a><\/p>\n<p style=\"padding-left: 40px\"><em>Assistant lecturer<\/em><\/p>\n<p><a href=\"https:\/\/semmelweis.hu\/etk\/files\/2024\/12\/Dandarne-Csabai-Csilla-oneletrajz_angol.pdf\">DAND\u00c1RN\u00c9 CSABAI Csilla<\/a><\/p>\n<p><em>\u00a0\u00a0\u00a0\u00a0\u00a0\u00a0\u00a0 Master instructor <br \/>\n<\/em><\/p>\n<p>Dr. GALG\u00d3CZI \u00c1gnes<\/p>\n<p><em>\u00a0\u00a0\u00a0\u00a0\u00a0\u00a0\u00a0 Assistant lecturer<br \/>\n<\/em><\/p>\n<p><a href=\"https:\/\/semmelweis.hu\/etk\/files\/2024\/11\/CV_Gyenes_EN.pdf\">GYENES G\u00e1bor<\/a><\/p>\n<p><em>\u00a0 \u00a0 \u00a0\u00a0 Assistant lecturer<\/em><\/p>\n<p>IZS\u00c1K B\u00e1lint<\/p>\n<p style=\"padding-left: 40px\"><em> Assistant lecturer<\/em><\/p>\n<p><a href=\"https:\/\/semmelweis.hu\/etk\/files\/2025\/03\/Jager_Edit_EN_CV.pdf\">Dr. J\u00c1GER Edit Andrea<\/a><\/p>\n<p style=\"padding-left: 40px\"><em>College associate professor<\/em><\/p>\n<p><a href=\"https:\/\/semmelweis.hu\/etk\/files\/2025\/03\/Kadar_Laszlo_EN_CV.pdf\">K\u00c1D\u00c1R L\u00e1szl\u00f3 Csaba<\/a><\/p>\n<p style=\"padding-left: 40px\"><em>Assistant lecturer<br \/>\n<\/em><\/p>\n<p><a href=\"https:\/\/semmelweis.hu\/etk\/files\/2025\/03\/Sinka_Magdolna_EN_CV.pdf\">Dr. SINKA Magdolna<\/a><\/p>\n<p style=\"padding-left: 40px\"><em>College associate professor<\/em><\/p>\n<p>VARGA Loretta<\/p>\n<p><em>\u00a0\u00a0\u00a0\u00a0\u00a0\u00a0 Assistant lecturer <\/em><\/p>\n\n<\/div><h2 class=\"tabtitle\">Department board<\/h2>\n<div class=\"tabcontent\">\n\n<p><a href=\"https:\/\/semmelweis.hu\/etk\/files\/2023\/08\/kontakt-oktatok-HUN-ENG-2023-2024.pdf\">List of contact persons per courses<\/a> <em>(page 2)<\/em><\/p>\n<p><a href=\"https:\/\/semmelweis.hu\/etk\/files\/2025\/10\/portfolio-guidelines-PH-v1.0.pdf\">Guideline for the preparation of portfolio thesis<\/a> for Public Health Supervisor students<\/p>\n<\/div><\/div>\n","protected":false},"excerpt":{"rendered":"<p>Phone +36 1 486 4870 Email <a href=\"mailto:etk.kozeg@semmelweis.hu\">etk.kozeg@semmelweis.hu<\/a> Head of the Department: College Professor Tam\u00e1s P\u00e1ndics Ph.D. The mission of the Department of Public Health Sciences The main mission of the Department is to provide teaching and research for the students of BSc in Public Health Inspector and of the specialisations of MSc in Public Health (Environmental &hellip;<\/p>\n","protected":false},"author":101733,"featured_media":0,"parent":348,"menu_order":7,"comment_status":"closed","ping_status":"closed","template":"","meta":{"_acf_changed":false,"footnotes":""},"categories":[],"tags":[],"class_list":["post-324","page","type-page","status-publish","hentry"],"acf":[],"_links":{"self":[{"href":"https:\/\/semmelweis.hu\/etk\/wp-json\/wp\/v2\/pages\/324","targetHints":{"allow":["GET"]}}],"collection":[{"href":"https:\/\/semmelweis.hu\/etk\/wp-json\/wp\/v2\/pages"}],"about":[{"href":"https:\/\/semmelweis.hu\/etk\/wp-json\/wp\/v2\/types\/page"}],"author":[{"embeddable":true,"href":"https:\/\/semmelweis.hu\/etk\/wp-json\/wp\/v2\/users\/101733"}],"replies":[{"embeddable":true,"href":"https:\/\/semmelweis.hu\/etk\/wp-json\/wp\/v2\/comments?post=324"}],"version-history":[{"count":10,"href":"https:\/\/semmelweis.hu\/etk\/wp-json\/wp\/v2\/pages\/324\/revisions"}],"predecessor-version":[{"id":18833,"href":"https:\/\/semmelweis.hu\/etk\/wp-json\/wp\/v2\/pages\/324\/revisions\/18833"}],"up":[{"embeddable":true,"href":"https:\/\/semmelweis.hu\/etk\/wp-json\/wp\/v2\/pages\/348"}],"wp:attachment":[{"href":"https:\/\/semmelweis.hu\/etk\/wp-json\/wp\/v2\/media?parent=324"}],"wp:term":[{"taxonomy":"category","embeddable":true,"href":"https:\/\/semmelweis.hu\/etk\/wp-json\/wp\/v2\/categories?post=324"},{"taxonomy":"post_tag","embeddable":true,"href":"https:\/\/semmelweis.hu\/etk\/wp-json\/wp\/v2\/tags?post=324"}],"curies":[{"name":"wp","href":"https:\/\/api.w.org\/{rel}","templated":true}]}}