{"id":32,"date":"2020-03-19T16:12:38","date_gmt":"2020-03-19T15:12:38","guid":{"rendered":"http:\/\/semmelweis.hu\/etk\/?page_id=32"},"modified":"2025-03-20T11:10:56","modified_gmt":"2025-03-20T10:10:56","slug":"hallgatoi-informaciok","status":"publish","type":"page","link":"https:\/\/semmelweis.hu\/etk\/hallgatoi-informaciok\/","title":{"rendered":"Hallgat\u00f3i inform\u00e1ci\u00f3k"},"content":{"rendered":"<p><strong>Menek\u00fcl\u00e9si \u00fatvonalak<\/strong><\/p>\n<ul>\n<li><a href=\"https:\/\/semmelweis.hu\/etk\/files\/2023\/06\/Menekulesi-terv-Vas-utca-17.pdf\">Vas utcai \u00e9p\u00fclet<\/a> menek\u00fcl\u00e9si \u00fatvonala<\/li>\n<li><a href=\"https:\/\/semmelweis.hu\/etk\/files\/2023\/06\/Menekulesi-terv-Szentkiralyi-utca-12-14-1.pdf\">Szentkir\u00e1lyi utcai \u00e9p\u00fclet<\/a> menek\u00fcl\u00e9si \u00fatvonala<\/li>\n<li><a href=\"https:\/\/semmelweis.hu\/etk\/files\/2020\/06\/tuz_erkel_02.pdf\">Erkel utcai \u00e9p\u00fclet<\/a> menek\u00fcl\u00e9si \u00fatvonala<\/li>\n<\/ul>\n<p><a href=\"https:\/\/semmelweis.hu\/informatika\/egyeb-szolgaltatasok\/egyeb-szolgaltatasok-2\/egyetemi-wifi-szolgaltatasok\/\">Egyetemi WIFI szolg\u00e1ltat\u00e1sok\u2192<\/a><\/p>\n<p><a href=\"http:\/\/neptun.semmelweis.hu\">NEPTUN\u2192<\/a><\/p>\n<p><a href=\"https:\/\/semmelweis.hu\/egyetemi-hallgatoknak\/szabadidos-kedvezmenyek\/\">Sport-, kultur\u00e1lis-, egy\u00e9b kedvezm\u00e9nyek\u2192<\/a><\/p>\n<p style=\"text-align: justify\">Semmelweis Egyetem Eg\u00e9szs\u00e9gtudom\u00e1nyi Kar \u201eOktat\u00f3i munka hallgat\u00f3i v\u00e9lem\u00e9nyez\u00e9se\u201d felm\u00e9r\u00e9s nyom\u00e1n kialak\u00edtott<strong> <a href=\"https:\/\/semmelweis.hu\/etk\/files\/2023\/06\/SE_ETK_OMHV-INTEZKEDESI-TERV_2024-25-1.pdf\">int\u00e9zked\u00e9si terve (pdf)<\/a>\u00a0<\/strong>&#8211; 2024\/2025. tan\u00e9v \u0151szi f\u00e9l\u00e9v<\/p>\n<p>&nbsp;<\/p>\n","protected":false},"excerpt":{"rendered":"<p>Menek\u00fcl\u00e9si \u00fatvonalak<\/p>\n<p><a href=\"https:\/\/semmelweis.hu\/etk\/files\/2023\/06\/Menekulesi-terv-Vas-utca-17.pdf\">Vas utcai \u00e9p\u00fclet<\/a> menek\u00fcl\u00e9si \u00fatvonala<br \/>\n<a href=\"https:\/\/semmelweis.hu\/etk\/files\/2023\/06\/Menekulesi-terv-Szentkiralyi-utca-12-14-1.pdf\">Szentkir\u00e1lyi utcai \u00e9p\u00fclet<\/a> menek\u00fcl\u00e9si \u00fatvonala<br \/>\n<a href=\"https:\/\/semmelweis.hu\/etk\/files\/2020\/06\/tuz_erkel_02.pdf\">Erkel utcai \u00e9p\u00fclet<\/a> menek\u00fcl\u00e9si \u00fatvonala<\/p>\n<p><a href=\"https:\/\/semmelweis.hu\/informatika\/egyeb-szolgaltatasok\/egyeb-szolgaltatasok-2\/egyetemi-wifi-szolgaltatasok\/\">Egyetemi WIFI szolg\u00e1ltat\u00e1sok\u2192<\/a><br \/>\n<a href=\"http:\/\/neptun.semmelweis.hu\">NEPTUN\u2192<\/a><br \/>\n<a href=\"https:\/\/semmelweis.hu\/egyetemi-hallgatoknak\/szabadidos-kedvezmenyek\/\">Sport-, kultur\u00e1lis-, egy\u00e9b kedvezm\u00e9nyek\u2192<\/a><br \/>\nSemmelweis Egyetem Eg\u00e9szs\u00e9gtudom\u00e1nyi Kar \u201eOktat\u00f3i munka hallgat\u00f3i v\u00e9lem\u00e9nyez\u00e9se\u201d felm\u00e9r\u00e9s nyom\u00e1n kialak\u00edtott <a href=\"https:\/\/semmelweis.hu\/etk\/files\/2023\/06\/SE_ETK_OMHV-INTEZKEDESI-TERV_2024-25-1.pdf\">int\u00e9zked\u00e9si terve (pdf)<\/a>\u00a0&#8211; 2024\/2025. tan\u00e9v \u0151szi f\u00e9l\u00e9v<br \/>\n&nbsp;<\/p>\n","protected":false},"author":12,"featured_media":0,"parent":0,"menu_order":0,"comment_status":"closed","ping_status":"closed","template":"","meta":{"_acf_changed":false,"footnotes":""},"categories":[],"tags":[],"class_list":["post-32","page","type-page","status-publish","hentry"],"acf":[],"_links":{"self":[{"href":"https:\/\/semmelweis.hu\/etk\/wp-json\/wp\/v2\/pages\/32","targetHints":{"allow":["GET"]}}],"collection":[{"href":"https:\/\/semmelweis.hu\/etk\/wp-json\/wp\/v2\/pages"}],"about":[{"href":"https:\/\/semmelweis.hu\/etk\/wp-json\/wp\/v2\/types\/page"}],"author":[{"embeddable":true,"href":"https:\/\/semmelweis.hu\/etk\/wp-json\/wp\/v2\/users\/12"}],"replies":[{"embeddable":true,"href":"https:\/\/semmelweis.hu\/etk\/wp-json\/wp\/v2\/comments?post=32"}],"version-history":[{"count":10,"href":"https:\/\/semmelweis.hu\/etk\/wp-json\/wp\/v2\/pages\/32\/revisions"}],"predecessor-version":[{"id":17740,"href":"https:\/\/semmelweis.hu\/etk\/wp-json\/wp\/v2\/pages\/32\/revisions\/17740"}],"wp:attachment":[{"href":"https:\/\/semmelweis.hu\/etk\/wp-json\/wp\/v2\/media?parent=32"}],"wp:term":[{"taxonomy":"category","embeddable":true,"href":"https:\/\/semmelweis.hu\/etk\/wp-json\/wp\/v2\/categories?post=32"},{"taxonomy":"post_tag","embeddable":true,"href":"https:\/\/semmelweis.hu\/etk\/wp-json\/wp\/v2\/tags?post=32"}],"curies":[{"name":"wp","href":"https:\/\/api.w.org\/{rel}","templated":true}]}}