{"id":318,"date":"2020-03-30T21:55:10","date_gmt":"2020-03-30T19:55:10","guid":{"rendered":"http:\/\/semmelweis.hu\/etk\/?page_id=318"},"modified":"2026-01-30T10:40:30","modified_gmt":"2026-01-30T09:40:30","slug":"department-of-clinical-studies","status":"publish","type":"page","link":"https:\/\/semmelweis.hu\/etk\/en\/departments\/department-of-clinical-studies\/","title":{"rendered":"Department of Clinical Studies"},"content":{"rendered":"<div class=\"responsive-tabs\">\n<h2 class=\"tabtitle\">Introduction<\/h2>\n<div class=\"tabcontent\">\n\n<div class=\"keretes\">\n<p><strong>Phone<\/strong> +36 1 486 5970 <br \/>\n<strong>Email<\/strong> <a href=\"mailto:etk.egtud.klinikai@semmelweis.hu\">etk.egtud.klinikai@semmelweis.hu<\/a><br \/>\n<strong>Head of the Department<\/strong> Professor Kl\u00e1ra Gad\u00f3, M.D., Ph.D.<\/p>\n<\/div>\n<p style=\"text-align: justify\"><strong>Background<\/strong> The tasks of the Department of Clinical Studies are the instruction of clinical knowledge within the frame of the Faculty of Health Sciences\u2019 B.Sc. and M.Sc. programmes and participation in the health sciences programmes of Semmelweis University\u2019s School of Ph.D. Studies as consultant or reviewer.<\/p>\n<p style=\"text-align: justify\"><strong>Education<\/strong> The Department\u2019s educational activities include:<\/p>\n<ul style=\"text-align: justify\">\n<li style=\"text-align: justify\">Transmission of evidence-based, modern, medical-clinical knowledge, and allowing students to gain an understanding of the aetiology and pathomechanism of different diseases;<\/li>\n<li>Enabling students to recognise the signs of diseases, evaluate symptoms, and perform adequate patient care based on available competences;<\/li>\n<li>Providing basic pharmacological knowledge, therapeutic possibilities and effects, side effects, therapeutic responses.<\/li>\n<li>Students gain insights into the clinical significance of the most important laboratory, radiological and endoscopic examinations, into the methods of clinical problem-solving, and into the pharmacological basis of medical therapy.<\/li>\n<li>Preparation of students for assistance in advanced diagnostic and therapeutic methods, the understanding of current medical science, and the acquirement of the competences required for health practitioners;<\/li>\n<li>Development of the solid approach in prevention-remedy-nursing-care-rehabilitation.<\/li>\n<\/ul>\n<p style=\"text-align: justify\">The Department actively participates in:<\/p>\n<ul style=\"text-align: justify\">\n<li>The preparation of student-focused didactical strategies;<\/li>\n<li>The development of new subjects and training programmes;<\/li>\n<li>The preparation of textbooks and lecture books;<\/li>\n<li>Special didactical and applied clinical research projects.<\/li>\n<\/ul>\n<p style=\"text-align: justify\"><strong>Research<\/strong><\/p>\n<ul style=\"text-align: justify\">\n<li>Hemostasis changes in pregnancies;<\/li>\n<li>Diagnosis and therapy of thrombophilias;<\/li>\n<li>The methodology of teaching clinical knowledge;<\/li>\n<li>Fitting the level of higher education to the European Qualification Framework;<\/li>\n<li>Development of validation processes in higher education;<\/li>\n<li>Family planning, family care;<\/li>\n<li>Social and cultural background of health care employees;<\/li>\n<li>The support of parents expecting their first child; application of the APP model (PhD research);<\/li>\n<li>Family planning and maternity plans of Health Visitor students;<\/li>\n<li>Anaesthesiology and Intensive therapy \u2013 patient security\/safety, monitoring;<\/li>\n<li>Clinical nutrition and its management with pharmaceutical aspects;<\/li>\n<li>Risk screening, nutritional assessment, oral nutrition support, enteral and parenteral nutrition;<\/li>\n<li>Parenteral nutrition compatibility and incompatibility;<\/li>\n<li>Methods of examination of TPN emulsions, physicochemical stability of TPN;<\/li>\n<li>Role of nutrition team.<\/li>\n<\/ul>\n<p style=\"text-align: justify\">\n<\/div><h2 class=\"tabtitle\">Teaching staff<\/h2>\n<div class=\"tabcontent\">\n<\/p>\n<p><a href=\"https:\/\/semmelweis.hu\/etk\/files\/2025\/03\/Gado_Klara_EN_CV.pdf\">Dr. GAD\u00d3 Kl\u00e1ra<\/a><\/p>\n<p style=\"padding-left: 40px\"><em>Vice-dean for General Affairs, College professor, Head of department\u00a0<\/em><\/p>\n<p>Dr. DOMJ\u00c1N Gyula<\/p>\n<p style=\"padding-left: 40px\"><em>University professor, professor emeritus<br \/>\n<\/em><\/p>\n<div>\n<div>Dr. HAGY\u00d3N\u00c9 Dr. AG\u00d3CS-SISENSZKY Katalin<\/div>\n<div>\u00a0<\/div>\n<div style=\"padding-left: 40px\"><em>Master instructor<\/em><\/div>\n<div>\u00a0<\/div>\n<\/div>\n<p><a href=\"https:\/\/semmelweis.hu\/etk\/files\/2025\/03\/Harisi_Revekka_EN_CV.pdf\">Dr. HARISI Revekka<\/a><\/p>\n<p style=\"padding-left: 40px\"><em>Senior lecturer<\/em><\/p>\n<p><a href=\"https:\/\/semmelweis.hu\/etk\/files\/2025\/03\/Lovasz_Barbara_EN_CV.pdf\">Dr. SV\u00c9BISN\u00c9 LOV\u00c1SZ Barbara Dorottya<\/a><\/p>\n<p style=\"padding-left: 40px\"><em><span class=\"emp-phone\">Senior lecturer<br \/>\n<\/span><\/em><\/p>\n<div class=\"col-12 col-md-6 px-0 \">\n<p>Dr. SZAB\u00d3 \u00c1gnes<\/p>\n<p style=\"padding-left: 40px\"><em>Assistant lecturer<\/em><\/p>\n<p>Dr. Wang Lifen<\/p>\n<p style=\"padding-left: 40px\"><em>Master instructor<\/em><\/p>\n<\/div>\n<\/div><\/div>\n","protected":false},"excerpt":{"rendered":"<p>Phone +36 1 486 5970 Email <a href=\"mailto:etk.egtud.klinikai@semmelweis.hu\">etk.egtud.klinikai@semmelweis.hu<\/a> Head of the Department Professor Kl\u00e1ra Gad\u00f3, M.D., Ph.D. Background The tasks of the Department of Clinical Studies are the instruction of clinical knowledge within the frame of the Faculty of Health Sciences\u2019 B.Sc. and M.Sc. programmes and participation in the health sciences programmes of Semmelweis University\u2019s School of &hellip;<\/p>\n","protected":false},"author":101733,"featured_media":0,"parent":348,"menu_order":4,"comment_status":"closed","ping_status":"closed","template":"","meta":{"_acf_changed":false,"footnotes":""},"categories":[],"tags":[],"class_list":["post-318","page","type-page","status-publish","hentry"],"acf":[],"_links":{"self":[{"href":"https:\/\/semmelweis.hu\/etk\/wp-json\/wp\/v2\/pages\/318","targetHints":{"allow":["GET"]}}],"collection":[{"href":"https:\/\/semmelweis.hu\/etk\/wp-json\/wp\/v2\/pages"}],"about":[{"href":"https:\/\/semmelweis.hu\/etk\/wp-json\/wp\/v2\/types\/page"}],"author":[{"embeddable":true,"href":"https:\/\/semmelweis.hu\/etk\/wp-json\/wp\/v2\/users\/101733"}],"replies":[{"embeddable":true,"href":"https:\/\/semmelweis.hu\/etk\/wp-json\/wp\/v2\/comments?post=318"}],"version-history":[{"count":11,"href":"https:\/\/semmelweis.hu\/etk\/wp-json\/wp\/v2\/pages\/318\/revisions"}],"predecessor-version":[{"id":19467,"href":"https:\/\/semmelweis.hu\/etk\/wp-json\/wp\/v2\/pages\/318\/revisions\/19467"}],"up":[{"embeddable":true,"href":"https:\/\/semmelweis.hu\/etk\/wp-json\/wp\/v2\/pages\/348"}],"wp:attachment":[{"href":"https:\/\/semmelweis.hu\/etk\/wp-json\/wp\/v2\/media?parent=318"}],"wp:term":[{"taxonomy":"category","embeddable":true,"href":"https:\/\/semmelweis.hu\/etk\/wp-json\/wp\/v2\/categories?post=318"},{"taxonomy":"post_tag","embeddable":true,"href":"https:\/\/semmelweis.hu\/etk\/wp-json\/wp\/v2\/tags?post=318"}],"curies":[{"name":"wp","href":"https:\/\/api.w.org\/{rel}","templated":true}]}}