{"id":2945,"date":"2020-09-07T09:50:35","date_gmt":"2020-09-07T07:50:35","guid":{"rendered":"https:\/\/semmelweis.hu\/etk\/?page_id=2945"},"modified":"2026-03-25T15:42:18","modified_gmt":"2026-03-25T14:42:18","slug":"orvosi-rendelo","status":"publish","type":"page","link":"https:\/\/semmelweis.hu\/etk\/hallgatoi-informaciok\/orvosi-rendelo\/","title":{"rendered":"Orvosi rendel\u0151"},"content":{"rendered":"<div class=\"responsive-tabs\">\n<h2 class=\"tabtitle\">Orvosi rendel\u0151<\/h2>\n<div class=\"tabcontent\">\n\n<p class=\"hiddenContentp\" style=\"text-align: justify\">A Vas utcai \u00e9p\u00fcletben hallgat\u00f3ink sz\u00e1m\u00e1ra orvosi rendel\u0151 m\u0171k\u00f6dik, melyben els\u0151seg\u00e9lyny\u00fajt\u00e1sra \u00e9s s\u00fcrg\u0151ss\u00e9gi esetek ell\u00e1t\u00e1s\u00e1ra, valamint tan\u00e1csad\u00e1sra, higi\u00e9n\u00e9s alkalmass\u00e1gi sz\u0171r\u0151vizsg\u00e1latokra \u00e9s esetenk\u00e9nt Hepatitis-B v\u00e9d\u0151olt\u00e1s p\u00f3tl\u00e1s\u00e1ra van lehet\u0151s\u00e9g.<\/p>\n<p class=\"hiddenContentp\" style=\"padding-left: 40px\">Az orvosi rendel\u0151 helye: 1088 Budapest, Vas u. 17. f\u00e9lemelet 1.<br \/>\nA rendel\u00e9st vezet\u0151 orvos: Dr. Holl\u00f3s S\u00e1ndor PhD, professor emeritus<br \/>\nE-mail: <a href=\"mailto:etk.rendelo@semmelweis.hu\">etk.rendelo@semmelweis.hu<\/a><\/p>\n<p><span style=\"font-size: 14pt\"><strong><span style=\"color: #ff0000\">FIGYELEM! A rendel\u00e9s el\u0151jegyz\u00e9s alapj\u00e1n m\u0171k\u00f6dik! <\/span><\/strong><\/span><\/p>\n<p><span style=\"font-size: 14pt\"><strong><span style=\"color: #ff0000\">Id\u0151pontot az Aptitude alkalmaz\u00e1sban tud foglalni: <a href=\"https:\/\/aptitude.semmelweis.hu\/login\" target=\"_blank\" rel=\"noopener\">https:\/\/aptitude.semmelweis.hu\/login\u00a0<\/a><br \/>\n<\/span><\/strong><\/span><\/p>\n<p><strong>Rendel\u00e9s 1:<\/strong> Dr. Horv\u00e1th Ferenc (asszisztens: Pet\u0151 Anett) &#8211; Rendel\u00e9si id\u0151 az Aptitude-ben tal\u00e1lhat\u00f3.<\/p>\n<p><strong>Rendel\u00e9s 2:<\/strong> Dr. Holl\u00f3s S\u00e1ndor (asszisztens: S\u00e1rk\u00f6zi Anik\u00f3) -Rendel\u00e9si id\u0151 az Aptitude-ben tal\u00e1lhat\u00f3.<\/p>\n<p><span style=\"color: #ff0000\">S\u00dcRG\u0150S ESETBEN jelezze k\u00e9r\u00e9s\u00e9t az <a href=\"mailto:etk.rendelo@semmelweis.hu\">etk.rendelo@semmelweis.hu <\/a>email c\u00edmen!<\/span><\/p>\n\n<\/div><h2 class=\"tabtitle\">Hirdet\u0151t\u00e1bla<\/h2>\n<div class=\"tabcontent\">\n\n<p><a href=\"https:\/\/semmelweis.hu\/etk\/files\/2023\/06\/Orvosi-taj-SEETK-valamennyi-hallgato-2025.pdf\"><strong>Higi\u00e9n\u00e9s alkalmass\u00e1gi<\/strong> vizsg\u00e1lat rendje<\/a><\/p>\n<p>Semmelweis Egyetem Foglalkoz\u00e1s-eg\u00e9szs\u00e9g\u00fcgyi Szolg\u00e1lat hallgat\u00f3i ell\u00e1t\u00e1s <a href=\"https:\/\/semmelweis.hu\/etk\/files\/2023\/06\/orvosi-GYIK-2025.pdf\">gyakran ism\u00e9telt k\u00e9rd\u00e9sek, milyen leletek sz\u00fcks\u00e9gesek a vizsg\u00e1latra<\/a>? (GYIK) <em>(pdf) <br \/>\n<\/em><\/p>\n<p><strong><a href=\"https:\/\/semmelweis.hu\/etk\/files\/2022\/09\/STEFI_hallgatoi-utmutato_20220902_HUN_final-1.pdf\">\u00datmutat\u00f3<\/a>\u00a0<\/strong>a Semmelweis Egyetem<strong> Testnevel\u00e9s-Felment\u00e9s<\/strong>i Informatikai rendszer\u00e9nek (STEFI) alkalmaz\u00e1s\u00e1hoz <em>(pdf)<\/em><\/p>\n<p><strong>APTITUDE <\/strong>(foglalkoz\u00e1s-eg\u00e9szs\u00e9g\u00fcgyi vizsg\u00e1lat)<\/p>\n<p style=\"padding-left: 40px\"><strong><a href=\"https:\/\/semmelweis.hu\/etk\/files\/2024\/03\/Taj-fog-eu-jel-Aptitude.pdf\">T\u00e1j\u00e9koztat\u00f3<\/a><\/strong> <strong>fels\u0151bb \u00e9veseknek<\/strong> a foglalkoz\u00e1s-eg\u00e9szs\u00e9g\u00fcgyi vizsg\u00e1latra <strong>jelentkez\u00e9sr\u0151l <\/strong><em>(pdf)<\/em><\/p>\n<p style=\"padding-left: 40px\"><strong><a href=\"https:\/\/semmelweis.hu\/etk\/files\/2024\/03\/Aptitude-utmutato.pdf\">\u00datmutat\u00f3 az Aptitude<\/a><\/strong> rendszer haszn\u00e1lat\u00e1hoz <em>(pdf)<\/em><\/p>\n<p><em>\u00a0<\/em><\/p>\n<div class=\"exp-col-content-holder\"><a class=\"expand-cnt-link\" href=\"#\">Let\u00f6lthet\u0151 nyomtatv\u00e1nyok<\/a><\/p>\n<div class=\"hidden-content\">\n<p class=\"hiddenContentp\">Eg\u00e9szs\u00e9g\u00fcgyi alkalmass\u00e1g igazol\u00e1sa<\/p>\n<ul style=\"list-style-type: disc\">\n<li class=\"hiddenContentp\"><a href=\"https:\/\/semmelweis.hu\/etk\/files\/2020\/09\/Eu_nyil_szakmai_gyak.pdf\">Eg\u00e9szs\u00e9g\u00fcgyi nyilatkozat szakmai gyakorlathoz (pdf)<\/a><\/li>\n<li class=\"hiddenContentp\"><a href=\"https:\/\/semmelweis.hu\/etk\/files\/2020\/09\/Hallgatoi_eu_lap_hig_alk.pdf\">Higi\u00e9n\u00e9s alkalmass\u00e1g igazol\u00e1sa (pdf)<\/a><\/li>\n<li class=\"hiddenContentp\">Beiratkoz\u00e1shoz sz\u00fcks\u00e9ges <a href=\"https:\/\/semmelweis.hu\/etk\/files\/2025\/07\/Orvosi-nyilatkozatok-beiratkozashoz.pdf\"><strong>eg\u00e9szs\u00e9g\u00fcgyi nyilatkozatok<\/strong><\/a>\u00a0(pdf)\u00a0\n<p>(Anamn\u00e9zis lap, H\u00e1ziorvosi nyilatkozat, SE Munkav\u00e9delmi Szab\u00e1lyzat\u00e1nak 5. mell\u00e9klete szerinti nyilatkozat, Eg\u00e9szs\u00e9g\u00fcgyi nyilatkozat-J\u00e1rv\u00e1ny\u00fcgyi \u00e9rdek)<\/p>\n<\/li>\n<\/ul>\n<\/div>\n<\/div>\n<\/div><\/div>\n","protected":false},"excerpt":{"rendered":"<p>A Vas utcai \u00e9p\u00fcletben hallgat\u00f3ink sz\u00e1m\u00e1ra orvosi rendel\u0151 m\u0171k\u00f6dik, melyben els\u0151seg\u00e9lyny\u00fajt\u00e1sra \u00e9s s\u00fcrg\u0151ss\u00e9gi esetek ell\u00e1t\u00e1s\u00e1ra, valamint tan\u00e1csad\u00e1sra, higi\u00e9n\u00e9s alkalmass\u00e1gi sz\u0171r\u0151vizsg\u00e1latokra \u00e9s esetenk\u00e9nt Hepatitis-B v\u00e9d\u0151olt\u00e1s p\u00f3tl\u00e1s\u00e1ra van lehet\u0151s\u00e9g. Az orvosi rendel\u0151 helye: 1088 Budapest, Vas u. 17. f\u00e9lemelet 1. A rendel\u00e9st vezet\u0151 orvos: Dr. Holl\u00f3s S\u00e1ndor PhD, professor emeritus E-mail: <a href=\"mailto:etk.rendelo@semmelweis.hu\">etk.rendelo@semmelweis.hu<\/a> FIGYELEM! A rendel\u00e9s el\u0151jegyz\u00e9s alapj\u00e1n m\u0171k\u00f6dik! &hellip;<\/p>\n","protected":false},"author":101729,"featured_media":0,"parent":32,"menu_order":5,"comment_status":"closed","ping_status":"closed","template":"","meta":{"_acf_changed":false,"footnotes":""},"categories":[],"tags":[],"class_list":["post-2945","page","type-page","status-publish","hentry"],"acf":[],"_links":{"self":[{"href":"https:\/\/semmelweis.hu\/etk\/wp-json\/wp\/v2\/pages\/2945","targetHints":{"allow":["GET"]}}],"collection":[{"href":"https:\/\/semmelweis.hu\/etk\/wp-json\/wp\/v2\/pages"}],"about":[{"href":"https:\/\/semmelweis.hu\/etk\/wp-json\/wp\/v2\/types\/page"}],"author":[{"embeddable":true,"href":"https:\/\/semmelweis.hu\/etk\/wp-json\/wp\/v2\/users\/101729"}],"replies":[{"embeddable":true,"href":"https:\/\/semmelweis.hu\/etk\/wp-json\/wp\/v2\/comments?post=2945"}],"version-history":[{"count":11,"href":"https:\/\/semmelweis.hu\/etk\/wp-json\/wp\/v2\/pages\/2945\/revisions"}],"predecessor-version":[{"id":19731,"href":"https:\/\/semmelweis.hu\/etk\/wp-json\/wp\/v2\/pages\/2945\/revisions\/19731"}],"up":[{"embeddable":true,"href":"https:\/\/semmelweis.hu\/etk\/wp-json\/wp\/v2\/pages\/32"}],"wp:attachment":[{"href":"https:\/\/semmelweis.hu\/etk\/wp-json\/wp\/v2\/media?parent=2945"}],"wp:term":[{"taxonomy":"category","embeddable":true,"href":"https:\/\/semmelweis.hu\/etk\/wp-json\/wp\/v2\/categories?post=2945"},{"taxonomy":"post_tag","embeddable":true,"href":"https:\/\/semmelweis.hu\/etk\/wp-json\/wp\/v2\/tags?post=2945"}],"curies":[{"name":"wp","href":"https:\/\/api.w.org\/{rel}","templated":true}]}}

Orvosi rendelő

<div class="responsive-tabs">
<h2 class="tabtitle">Orvosi rendelő</h2>
<div class="tabcontent">

<p class="hiddenContentp" style="text-align: justify">A Vas utcai épületben hallgatóink számára orvosi rendelő működik, melyben elsősegélynyújtásra és sürgősségi esetek ellátására, valamint tanácsadásra, higiénés alkalmassági szűrővizsgálatokra és esetenként Hepatitis-B védőoltás pótlására van lehetőség.</p>
<p class="hiddenContentp" style="padding-left: 40px">Az orvosi rendelő helye: 1088 Budapest, Vas u. 17. félemelet 1.<br />
A rendelést vezető orvos: Dr. Hollós Sándor PhD, professor emeritus<br />
E-mail: <a href="mailto:etk.rendelo@semmelweis.hu">etk.rendelo@semmelweis.hu</a></p>
<p><span style="font-size: 14pt"><strong><span style="color: #ff0000">FIGYELEM! A rendelés előjegyzés alapján működik! </span></strong></span></p>
<p><span style="font-size: 14pt"><strong><span style="color: #ff0000">Időpontot az Aptitude alkalmazásban tud foglalni: <a href="https://aptitude.semmelweis.hu/login" target="_blank" rel="noopener">https://aptitude.semmelweis.hu/login </a><br />
</span></strong></span></p>
<p><strong>Rendelés 1:</strong> Dr. Horváth Ferenc (asszisztens: Pető Anett) &#8211; Rendelési idő az Aptitude-ben található.</p>
<p><strong>Rendelés 2:</strong> Dr. Hollós Sándor (asszisztens: Sárközi Anikó) -Rendelési idő az Aptitude-ben található.</p>
<p><span style="color: #ff0000">SÜRGŐS ESETBEN jelezze kérését az <a href="mailto:etk.rendelo@semmelweis.hu">etk.rendelo@semmelweis.hu </a>email címen!</span></p>

</div><h2 class="tabtitle">Hirdetőtábla</h2>
<div class="tabcontent">

<p><a href="https://semmelweis.hu/etk/files/2023/06/Orvosi-taj-SEETK-valamennyi-hallgato-2025.pdf"><strong>Higiénés alkalmassági</strong> vizsgálat rendje</a></p>
<p>Semmelweis Egyetem Foglalkozás-egészségügyi Szolgálat hallgatói ellátás <a href="https://semmelweis.hu/etk/files/2023/06/orvosi-GYIK-2025.pdf">gyakran ismételt kérdések, milyen leletek szükségesek a vizsgálatra</a>? (GYIK) <em>(pdf) <br />
</em></p>
<p><strong><a href="https://semmelweis.hu/etk/files/2022/09/STEFI_hallgatoi-utmutato_20220902_HUN_final-1.pdf">Útmutató</a> </strong>a Semmelweis Egyetem<strong> Testnevelés-Felmentés</strong>i Informatikai rendszerének (STEFI) alkalmazásához <em>(pdf)</em></p>
<p><strong>APTITUDE </strong>(foglalkozás-egészségügyi vizsgálat)</p>
<p style="padding-left: 40px"><strong><a href="https://semmelweis.hu/etk/files/2024/03/Taj-fog-eu-jel-Aptitude.pdf">Tájékoztató</a></strong> <strong>felsőbb éveseknek</strong> a foglalkozás-egészségügyi vizsgálatra <strong>jelentkezésről </strong><em>(pdf)</em></p>
<p style="padding-left: 40px"><strong><a href="https://semmelweis.hu/etk/files/2024/03/Aptitude-utmutato.pdf">Útmutató az Aptitude</a></strong> rendszer használatához <em>(pdf)</em></p>
<p><em> </em></p>
<div class="exp-col-content-holder"><a class="expand-cnt-link" href="#">Letölthető nyomtatványok</a></p>
<div class="hidden-content">
<p class="hiddenContentp">Egészségügyi alkalmasság igazolása</p>
<ul style="list-style-type: disc">
<li class="hiddenContentp"><a href="https://semmelweis.hu/etk/files/2020/09/Eu_nyil_szakmai_gyak.pdf">Egészségügyi nyilatkozat szakmai gyakorlathoz (pdf)</a></li>
<li class="hiddenContentp"><a href="https://semmelweis.hu/etk/files/2020/09/Hallgatoi_eu_lap_hig_alk.pdf">Higiénés alkalmasság igazolása (pdf)</a></li>
<li class="hiddenContentp">Beiratkozáshoz szükséges <a href="https://semmelweis.hu/etk/files/2025/07/Orvosi-nyilatkozatok-beiratkozashoz.pdf"><strong>egészségügyi nyilatkozatok</strong></a> (pdf) 
<p>(Anamnézis lap, Háziorvosi nyilatkozat, SE Munkavédelmi Szabályzatának 5. melléklete szerinti nyilatkozat, Egészségügyi nyilatkozat-Járványügyi érdek)</p>
</li>
</ul>
</div>
</div>
</div></div>

<p>A Vas utcai épületben hallgatóink számára orvosi rendelő működik, melyben elsősegélynyújtásra és sürgősségi esetek ellátására, valamint tanácsadásra, higiénés alkalmassági szűrővizsgálatokra és esetenként Hepatitis-B védőoltás pótlására van lehetőség. Az orvosi rendelő helye: 1088 Budapest, Vas u. 17. félemelet 1. A rendelést vezető orvos: Dr. Hollós Sándor PhD, professor emeritus E-mail: <a href="mailto:etk.rendelo@semmelweis.hu">etk.rendelo@semmelweis.hu</a> FIGYELEM! A rendelés előjegyzés alapján működik! &hellip;</p>
