{"id":19453,"date":"2026-01-30T09:23:35","date_gmt":"2026-01-30T08:23:35","guid":{"rendered":"https:\/\/semmelweis.hu\/etk\/?page_id=19453"},"modified":"2026-01-30T10:15:43","modified_gmt":"2026-01-30T09:15:43","slug":"egeszsegturizmus-szervezo","status":"publish","type":"page","link":"https:\/\/semmelweis.hu\/etk\/oktatas\/alapkepzesek-bsc\/egeszsegugyi-szervezo-szak\/egeszsegturizmus-szervezo\/","title":{"rendered":"Eg\u00e9szs\u00e9gturizmus-szervez\u0151"},"content":{"rendered":"<h3>Eg\u00e9szs\u00e9g\u00fcgyi szervez\u0151 alapk\u00e9pz\u00e9si szak<\/h3>\n<h2>EG\u00c9SZS\u00c9G\u00dcGYI-SZERVEZ\u0150\/EG\u00c9SZS\u00c9GTURIZMUS-SZERVEZ\u0150 SPECIALIZ\u00c1CI\u00d3<\/h2>\n<div class=\"keretes w-100\">\n<h6><strong>Munkarend:<\/strong> nappali\u00a0<\/h6>\n<h6><strong>K\u00e9pz\u00e9si id\u0151: <\/strong>7 f\u00e9l\u00e9v, 210 kredit<\/h6>\n<h6><strong>K\u00e9pz\u00e9s nyelve:<\/strong> angol<\/h6>\n<\/div>\n<p><a href=\"#jelentkezes\">A felv\u00e9teli elj\u00e1r\u00e1ssal kapcsolatos b\u0151vebb inform\u00e1ci\u00f3k&#8230;<\/a><\/p>\n<h4><strong>Kiket v\u00e1runk a k\u00e9pz\u00e9sre?<\/strong><\/h4>\n<p style=\"text-align: justify\">Az eg\u00e9szs\u00e9g\u00fcgyi szervez\u0151 alapk\u00e9pz\u00e9si szak olyan tov\u00e1bbtanul\u00f3k sz\u00e1m\u00e1ra ny\u00fajt vonz\u00f3 lehet\u0151s\u00e9get, akik az eg\u00e9szs\u00e9g\u00fcgy menedzsment ter\u00fcletei \u00e9s\/vagy az eg\u00e9szs\u00e9g\u00fcgy \u00e9s az eg\u00e9szs\u00e9gturizmus \u00fczleti, valamint turisztikai kapcsol\u00f3d\u00e1sai ir\u00e1nt \u00e9rdekl\u0151dnek. Olyan hallgat\u00f3kat v\u00e1runk, akik kell\u0151en innovat\u00edvak, gyakorlatorient\u00e1ltak \u00e9s kreat\u00edvak. A Semmelweis Egyetemen (s\u0151t az eg\u00e9sz orsz\u00e1gban) egyed\u00fcl\u00e1ll\u00f3 m\u00f3don angol nyelven foly\u00f3 eg\u00e9szs\u00e9g\u00fcgyi szervez\u0151 alapk\u00e9pz\u00e9si (BSc) szakon tanul\u00f3 hallgat\u00f3k a IV. tanulm\u00e1nyi f\u00e9l\u00e9vt\u0151l az eg\u00e9szs\u00e9gturizmus-szervez\u0151 specializ\u00e1ci\u00f3 ter\u00fcleteivel is megismerkednek. \u00cdgy a v\u00e9gzettek sz\u00e1m\u00e1ra a diploma megszerz\u00e9s\u00e9t k\u00f6vet\u0151en rendk\u00edv\u00fcl sz\u00e9les elhelyezked\u00e9si lehet\u0151s\u00e9gek ny\u00edlnak meg 1) az eg\u00e9szs\u00e9g\u00fcgyi ell\u00e1t\u00f3rendszer k\u00fcl\u00f6nb\u00f6z\u0151 sz\u00ednterein megjelen\u0151 eg\u00e9szs\u00e9g\u00fcgyi szervez\u0151 munka (health care management), illetve 2) az eg\u00e9szs\u00e9gturizmus szakmater\u00fcletein egyar\u00e1nt, hiszen az angol nyelv\u0171 diplom\u00e1juk feljogos\u00edtja \u0151ket arra, hogy a jelzett k\u00e9t \u00e1gazat b\u00e1rmelyik\u00e9ben el tudjanak helyezkedni. V\u00e9gzett hallgat\u00f3ink egyfajta \u00f6sszek\u00f6t\u0151 kapcsot is jelenthetnek majd a k\u00e9t \u00e1gazat k\u00f6z\u00f6tt, ez\u00e1ltal m\u00e9g hat\u00e9konyabb\u00e1 tehetik az eg\u00e9szs\u00e9g\u00fcgyi \u00e9s a turisztikai ter\u00fcletek egy\u00fcttm\u0171k\u00f6d\u00e9s\u00e9t.<\/p>\n<h4><strong>F\u0151bb szakmai ismeretk\u00f6r\u00f6k<\/strong><\/h4>\n<p style=\"text-align: justify\">Vezet\u00e9si \u00e9s szervez\u00e9si ismeretek, Gazdas\u00e1gi \u00e9s eg\u00e9szs\u00e9ggazdas\u00e1gtani ismeretek, \u00d6sszehasonl\u00edt\u00f3 eg\u00e9szs\u00e9g\u00fcgyi rendszerek, Eg\u00e9szs\u00e9g\u00fcgyi menedzsment, P\u00e1ly\u00e1zat- \u00e9s projektmenedzsment, K\u00f6nyvviteli ismeretek, Jogi \u00e9s etikai ismeretek, Marketing, Eg\u00e9szs\u00e9gtudom\u00e1nyi alapismeretek, Beteg\u00fatszervez\u00e9s m\u00f3dszertani ismeretek, Turizmus rendszere, Gy\u00f3gy- \u00e9s wellness turizmus, Utaz\u00e1si irodai ismeretek, Gasztron\u00f3mia \u00e9s reformt\u00e1pl\u00e1lkoz\u00e1s, Komplex fizioter\u00e1pia, Prevenci\u00f3 \u00e9s rehabilit\u00e1ci\u00f3, Akad\u00e1lymentes \u00e9s senior turizmus, Rendezv\u00e9nyszervez\u00e9s, V\u00e1llalkoz\u00e1si ismeretek, \u00dczleti szimul\u00e1ci\u00f3.<\/p>\n<h4><strong>Tov\u00e1bbtanul\u00e1si lehet\u0151s\u00e9gek mesterszakon<\/strong><\/h4>\n<ul style=\"list-style-type: disc\">\n<li>Eg\u00e9szs\u00e9gpolitika, tervez\u00e9s \u00e9s finansz\u00edroz\u00e1s mesterszak<\/li>\n<li>Eg\u00e9szs\u00e9g\u00fcgyi menedzser<\/li>\n<li>Komplex rehabilit\u00e1ci\u00f3<\/li>\n<\/ul>\n<h4><strong>Mit csin\u00e1l egy EG\u00c9SZS\u00c9G\u00dcGYI SZERVEZ\u0150\/eg\u00e9szs\u00e9gturizmus-szervez\u0151?<\/strong><\/h4>\n<p style=\"text-align: justify\">Az eg\u00e9szs\u00e9g\u00fcgyi-szervez\u0151\/eg\u00e9szs\u00e9gturizmus-szervez\u0151 olyan sokoldal\u00fa szakember, aki az eg\u00e9szs\u00e9g\u00fcgyi folyamatokban \u00e9s a turizmus ter\u00fclet\u00e9n egyar\u00e1nt j\u00e1rtas. Tud\u00e1sa \u00f6tv\u00f6zi az eg\u00e9szs\u00e9g\u00fcgyi, az \u00fczleti \u00e9s a turisztikai ismereteket, ez\u00e1ltal nem csak az eg\u00e9szs\u00e9g\u00fcgyi int\u00e9zm\u00e9nyek m\u0171k\u00f6d\u00e9s\u00e9t l\u00e1tja \u00e1t \u00e9s k\u00e9pes annak folyamatait megszervezni \u00e9s koordin\u00e1lni, de \u00fczleti ismereteivel k\u00e9pes azt piacra vinni \u00e9s menedzselni is. Az eg\u00e9szs\u00e9gturisztikai specializ\u00e1ci\u00f3 megadja neki az eg\u00e9szs\u00e9gturisztikai, eg\u00e9szs\u00e9gmeg\u0151rz\u0151, a gy\u00f3gy\u00e1szati \u00e9s a rehabilit\u00e1ci\u00f3s programok, szolg\u00e1ltat\u00e1sok kialak\u00edt\u00e1s\u00e1nak ismereteit is.<\/p>\n<h4><strong>Elhelyezked\u00e9si lehet\u0151s\u00e9gek<\/strong><\/h4>\n<ul style=\"list-style-type: disc\">\n<li>k\u00f6z- \u00e9s\/vagy mag\u00e1nfinansz\u00edrozott eg\u00e9szs\u00e9g\u00fcgyi szolg\u00e1ltat\u00f3kn\u00e1l,<\/li>\n<li>szanat\u00f3riumokban,<\/li>\n<li>gy\u00f3gysz\u00e1ll\u00f3kban,<\/li>\n<li>term\u00e9szetes gy\u00f3gyt\u00e9nyez\u0151kre \u00e9p\u00fcl\u0151 szolg\u00e1ltat\u00f3kn\u00e1l,<\/li>\n<li>eg\u00e9szs\u00e9g- \u00e9s gy\u00f3gyturizmussal foglalkoz\u00f3, prevenci\u00f3s, rekre\u00e1ci\u00f3s c\u00e9lokat el\u0151t\u00e9rbe helyez\u0151 szolg\u00e1ltat\u00f3kn\u00e1l, utaz\u00e1sszervez\u0151kn\u00e9l,<\/li>\n<li>gy\u00f3gy- \u00e9s term\u00e1lf\u00fcrd\u0151kben.<\/li>\n<\/ul>\n<p>A k\u00e9pz\u00e9st bemutat\u00f3 vide\u00f3 <a href=\"https:\/\/www.youtube.com\/watch?v=cXglSUH41jQ\"><strong>IDE<\/strong><\/a> kattintva \u00e9rhet\u0151 el.<a id=\"jelentkezes\"><\/a><\/p>\n            <div class=\"qae-faqs-container qae-faqs-toggle-container\">\n\t\t\t\t\t\t\t<ul class=\"qe-faqs-filters-container\">\n\t\t\t\t<li class=\"active\"><a class=\"qe-faqs-filter all-faqs\" href=\"#\" data-filter=\"*\">All<\/a><\/li>\n\t\t\t\t<li><a class=\"qe-faqs-filter\" href=\"#jelentkezes-alapkepzesek\" data-filter=\".jelentkezes-alapkepzesek\">Jelentkez\u00e9s - Alapk\u00e9pz\u00e9sek<\/a><\/li>\t\t\t<\/ul>\n\t\t\t\t\t<div id=\"qaef-14497\" class=\"qe-faq-toggle jelentkezes-alapkepzesek\">\n\t\t\t<div class=\"qe-toggle-title\">\n\t\t\t\t<h4>\n\t\t\t\t\t<i class=\"fa fa-minus-circle\"><\/i> Jelentkez\u00e9s alapk\u00e9pz\u00e9sre\t\t\t\t<\/h4>\n\t\t\t<\/div>\n\t\t\t<div class=\"qe-toggle-content\">\n\t\t\t\t<p><a href=\"https:\/\/www.felvi.hu\/felveteli\/jelentkezes\/mikor_es_mire\/Mikor_lehet_jelentkezni\"><strong>Hivatalos felv\u00e9teli menetrend (felvi.hu) \u2192<\/strong><\/a><\/p>\n<h4><strong>A jelentkez\u00e9s felt\u00e9tele:<\/strong><\/h4>\n<p>\u00c9retts\u00e9gi bizony\u00edtv\u00e1ny<\/p>\n<h4><strong>Finansz\u00edroz\u00e1si forma: <\/strong><\/h4>\n<ul>\n<li>\u00e1llami \u00f6szt\u00f6nd\u00edjjal t\u00e1mogatott<\/li>\n<li>\u00f6nk\u00f6lts\u00e9ges (300.000 Ft\/f\u00e9l\u00e9v: \u00e1pol\u00f3 szakir\u00e1ny, hang-, besz\u00e9d \u00e9s nyel\u00e9sterapeuta szakir\u00e1ny, ment\u0151tiszt szakir\u00e1ny, sz\u00fcl\u00e9szn\u0151 szakir\u00e1ny, n\u00e9peg\u00e9szs\u00e9g\u00fcgyi ellen\u0151r szakir\u00e1ny, v\u00e9d\u0151n\u0151 szakir\u00e1ny, eg\u00e9szs\u00e9gturizmus szervez\u0151 specializ\u00e1ci\u00f3; 350.000 Ft\/f\u00e9l\u00e9v: sporteg\u00e9szs\u00e9g\u00fcgyi szervez\u0151 specializ\u00e1ci\u00f3; 400.000 Ft\/f\u00e9l\u00e9v: dietetikus szakir\u00e1ny, gy\u00f3gytorn\u00e1sz szakir\u00e1ny, optometria specializ\u00e1ci\u00f3, radiogr\u00e1fia specializ\u00e1ci\u00f3)<\/li>\n<li>angol nyelv\u0171 eg\u00e9szs\u00e9gturizmus-szervez\u0151 k\u00e9pz\u00e9s eset\u00e9n 220.000 Ft\/f\u00e9l\u00e9v idegen nyelvi hozz\u00e1j\u00e1rul\u00e1s fizetend\u0151 finansz\u00edroz\u00e1si form\u00e1t\u00f3l f\u00fcggetlen\u00fcl<\/li>\n<\/ul>\n<h4><strong>Jelentkez\u00e9si hat\u00e1rid\u0151:<\/strong><\/h4>\n<ul>\n<li>2026. szeptemberi kezd\u00e9ssel hirdetett k\u00e9pz\u00e9s eset\u00e9n: 2026. febru\u00e1r 15.<\/li>\n<\/ul>\n<h4><strong>Jelentkez\u00e9s m\u00f3dja:<\/strong><\/h4>\n<p>Kiz\u00e1r\u00f3lag elektronikusan jelentkezhetsz a <a href=\"http:\/\/www.felvi.hu\">www.felvi.hu<\/a> honlapon az E-felv\u00e9teli szolg\u00e1ltat\u00e1son kereszt\u00fcl regisztr\u00e1ci\u00f3 ut\u00e1n.<\/p>\n<h4><strong>Megjel\u00f6lt helyek sz\u00e1ma:<\/strong><\/h4>\n<p>Legfeljebb hat helyet jel\u00f6lhetsz meg. Egy jelentkez\u00e9si helynek sz\u00e1m\u00edt, ha a jelentkez\u00e9si hely csak a finansz\u00edroz\u00e1si (\u00e1llami \u00f6szt\u00f6nd\u00edjas, \u00f6nk\u00f6lts\u00e9ges) form\u00e1ban t\u00e9r el.<\/p>\n<h4><strong>D\u00edjak:<\/strong><\/h4>\n<p>H\u00e1rom k\u00e9pz\u00e9s megjel\u00f6l\u00e9se d\u00edjmentes, minden tov\u00e1bbi\u00e9rt 2000-2000 Ft kieg\u00e9sz\u00edt\u0151 d\u00edjat kell fizetni.<\/p>\n<h4><strong>Dokumentumok felt\u00f6lt\u00e9se:<\/strong><\/h4>\n<p>Fel kell t\u00f6lteni azokat a dokumentumokat, melyek a jelentkez\u00e9skor m\u00e1r rendelkez\u00e9sedre \u00e1llnak, a k\u00e9s\u0151bb k\u00e9zhez kapottakat pedig 2026. j\u00falius 07-ig. Az eredeti dokumentumokat a fels\u0151oktat\u00e1si int\u00e9zm\u00e9nyben a beiratkoz\u00e1s alkalm\u00e1val kell bemutatnod, amely a hallgat\u00f3i jogviszony l\u00e9tes\u00edt\u00e9s\u00e9nek is a felt\u00e9tele.<\/p>\n<h4><strong>\u00c9rv\u00e9nyes a jelentkez\u00e9s:<\/strong><\/h4>\n<p>Ha az E-felv\u00e9teliben ny\u00fajtod be \u00e9s a jelentkez\u00e9si \u0171rlapot hiteles\u00edted 2026. febru\u00e1r 15-ig \u00fcgyf\u00e9lkapun kereszt\u00fcl.<\/p>\n<h4><strong>Fontos!<\/strong><\/h4>\n<p>Az eg\u00e9sz felv\u00e9teli elj\u00e1r\u00e1s sor\u00e1n rendszeresen figyeld a megadott e-mail fi\u00f3kodat \u00e9s az E-felv\u00e9teli fel\u00fcletet.<\/p>\n\t\t\t<\/div>\n\t\t<\/div>\n\t\t            <\/div>\n\t\t\n<hr style=\"border-top: 1px solid white\" \/>\n\r\n        [slb_exclude]\r\n        <div class=\"row galeria-wrapper mx-0 h-auto\">\r\n            <div class=\"col-9 pl-0 pr-2\">\r\n            <span class=\"gallery-item frame\">\r\n\t\t\t\t<div class=\"galeria-left-img\"><a href=\"https:\/\/semmelweis.hu\/etk\/files\/2023\/08\/RS160509_3P1A2020-scr.jpg\"><img src=https:\/\/semmelweis.hu\/etk\/files\/2023\/08\/RS160509_3P1A2020-scr.jpg  \r\n                            alt=\"\" \r\n                            class=\"attachment-sote-gallery-big size-sote-gallery-big\" \r\n                            srcset=\"https:\/\/semmelweis.hu\/etk\/files\/2023\/08\/RS160509_3P1A2020-scr-400x267.jpg 400w, https:\/\/semmelweis.hu\/etk\/files\/2023\/08\/RS160509_3P1A2020-scr-1024x683.jpg 1024w, https:\/\/semmelweis.hu\/etk\/files\/2023\/08\/RS160509_3P1A2020-scr-768x512.jpg 768w, https:\/\/semmelweis.hu\/etk\/files\/2023\/08\/RS160509_3P1A2020-scr-753x502.jpg 753w, https:\/\/semmelweis.hu\/etk\/files\/2023\/08\/RS160509_3P1A2020-scr-203x135.jpg 203w, https:\/\/semmelweis.hu\/etk\/files\/2023\/08\/RS160509_3P1A2020-scr.jpg 1200w\" ><\/a><\/div>\r\n            <\/span>\r\n\r\n            <\/div>\r\n\r\n\t\t\t<div class=\"col-3 pl-0 pr-0\">\r\n\t\t\t\t<div class=\"galeria-right-img d-flex justify-content-between flex-column h-100 w-100 px-0 mx-0 \">\r\n                <div class=\"galeria-box\">\r\n\t\t\t\t\t<h3 class=\"galeria-title\">Gal\u00e9ria<\/h3>\r\n\t\t\t\t\t<div class=\"galeria-subtitle\">\r\n\r\n\t\t\t\t\t\t<div class=\"galeria-page-counter\"><span>13<\/span>k\u00e9p<\/div>\r\n                    <\/div> <\/div>\r\n                    <span class=\"gallery-item frame d-none d-md-flex\">\r\n\t\t\t\t\t<div class=\"galeria-small-img mt-0\"><a href=\"https:\/\/semmelweis.hu\/etk\/files\/2023\/08\/RS165298_3P1A8778-scr.jpg\"><img src=https:\/\/semmelweis.hu\/etk\/files\/2023\/08\/RS165298_3P1A8778-scr.jpg \r\n                                alt=\"\"  \r\n                                class=\"attachment-sote-gallery-small size-sote-gallery-small\" \r\n                                srcset=\"https:\/\/semmelweis.hu\/etk\/files\/2023\/08\/RS165298_3P1A8778-scr-400x267.jpg 400w, https:\/\/semmelweis.hu\/etk\/files\/2023\/08\/RS165298_3P1A8778-scr-1024x683.jpg 1024w, https:\/\/semmelweis.hu\/etk\/files\/2023\/08\/RS165298_3P1A8778-scr-768x512.jpg 768w, https:\/\/semmelweis.hu\/etk\/files\/2023\/08\/RS165298_3P1A8778-scr-753x502.jpg 753w, https:\/\/semmelweis.hu\/etk\/files\/2023\/08\/RS165298_3P1A8778-scr-203x135.jpg 203w, https:\/\/semmelweis.hu\/etk\/files\/2023\/08\/RS165298_3P1A8778-scr.jpg 1200w\" ><\/a><\/div>\r\n                    <\/span>\r\n                    <span class=\"gallery-item frame d-none d-md-flex\">\r\n\t\t\t\t\t<div class=\"galeria-small-img mt-0\"><a href=\"https:\/\/semmelweis.hu\/etk\/files\/2023\/08\/RS64877_KA-20170721-KA__9815-scr.jpg\"><img src=https:\/\/semmelweis.hu\/etk\/files\/2023\/08\/RS64877_KA-20170721-KA__9815-scr.jpg \r\n                                alt=\"\" \r\n                                class=\"attachment-sote-gallery-small size-sote-gallery-small\" \r\n                                srcset=\"https:\/\/semmelweis.hu\/etk\/files\/2023\/08\/RS64877_KA-20170721-KA__9815-scr-400x267.jpg 400w, https:\/\/semmelweis.hu\/etk\/files\/2023\/08\/RS64877_KA-20170721-KA__9815-scr-768x512.jpg 768w, https:\/\/semmelweis.hu\/etk\/files\/2023\/08\/RS64877_KA-20170721-KA__9815-scr-753x502.jpg 753w, https:\/\/semmelweis.hu\/etk\/files\/2023\/08\/RS64877_KA-20170721-KA__9815-scr-203x135.jpg 203w, https:\/\/semmelweis.hu\/etk\/files\/2023\/08\/RS64877_KA-20170721-KA__9815-scr.jpg 950w\" ><\/a><\/div>\r\n                    <\/span>\r\n\r\n                <\/div>\r\n\r\n            <\/div>\r\n\r\n            <span class=\"gallery-item\"><div class=\"hidden\"><a href=\"https:\/\/semmelweis.hu\/etk\/files\/2023\/08\/RS160511_3P1A2002-scr-1.jpg\">\r\n        <img src=https:\/\/semmelweis.hu\/etk\/files\/2023\/08\/RS160511_3P1A2002-scr-1.jpg alt=\"\" class=\"attachment-sote-gallery-big size-sote-gallery-big\" srcset=\"https:\/\/semmelweis.hu\/etk\/files\/2023\/08\/RS160511_3P1A2002-scr-1-400x267.jpg 400w, https:\/\/semmelweis.hu\/etk\/files\/2023\/08\/RS160511_3P1A2002-scr-1-1024x683.jpg 1024w, https:\/\/semmelweis.hu\/etk\/files\/2023\/08\/RS160511_3P1A2002-scr-1-768x512.jpg 768w, https:\/\/semmelweis.hu\/etk\/files\/2023\/08\/RS160511_3P1A2002-scr-1-753x502.jpg 753w, https:\/\/semmelweis.hu\/etk\/files\/2023\/08\/RS160511_3P1A2002-scr-1-203x135.jpg 203w, https:\/\/semmelweis.hu\/etk\/files\/2023\/08\/RS160511_3P1A2002-scr-1.jpg 1200w\" >\r\n        <\/a><\/div><\/span><span class=\"gallery-item\"><div class=\"hidden\"><a href=\"https:\/\/semmelweis.hu\/etk\/files\/2023\/08\/RS160608_3P1A2399-scr.jpg\">\r\n        <img src=https:\/\/semmelweis.hu\/etk\/files\/2023\/08\/RS160608_3P1A2399-scr.jpg alt=\"\" class=\"attachment-sote-gallery-big size-sote-gallery-big\" srcset=\"https:\/\/semmelweis.hu\/etk\/files\/2023\/08\/RS160608_3P1A2399-scr-400x267.jpg 400w, https:\/\/semmelweis.hu\/etk\/files\/2023\/08\/RS160608_3P1A2399-scr-1024x683.jpg 1024w, https:\/\/semmelweis.hu\/etk\/files\/2023\/08\/RS160608_3P1A2399-scr-768x512.jpg 768w, https:\/\/semmelweis.hu\/etk\/files\/2023\/08\/RS160608_3P1A2399-scr-753x502.jpg 753w, https:\/\/semmelweis.hu\/etk\/files\/2023\/08\/RS160608_3P1A2399-scr-203x135.jpg 203w, https:\/\/semmelweis.hu\/etk\/files\/2023\/08\/RS160608_3P1A2399-scr.jpg 1200w\" >\r\n        <\/a><\/div><\/span><span class=\"gallery-item\"><div class=\"hidden\"><a href=\"https:\/\/semmelweis.hu\/etk\/files\/2023\/08\/RS161573_3P1A8174-scr.jpg\">\r\n        <img src=https:\/\/semmelweis.hu\/etk\/files\/2023\/08\/RS161573_3P1A8174-scr.jpg alt=\"\" class=\"attachment-sote-gallery-big size-sote-gallery-big\" srcset=\"https:\/\/semmelweis.hu\/etk\/files\/2023\/08\/RS161573_3P1A8174-scr-400x267.jpg 400w, https:\/\/semmelweis.hu\/etk\/files\/2023\/08\/RS161573_3P1A8174-scr-1024x683.jpg 1024w, https:\/\/semmelweis.hu\/etk\/files\/2023\/08\/RS161573_3P1A8174-scr-768x512.jpg 768w, https:\/\/semmelweis.hu\/etk\/files\/2023\/08\/RS161573_3P1A8174-scr-753x502.jpg 753w, https:\/\/semmelweis.hu\/etk\/files\/2023\/08\/RS161573_3P1A8174-scr-203x135.jpg 203w, https:\/\/semmelweis.hu\/etk\/files\/2023\/08\/RS161573_3P1A8174-scr.jpg 1200w\" >\r\n        <\/a><\/div><\/span><span class=\"gallery-item\"><div class=\"hidden\"><a href=\"https:\/\/semmelweis.hu\/etk\/files\/2023\/08\/RS161577_3P1A8201-scr.jpg\">\r\n        <img src=https:\/\/semmelweis.hu\/etk\/files\/2023\/08\/RS161577_3P1A8201-scr.jpg alt=\"\" class=\"attachment-sote-gallery-big size-sote-gallery-big\" srcset=\"https:\/\/semmelweis.hu\/etk\/files\/2023\/08\/RS161577_3P1A8201-scr-400x267.jpg 400w, https:\/\/semmelweis.hu\/etk\/files\/2023\/08\/RS161577_3P1A8201-scr-1024x683.jpg 1024w, https:\/\/semmelweis.hu\/etk\/files\/2023\/08\/RS161577_3P1A8201-scr-768x512.jpg 768w, https:\/\/semmelweis.hu\/etk\/files\/2023\/08\/RS161577_3P1A8201-scr-753x502.jpg 753w, https:\/\/semmelweis.hu\/etk\/files\/2023\/08\/RS161577_3P1A8201-scr-203x135.jpg 203w, https:\/\/semmelweis.hu\/etk\/files\/2023\/08\/RS161577_3P1A8201-scr.jpg 1200w\" >\r\n        <\/a><\/div><\/span><span class=\"gallery-item\"><div class=\"hidden\"><a href=\"https:\/\/semmelweis.hu\/etk\/files\/2023\/08\/RS161578_3P1A8205-scr.jpg\">\r\n        <img src=https:\/\/semmelweis.hu\/etk\/files\/2023\/08\/RS161578_3P1A8205-scr.jpg alt=\"\" class=\"attachment-sote-gallery-big size-sote-gallery-big\" srcset=\"https:\/\/semmelweis.hu\/etk\/files\/2023\/08\/RS161578_3P1A8205-scr-400x267.jpg 400w, https:\/\/semmelweis.hu\/etk\/files\/2023\/08\/RS161578_3P1A8205-scr-1024x683.jpg 1024w, https:\/\/semmelweis.hu\/etk\/files\/2023\/08\/RS161578_3P1A8205-scr-768x512.jpg 768w, https:\/\/semmelweis.hu\/etk\/files\/2023\/08\/RS161578_3P1A8205-scr-753x502.jpg 753w, https:\/\/semmelweis.hu\/etk\/files\/2023\/08\/RS161578_3P1A8205-scr-203x135.jpg 203w, https:\/\/semmelweis.hu\/etk\/files\/2023\/08\/RS161578_3P1A8205-scr.jpg 1200w\" >\r\n        <\/a><\/div><\/span><span class=\"gallery-item\"><div class=\"hidden\"><a href=\"https:\/\/semmelweis.hu\/etk\/files\/2023\/08\/RS161579_3P1A8208-scr.jpg\">\r\n        <img src=https:\/\/semmelweis.hu\/etk\/files\/2023\/08\/RS161579_3P1A8208-scr.jpg alt=\"\" class=\"attachment-sote-gallery-big size-sote-gallery-big\" srcset=\"https:\/\/semmelweis.hu\/etk\/files\/2023\/08\/RS161579_3P1A8208-scr-400x267.jpg 400w, https:\/\/semmelweis.hu\/etk\/files\/2023\/08\/RS161579_3P1A8208-scr-1024x683.jpg 1024w, https:\/\/semmelweis.hu\/etk\/files\/2023\/08\/RS161579_3P1A8208-scr-768x512.jpg 768w, https:\/\/semmelweis.hu\/etk\/files\/2023\/08\/RS161579_3P1A8208-scr-753x502.jpg 753w, https:\/\/semmelweis.hu\/etk\/files\/2023\/08\/RS161579_3P1A8208-scr-203x135.jpg 203w, https:\/\/semmelweis.hu\/etk\/files\/2023\/08\/RS161579_3P1A8208-scr.jpg 1200w\" >\r\n        <\/a><\/div><\/span><span class=\"gallery-item\"><div class=\"hidden\"><a href=\"https:\/\/semmelweis.hu\/etk\/files\/2023\/08\/RS165289_3P1A8733-scr.jpg\">\r\n        <img src=https:\/\/semmelweis.hu\/etk\/files\/2023\/08\/RS165289_3P1A8733-scr.jpg alt=\"\" class=\"attachment-sote-gallery-big size-sote-gallery-big\" srcset=\"https:\/\/semmelweis.hu\/etk\/files\/2023\/08\/RS165289_3P1A8733-scr-400x267.jpg 400w, https:\/\/semmelweis.hu\/etk\/files\/2023\/08\/RS165289_3P1A8733-scr-1024x683.jpg 1024w, https:\/\/semmelweis.hu\/etk\/files\/2023\/08\/RS165289_3P1A8733-scr-768x512.jpg 768w, https:\/\/semmelweis.hu\/etk\/files\/2023\/08\/RS165289_3P1A8733-scr-753x502.jpg 753w, https:\/\/semmelweis.hu\/etk\/files\/2023\/08\/RS165289_3P1A8733-scr-203x135.jpg 203w, https:\/\/semmelweis.hu\/etk\/files\/2023\/08\/RS165289_3P1A8733-scr.jpg 1200w\" >\r\n        <\/a><\/div><\/span><span class=\"gallery-item\"><div class=\"hidden\"><a href=\"https:\/\/semmelweis.hu\/etk\/files\/2023\/08\/RS165290_3P1A8735-scr.jpg\">\r\n        <img src=https:\/\/semmelweis.hu\/etk\/files\/2023\/08\/RS165290_3P1A8735-scr.jpg alt=\"\" class=\"attachment-sote-gallery-big size-sote-gallery-big\" srcset=\"https:\/\/semmelweis.hu\/etk\/files\/2023\/08\/RS165290_3P1A8735-scr-400x267.jpg 400w, https:\/\/semmelweis.hu\/etk\/files\/2023\/08\/RS165290_3P1A8735-scr-1024x683.jpg 1024w, https:\/\/semmelweis.hu\/etk\/files\/2023\/08\/RS165290_3P1A8735-scr-768x512.jpg 768w, https:\/\/semmelweis.hu\/etk\/files\/2023\/08\/RS165290_3P1A8735-scr-753x502.jpg 753w, https:\/\/semmelweis.hu\/etk\/files\/2023\/08\/RS165290_3P1A8735-scr-203x135.jpg 203w, https:\/\/semmelweis.hu\/etk\/files\/2023\/08\/RS165290_3P1A8735-scr.jpg 1200w\" >\r\n        <\/a><\/div><\/span><span class=\"gallery-item\"><div class=\"hidden\"><a href=\"https:\/\/semmelweis.hu\/etk\/files\/2023\/08\/RS165302_3P1A8797-scr.jpg\">\r\n        <img src=https:\/\/semmelweis.hu\/etk\/files\/2023\/08\/RS165302_3P1A8797-scr.jpg alt=\"\" class=\"attachment-sote-gallery-big size-sote-gallery-big\" srcset=\"https:\/\/semmelweis.hu\/etk\/files\/2023\/08\/RS165302_3P1A8797-scr-400x267.jpg 400w, https:\/\/semmelweis.hu\/etk\/files\/2023\/08\/RS165302_3P1A8797-scr-1024x683.jpg 1024w, https:\/\/semmelweis.hu\/etk\/files\/2023\/08\/RS165302_3P1A8797-scr-768x512.jpg 768w, https:\/\/semmelweis.hu\/etk\/files\/2023\/08\/RS165302_3P1A8797-scr-753x502.jpg 753w, https:\/\/semmelweis.hu\/etk\/files\/2023\/08\/RS165302_3P1A8797-scr-203x135.jpg 203w, https:\/\/semmelweis.hu\/etk\/files\/2023\/08\/RS165302_3P1A8797-scr.jpg 1200w\" >\r\n        <\/a><\/div><\/span><span class=\"gallery-item\"><div class=\"hidden\"><a href=\"https:\/\/semmelweis.hu\/etk\/files\/2023\/08\/RS149645_C19A5715-scr.jpg\">\r\n        <img src=https:\/\/semmelweis.hu\/etk\/files\/2023\/08\/RS149645_C19A5715-scr.jpg alt=\"\" class=\"attachment-sote-gallery-big size-sote-gallery-big\" srcset=\"https:\/\/semmelweis.hu\/etk\/files\/2023\/08\/RS149645_C19A5715-scr-400x267.jpg 400w, https:\/\/semmelweis.hu\/etk\/files\/2023\/08\/RS149645_C19A5715-scr-1024x683.jpg 1024w, https:\/\/semmelweis.hu\/etk\/files\/2023\/08\/RS149645_C19A5715-scr-768x512.jpg 768w, https:\/\/semmelweis.hu\/etk\/files\/2023\/08\/RS149645_C19A5715-scr-753x502.jpg 753w, https:\/\/semmelweis.hu\/etk\/files\/2023\/08\/RS149645_C19A5715-scr-203x135.jpg 203w, https:\/\/semmelweis.hu\/etk\/files\/2023\/08\/RS149645_C19A5715-scr.jpg 1200w\" >\r\n        <\/a><\/div><\/span>\r\n            <\/div>\r\n\r\n            [\/slb_exclude]\r\n\t\n","protected":false},"excerpt":{"rendered":"<p><a href=\"https:\/\/www.felvi.hu\/felveteli\/jelentkezes\/mikor_es_mire\/Mikor_lehet_jelentkezni\">Hivatalos felv\u00e9teli menetrend (felvi.hu) \u2192<\/a> A jelentkez\u00e9s felt\u00e9tele: \u00c9retts\u00e9gi bizony\u00edtv\u00e1ny Finansz\u00edroz\u00e1si forma: \u00e1llami \u00f6szt\u00f6nd\u00edjjal t\u00e1mogatott \u00f6nk\u00f6lts\u00e9ges (300.000 Ft\/f\u00e9l\u00e9v: \u00e1pol\u00f3 szakir\u00e1ny, hang-, besz\u00e9d \u00e9s nyel\u00e9sterapeuta szakir\u00e1ny, ment\u0151tiszt szakir\u00e1ny, sz\u00fcl\u00e9szn\u0151 szakir\u00e1ny, n\u00e9peg\u00e9szs\u00e9g\u00fcgyi ellen\u0151r szakir\u00e1ny, v\u00e9d\u0151n\u0151 szakir\u00e1ny, eg\u00e9szs\u00e9gturizmus szervez\u0151 specializ\u00e1ci\u00f3; 350.000 Ft\/f\u00e9l\u00e9v: sporteg\u00e9szs\u00e9g\u00fcgyi szervez\u0151 specializ\u00e1ci\u00f3; 400.000 Ft\/f\u00e9l\u00e9v: dietetikus szakir\u00e1ny, gy\u00f3gytorn\u00e1sz szakir\u00e1ny, optometria specializ\u00e1ci\u00f3, radiogr\u00e1fia specializ\u00e1ci\u00f3) angol nyelv\u0171 eg\u00e9szs\u00e9gturizmus-szervez\u0151 k\u00e9pz\u00e9s eset\u00e9n 220.000 Ft\/f\u00e9l\u00e9v idegen &hellip;<\/p>\n","protected":false},"author":101796,"featured_media":13454,"parent":134,"menu_order":0,"comment_status":"closed","ping_status":"closed","template":"","meta":{"_acf_changed":false,"footnotes":""},"categories":[57,59],"tags":[],"class_list":["post-19453","page","type-page","status-publish","has-post-thumbnail","hentry","category-kepzesek","category-turizmus"],"acf":[],"_links":{"self":[{"href":"https:\/\/semmelweis.hu\/etk\/wp-json\/wp\/v2\/pages\/19453","targetHints":{"allow":["GET"]}}],"collection":[{"href":"https:\/\/semmelweis.hu\/etk\/wp-json\/wp\/v2\/pages"}],"about":[{"href":"https:\/\/semmelweis.hu\/etk\/wp-json\/wp\/v2\/types\/page"}],"author":[{"embeddable":true,"href":"https:\/\/semmelweis.hu\/etk\/wp-json\/wp\/v2\/users\/101796"}],"replies":[{"embeddable":true,"href":"https:\/\/semmelweis.hu\/etk\/wp-json\/wp\/v2\/comments?post=19453"}],"version-history":[{"count":2,"href":"https:\/\/semmelweis.hu\/etk\/wp-json\/wp\/v2\/pages\/19453\/revisions"}],"predecessor-version":[{"id":19456,"href":"https:\/\/semmelweis.hu\/etk\/wp-json\/wp\/v2\/pages\/19453\/revisions\/19456"}],"up":[{"embeddable":true,"href":"https:\/\/semmelweis.hu\/etk\/wp-json\/wp\/v2\/pages\/134"}],"wp:featuredmedia":[{"embeddable":true,"href":"https:\/\/semmelweis.hu\/etk\/wp-json\/wp\/v2\/media\/13454"}],"wp:attachment":[{"href":"https:\/\/semmelweis.hu\/etk\/wp-json\/wp\/v2\/media?parent=19453"}],"wp:term":[{"taxonomy":"category","embeddable":true,"href":"https:\/\/semmelweis.hu\/etk\/wp-json\/wp\/v2\/categories?post=19453"},{"taxonomy":"post_tag","embeddable":true,"href":"https:\/\/semmelweis.hu\/etk\/wp-json\/wp\/v2\/tags?post=19453"}],"curies":[{"name":"wp","href":"https:\/\/api.w.org\/{rel}","templated":true}]}}