{"id":19332,"date":"2026-01-14T09:52:54","date_gmt":"2026-01-14T08:52:54","guid":{"rendered":"https:\/\/semmelweis.hu\/etk\/?page_id=19332"},"modified":"2026-01-14T09:52:54","modified_gmt":"2026-01-14T08:52:54","slug":"vice-dean-for-scientific-affairs","status":"publish","type":"page","link":"https:\/\/semmelweis.hu\/etk\/en\/about-the-faculty\/leaders-of-the-faculty\/vice-dean-for-scientific-affairs\/","title":{"rendered":"Vice-Dean for Scientific Affairs"},"content":{"rendered":"<p><span style=\"font-size: 24pt\"><strong>Dr. L\u00e1szl\u00f3 F\u00f6ldv\u00e1ri-Nagy<\/strong><\/span><\/p>\n<p><img loading=\"lazy\" decoding=\"async\" class=\"alignright  wp-image-19328\" src=\"https:\/\/semmelweis.hu\/etk\/files\/2026\/01\/FNL-scaled.jpg\" alt=\"\" width=\"245\" height=\"145\" \/><\/p>\n<p><strong>College Professor<\/strong><\/p>\n<p><strong>Contact<\/strong><\/p>\n<p style=\"text-align: justify\">Phone: +36 1 486 4944<br \/>\nE-mail: <a href=\"mailto:foldvari-nagy.laszlo@semmelweis.hu\">foldvari-nagy.laszlo@semmelweis.hu<\/a><\/p>\n<p style=\"text-align: justify\"><strong>Education and Qualifications:<\/strong> <\/p>\n<ul>\n<li style=\"text-align: justify\">2012 Biologist \u2013 E\u00f6tv\u00f6s Lor\u00e1nd University, Faculty of Science<\/li>\n<li style=\"text-align: justify\">2005 MBA (coureswork completed)) \u2013 Corvinus University of Budapest<\/li>\n<li style=\"text-align: justify\">1993 Secondary School Teacher of Biology and Chemistry \u2013 E\u00f6tv\u00f6s Lor\u00e1nd University, Faculty of Science<\/li>\n<\/ul>\n<p style=\"text-align: justify\"><strong>Academic degree:<\/strong><\/p>\n<ul>\n<li style=\"text-align: justify\">2016 PhD, Dissertation topic: Induction and regulation of autophagy<\/li>\n<\/ul>\n<p style=\"text-align: justify\"><strong>Professional and Academic Career:<\/strong><\/p>\n<ul>\n<li style=\"text-align: justify\">2016- Semmelweis University, Faculty of Health Sciences, Department of Morphology and Physiology \u2013 College Professor<\/li>\n<li style=\"text-align: justify\">2015-2016 Earlham Institute (The Genome Analysis Centre) Norwich, UK \u2013 Research &amp; Learning Research Associate<\/li>\n<li style=\"text-align: justify\">2009-2016 NetBiol Network Biology Research Group (E\u00f6tv\u00f6s Lor\u00e1nd University, Faculty of Science, Department of Genetics) \u2013 Biologist<\/li>\n<\/ul>\n<p style=\"text-align: justify\"><strong>Selected Publications from the Last 5 Years:<\/strong><\/p>\n<ul>\n<li style=\"text-align: justify\">Anna J\u00falia \u00c9li\u00e1s, Kincs\u0151 Csepke F\u00f6ldv\u00e1ri-Nagy, Yasmin Zubeida Al-Gharati, D\u00e1niel S\u00e1ndor Veres, Tam\u00e1s Schnabel, Brigitta Teutsch, B\u00e1lint Er\u0151ss, P\u00e9ter Hegyi, Katalin Lenti, L\u00e1szl\u00f3 F\u00f6ldv\u00e1ri-Nagy (2026) Effect of probiotic supplementation on the gut microbiota diversity in healthy populations: a systematic review and meta-analysis of randomised controlled trials <em>BMC Medicine 2026 Jan 7. (online ahead of print)<\/em><\/li>\n<li style=\"text-align: justify\">D\u00e1niel Steve Bedn\u00e1rik, Kincs\u0151 Csepke F\u00f6ldv\u00e1ri-Nagy, Viktor Simon, Anett Rancz, No\u00e9mi Gede, D\u00e1niel S\u00e1ndor Veres, Panagiotis Paraskevopoulos, Tam\u00e1s Schnabel, B\u00e1lint Er\u0151ss, P\u00e9ter Hegyi, Katalin Lenti, L\u00e1szl\u00f3 F\u00f6ldv\u00e1ri-Nagy (2025) Comparative effectiveness of different therapies for <em>Clostridioides difficile<\/em> infection in adults: a systematic review and network meta-analysis of randomized controlled trials <em>The Lancet Regional Health &#8211; Europe, Volume 49, 101151, February 2025<\/em><\/li>\n<li style=\"text-align: justify\">Luca Csabai, Bal\u00e1zs Boh\u00e1r, D\u00e9nes T\u00fcrei, Sowmya Prabhu, L\u00e1szl\u00f3 F\u00f6ldv\u00e1ri-Nagy, Matthew Madgwick, D\u00e1vid Fazekas, Dezs\u0151 M\u00f3dos, M\u00e1rton \u00d6lbei, Themis Halka, Martina Poletti, Polina Kornilova, Tam\u00e1s Kadlecsik, Amanda Demeter, M\u00e1t\u00e9 Szalay-Bek\u0151, Orsolya Kapuy, Katalin Lenti, Tibor Vellai, Lejla Gul, Tam\u00e1s Korcsm\u00e1ros (2024) AutophagyNet: High-resolution data source for the analysis of autophagy and its regulation <em>Autophagy 2024 Jan;20(1):188-201<\/em>.<\/li>\n<li style=\"text-align: justify\">Anna Julia Elias, Viktoria Barna, Cristina Patoni, D\u00f3ra Demeter, Daniel Sandor Veres, Stefania Bunduc, Balint Eross, Peter Hegyi, Laszlo Foldvari-Nagy, Katalin Lenti: Probiotic supplementation during antibiotic treatment is unjustified in maintaining the gut microbiome diversity: a systematic review and meta-analysis <em>BMC Medicine volume 21, 262 (2023)<\/em><\/li>\n<li style=\"text-align: justify\">Luca Csabai, D\u00e1vid Fazekas, Tam\u00e1s Kadlecsik, M\u00e1t\u00e9 Szalay-Bek\u0151, Bal\u00e1zs Boh\u00e1r, Matthew Madgwick, Dezs\u0151 M\u00f3dos, M\u00e1rton \u00d6lbei, Lejla Gul, Padhmanand Sudhakar, J\u00e1nos Kubisch, Oyebode James Oyeyemi, Orsolya Liska, Eszter Ari, Bernadette Hotzi, Viktor A. Billes, Eszter Moln\u00e1r, L\u00e1szl\u00f3 F\u00f6ldv\u00e1ri-Nagy, Kitti Cs\u00e1lyi, Amanda Demeter, N\u00f3ra P\u00e1pai, Mih\u00e1ly Koltai, M\u00e1t\u00e9 Varga, Katalin Lenti, Ill\u00e9s J. Farkas, D\u00e9nes T\u00fcrei, P\u00e9ter Csermely, Tibor Vellai, Tam\u00e1s Korcsm\u00e1ros: SignaLink3: a multi-layered resource to uncover tissue-specific signaling networks <em>Nucleic Acids Research, Volume 50, Issue D1, 7 January 2022, Pages D701\u2013D709<\/em><\/li>\n<\/ul>\n<p style=\"text-align: justify\"><strong>Five Key Publications Relevant to Professional Interests:<\/strong><\/p>\n<ul>\n<li style=\"text-align: justify\">D\u00e1niel Steve Bedn\u00e1rik, Kincs\u0151 Csepke F\u00f6ldv\u00e1ri-Nagy, Viktor Simon, Anett Rancz, No\u00e9mi Gede, D\u00e1niel S\u00e1ndor Veres, Panagiotis Paraskevopoulos, Tam\u00e1s Schnabel, B\u00e1lint Er\u0151ss, P\u00e9ter Hegyi, Katalin Lenti, L\u00e1szl\u00f3 F\u00f6ldv\u00e1ri-Nagy: Comparative effectiveness of different therapies for <em>Clostridioides difficile<\/em> infection in adults: a systematic review and network meta-analysis of randomized controlled trials <em>The Lancet Regional Health &#8211; Europe, Volume 49, 101151, February 2025<\/em><\/li>\n<li style=\"text-align: justify\">Anna Julia Elias, Viktoria Barna, Cristina Patoni, D\u00f3ra Demeter, Daniel Sandor Veres, Stefania Bunduc, Balint Eross, Peter Hegyi, Laszlo Foldvari-Nagy, Katalin Lenti: Probiotic supplementation during antibiotic treatment is unjustified in maintaining the gut microbiome diversity: a systematic review and meta-analysis BMC Medicine volume 21, 262 (2023)<\/li>\n<li style=\"text-align: justify\">D\u00e9nes T\u00fcrei*, L\u00e1szl\u00f3 F\u00f6ldv\u00e1ri-Nagy*, D\u00e1vid Fazekas, Dezs\u0151 M\u00f3dos, J\u00e1nos Kubisch, Tam\u00e1s Kadlecsik, Amanda Demeter, Katalin Lenti, P\u00e9ter Csermely, Tibor Vellai, Tam\u00e1s Korcsm\u00e1ros: Autophagy Regulatory Network \u2013 a systems-level bioinformatics resource for studying the mechanism and regulation of autophagy <em>Autophagy 2015;11(1):155-65<\/em>.<\/li>\n<li style=\"text-align: justify\">J\u00e1nos Kubisch, D\u00e9nes T\u00fcrei, L\u00e1szl\u00f3 F\u00f6ldv\u00e1ri-Nagy, Zsuzsanna A Dunai, Lilian Zs\u00e1kai, M\u00e1te Varga, Tibor Vellai, P\u00e9ter Csermely, Tam\u00e1s Korcsm\u00e1ros: Complex regulation of autophagy in cancer &#8211; integrated approaches to discover the networks that hold a double-edged sword. <em>Seminars in Cancer Biology 23 (2013) 252\u2013261<\/em><\/li>\n<li style=\"text-align: justify\">Di\u00e1na Papp*, Katalin Lenti*, Dezs\u0151 M\u00f3dos, D\u00e1vid Fazekas, Zolt\u00e1n D\u00fal, D\u00e9nes T\u00fcrei, L\u00e1szl\u00f3 F\u00f6ldv\u00e1ri-Nagy, Ruth Nussinov, P\u00e9ter Csermely, Tam\u00e1s Korcsm\u00e1ros: The NRF2-related interactome and regulome contain multifunctional proteins and fine-tuned autoregulatory loops. <em>FEBS Letters 586 (2012) 1795\u20131802<\/em>.<\/li>\n<\/ul>\n<p style=\"text-align: justify\"><strong>Complete List of Publications <\/strong>in the <strong>Hungarian Scientific Works Database<\/strong> (MTMT): <strong><a href=\"https:\/\/m2.mtmt.hu\/gui2\/?type=authors&amp;mode=browse&amp;sel=10045537\">CLICK HERE<\/a><\/strong> to view<\/p>\n<p style=\"text-align: justify\"><strong>Public and Professional Activities:<\/strong><\/p>\n<ul>\n<li style=\"text-align: justify\">2023- Editorial Board Member, Developments in Health Sciences<\/li>\n<li style=\"text-align: justify\">2023- Hungarian Society for Microbiology<\/li>\n<li style=\"text-align: justify\">2020- Hungarian Society for Bioinformatics<\/li>\n<li style=\"text-align: justify\">2010- Hungarian Biological Society<\/li>\n<\/ul>\n<p style=\"text-align: justify\"><strong>Participation in Doctoral Training:<\/strong><\/p>\n<ul>\n<li style=\"text-align: justify\">Supervisor<\/li>\n<li style=\"text-align: justify\">Opponent<\/li>\n<li style=\"text-align: justify\">Member and Chair of the Comprehensive Examination Committee<\/li>\n<\/ul>\n<p style=\"text-align: justify\"><strong>Participation in Student Research (TDK) Activities:<\/strong><\/p>\n<ul>\n<li style=\"text-align: justify\">Supervisor<\/li>\n<li style=\"text-align: justify\">Member of the National Student Research Conference (OTDK) Evaluation Committee<\/li>\n<\/ul>\n","protected":false},"excerpt":{"rendered":"<p>Dr. L\u00e1szl\u00f3 F\u00f6ldv\u00e1ri-Nagy College Professor Contact Phone: +36 1 486 4944 E-mail: <a href=\"mailto:foldvari-nagy.laszlo@semmelweis.hu\">foldvari-nagy.laszlo@semmelweis.hu<\/a> Education and Qualifications: 2012 Biologist \u2013 E\u00f6tv\u00f6s Lor\u00e1nd University, Faculty of Science 2005 MBA (coureswork completed)) \u2013 Corvinus University of Budapest 1993 Secondary School Teacher of Biology and Chemistry \u2013 E\u00f6tv\u00f6s Lor\u00e1nd University, Faculty of Science Academic degree: 2016 PhD, Dissertation topic: Induction &hellip;<\/p>\n","protected":false},"author":101796,"featured_media":0,"parent":803,"menu_order":5,"comment_status":"closed","ping_status":"closed","template":"","meta":{"_acf_changed":false,"footnotes":""},"categories":[],"tags":[],"class_list":["post-19332","page","type-page","status-publish","hentry"],"acf":[],"_links":{"self":[{"href":"https:\/\/semmelweis.hu\/etk\/wp-json\/wp\/v2\/pages\/19332","targetHints":{"allow":["GET"]}}],"collection":[{"href":"https:\/\/semmelweis.hu\/etk\/wp-json\/wp\/v2\/pages"}],"about":[{"href":"https:\/\/semmelweis.hu\/etk\/wp-json\/wp\/v2\/types\/page"}],"author":[{"embeddable":true,"href":"https:\/\/semmelweis.hu\/etk\/wp-json\/wp\/v2\/users\/101796"}],"replies":[{"embeddable":true,"href":"https:\/\/semmelweis.hu\/etk\/wp-json\/wp\/v2\/comments?post=19332"}],"version-history":[{"count":2,"href":"https:\/\/semmelweis.hu\/etk\/wp-json\/wp\/v2\/pages\/19332\/revisions"}],"predecessor-version":[{"id":19334,"href":"https:\/\/semmelweis.hu\/etk\/wp-json\/wp\/v2\/pages\/19332\/revisions\/19334"}],"up":[{"embeddable":true,"href":"https:\/\/semmelweis.hu\/etk\/wp-json\/wp\/v2\/pages\/803"}],"wp:attachment":[{"href":"https:\/\/semmelweis.hu\/etk\/wp-json\/wp\/v2\/media?parent=19332"}],"wp:term":[{"taxonomy":"category","embeddable":true,"href":"https:\/\/semmelweis.hu\/etk\/wp-json\/wp\/v2\/categories?post=19332"},{"taxonomy":"post_tag","embeddable":true,"href":"https:\/\/semmelweis.hu\/etk\/wp-json\/wp\/v2\/tags?post=19332"}],"curies":[{"name":"wp","href":"https:\/\/api.w.org\/{rel}","templated":true}]}}