{"id":1553,"date":"2020-07-03T09:37:44","date_gmt":"2020-07-03T07:37:44","guid":{"rendered":"https:\/\/semmelweis.hu\/etk\/?page_id=1553"},"modified":"2025-02-24T17:05:44","modified_gmt":"2025-02-24T16:05:44","slug":"faculty-book-store","status":"publish","type":"page","link":"https:\/\/semmelweis.hu\/etk\/en\/students\/faculty-book-store\/","title":{"rendered":"Faculty Book Store"},"content":{"rendered":"<p><img loading=\"lazy\" decoding=\"async\" class=\"wp-image-1554 alignright\" src=\"https:\/\/semmelweis.hu\/etk\/files\/2020\/07\/jbolt-400x300.jpg\" alt=\"ETK University Book Store\" width=\"432\" height=\"324\" srcset=\"https:\/\/semmelweis.hu\/etk\/files\/2020\/07\/jbolt-400x300.jpg 400w, https:\/\/semmelweis.hu\/etk\/files\/2020\/07\/jbolt.jpg 640w\" sizes=\"auto, (max-width: 432px) 100vw, 432px\" \/><\/p>\n<p><strong>Address of the ETK Book Store:<\/strong> 17 Vas street, Budapest 1088 &#8211; basement, room 042<\/p>\n<p><strong>Administrator<\/strong>: Ms. Zsuzsanna Pol\u00f3nyi<\/p>\n<p><strong>Phone: <\/strong>(1) 486 5860<\/p>\n<p><strong>E-mail:<\/strong> etk.jegyzetbolt@semmelweis.hu<\/p>\n<p>&nbsp;<\/p>\n<p>&nbsp;<\/p>\n<p>&nbsp;<\/p>\n<table style=\"width: 93.7822%;height: 222px\" border=\"1\" cellspacing=\"0\" cellpadding=\"3\" align=\"center\">\n<tbody>\n<tr style=\"height: 37px\" bgcolor=\"#e0e0f0\">\n<td style=\"height: 37px;width: 253.785%\" colspan=\"2\" align=\"CENTER\" valign=\"TOP\"><b>Opening hours\u00a0<\/b><\/td>\n<\/tr>\n<tr style=\"height: 37px\">\n<td style=\"height: 37px;width: 30%;text-align: center\" valign=\"TOP\" width=\"30%\">Monday:<\/td>\n<td style=\"height: 37px;width: 223.785%;text-align: center\" valign=\"TOP\" width=\"70%\"><b> 9:00 am \u2013 12:30 pm\u00a0 and 1:30 pm \u2013 3:30 pm<\/b><\/td>\n<\/tr>\n<tr style=\"height: 37px\">\n<td style=\"height: 37px;width: 30%;text-align: center\" valign=\"TOP\" width=\"30%\">Tuesday:<\/td>\n<td style=\"height: 37px;width: 223.785%;text-align: center\" valign=\"TOP\" width=\"70%\"><b>9:00 am \u2013 12:30 pm\u00a0 and 1:30 pm \u2013 3:30 pm<\/b><\/td>\n<\/tr>\n<tr style=\"height: 37px\">\n<td style=\"height: 37px;width: 30%;text-align: center\" valign=\"TOP\" width=\"30%\">Wednesday:<\/td>\n<td style=\"height: 37px;width: 223.785%;text-align: center\" valign=\"TOP\" width=\"70%\"><b>9:00 am \u2013 12:30 pm\u00a0 and 1:30 pm \u2013 3:30 pm<\/b><b><br \/>\n<\/b><\/td>\n<\/tr>\n<tr style=\"height: 37px\">\n<td style=\"height: 37px;width: 30%;text-align: center\" valign=\"TOP\" width=\"30%\">Thursday:<\/td>\n<td style=\"height: 37px;width: 223.785%;text-align: center\" valign=\"TOP\" width=\"70%\"><b> 9:00 am \u2013 12:30 pm\u00a0 and 1:30 pm \u2013 3:30 pm<\/b><\/td>\n<\/tr>\n<tr style=\"height: 37px\">\n<td style=\"height: 37px;width: 30%;text-align: center\" valign=\"TOP\" width=\"30%\">Friday:<\/td>\n<td style=\"height: 37px;width: 223.785%;text-align: center\" valign=\"TOP\" width=\"70%\">\u00a0 <b>9:00 am \u2013 1:30 pm<\/b><\/td>\n<\/tr>\n<\/tbody>\n<\/table>\n<p>&nbsp;<\/p>\n<p style=\"text-align: justify\"><span style=\"font-size: 18pt\"><b>Our publisher and our publications<\/b><\/span><\/p>\n<p style=\"text-align: justify\" align=\"justify\">Our publisher has been in operation since the foundation of the Faculty of Health Sciences (that was in 1975) as a university book and course book publisher. The faculty publisher serves to publish high-standard university books and course books including the latest knowledge of science for students of health sciences and postgraduate training programmes. During the last years, we also provide the students of countryside universities with university books and course books that primarily deal with the course material of physiotherapists and health visitors. Our publications are always widely welcomed. In harmony with our last years\u0092 practice, we would like to keep fulfilling our task undertaken: preparing publications that ensure the modern and high-quality education and training of students.<\/p>\n<p style=\"text-align: justify\">Publications:<\/p>\n<ul style=\"text-align: justify\">\n<li>course books<\/li>\n<li>university books<\/li>\n<li>technical books<\/li>\n<li>study guides<\/li>\n<li>manuals of practice<\/li>\n<li>faculty booklets<\/li>\n<\/ul>\n<p style=\"text-align: justify\">Some of the university books \u0096 that were published by the faculty publisher \u0096 are available through the book-printer system. The great advantage of the system is that students can order even separate parts of the books electronically.<\/p>\n<p style=\"text-align: justify\">\u00a0<\/p>\n<p style=\"text-align: justify\"><span style=\"font-size: 18pt\"><strong>Publications in English<\/strong><\/span><\/p>\n<ul style=\"text-align: justify\">\n<li>Applied Biology &#8211; <b>print-on-demand only,\u00a0 e-version available MeRSZ online database<\/b><\/li>\n<\/ul>\n<p>&nbsp;<\/p>\n<p style=\"text-align: justify\"><span style=\"font-size: 18pt\"><strong>Other publications for English-speaking students<\/strong><\/span><\/p>\n<table style=\"width: 93.1447%;height: 111px\" border=\"0\" cellspacing=\"3\" cellpadding=\"0\" align=\"center\">\n<tbody>\n<tr style=\"height: 37px\">\n<td style=\"width: 50.1097%;height: 37px\" valign=\"top\">\n<p>J\u00f3 reggelt!: Hungarian language book<\/p>\n<p>(On SoundCloud: <a href=\"https:\/\/soundcloud.com\/user-805225528\/sets\/jo-reggelt-hungarian-lessons-sound-files\">https:\/\/soundcloud.com\/user-805225528\/sets\/jo-reggelt-hungarian-lessons-sound-files<\/a>)<\/p>\n<\/td>\n<td style=\"width: 26.9203%;height: 37px\" valign=\"top\">L\u00edvia Gy\u00f6ngy\u00f6si &#8211; B\u00e1lint Hetesy<\/td>\n<td style=\"width: 18.6521%\">HUF 4500<\/td>\n<\/tr>\n<tr style=\"height: 37px\">\n<td style=\"width: 50.1097%;height: 37px\" valign=\"top\">\n<p>J\u00f3 napot k\u00edv\u00e1nok!: Hungarian language book<\/p>\n<p>(On SoundCloud: <a href=\"https:\/\/soundcloud.com\/user-805225528\/sets\/jonapot-hungarian-lessons-sound-files\">https:\/\/soundcloud.com\/user-805225528\/sets\/jonapot-hungarian-lessons-sound-files<\/a>)<\/p>\n<\/td>\n<td style=\"width: 26.9203%;height: 37px\" valign=\"top\">L\u00edvia Gy\u00f6ngy\u00f6si &#8211; B\u00e1lint Hetesy<\/td>\n<td style=\"width: 18.6521%\">HUF 4500<\/td>\n<\/tr>\n<tr style=\"height: 37px\">\n<td style=\"width: 50.1097%;height: 37px\" valign=\"top\">\n<p>Eg\u00e9szs\u00e9g\u00e9re!: Magyar orvosi szaknyelv (Hungarian medical language)<\/p>\n<p>(On SoundCloud: <a href=\"https:\/\/soundcloud.com\/user-805225528\/sets\/egeszsegere-hungarian-lessons-sound-files\">https:\/\/soundcloud.com\/user-805225528\/sets\/egeszsegere-hungarian-lessons-sound-files<\/a>)<\/p>\n<\/td>\n<td style=\"width: 26.9203%;height: 37px\" valign=\"top\">Annam\u00e1ria Marthy &#8211; \u00c1gnes V\u00e9gh<\/td>\n<td style=\"width: 18.6521%\">HUF 4500<\/td>\n<\/tr>\n<\/tbody>\n<\/table>\n<p style=\"text-align: justify\">\u00a0<\/p>\n","protected":false},"excerpt":{"rendered":"<p>Address of the ETK Book Store: 17 Vas street, Budapest 1088 &#8211; basement, room 042 Administrator: Ms. Zsuzsanna Pol\u00f3nyi Phone: (1) 486 5860 E-mail: etk.jegyzetbolt@semmelweis.hu &nbsp; &nbsp; &nbsp; Opening hours\u00a0 Monday: 9:00 am \u2013 12:30 pm\u00a0 and 1:30 pm \u2013 3:30 pm Tuesday: 9:00 am \u2013 12:30 pm\u00a0 and 1:30 pm \u2013 3:30 pm Wednesday: &hellip;<\/p>\n","protected":false},"author":101733,"featured_media":0,"parent":289,"menu_order":5,"comment_status":"closed","ping_status":"closed","template":"","meta":{"_acf_changed":false,"footnotes":""},"categories":[],"tags":[],"class_list":["post-1553","page","type-page","status-publish","hentry"],"acf":[],"_links":{"self":[{"href":"https:\/\/semmelweis.hu\/etk\/wp-json\/wp\/v2\/pages\/1553","targetHints":{"allow":["GET"]}}],"collection":[{"href":"https:\/\/semmelweis.hu\/etk\/wp-json\/wp\/v2\/pages"}],"about":[{"href":"https:\/\/semmelweis.hu\/etk\/wp-json\/wp\/v2\/types\/page"}],"author":[{"embeddable":true,"href":"https:\/\/semmelweis.hu\/etk\/wp-json\/wp\/v2\/users\/101733"}],"replies":[{"embeddable":true,"href":"https:\/\/semmelweis.hu\/etk\/wp-json\/wp\/v2\/comments?post=1553"}],"version-history":[{"count":10,"href":"https:\/\/semmelweis.hu\/etk\/wp-json\/wp\/v2\/pages\/1553\/revisions"}],"predecessor-version":[{"id":17273,"href":"https:\/\/semmelweis.hu\/etk\/wp-json\/wp\/v2\/pages\/1553\/revisions\/17273"}],"up":[{"embeddable":true,"href":"https:\/\/semmelweis.hu\/etk\/wp-json\/wp\/v2\/pages\/289"}],"wp:attachment":[{"href":"https:\/\/semmelweis.hu\/etk\/wp-json\/wp\/v2\/media?parent=1553"}],"wp:term":[{"taxonomy":"category","embeddable":true,"href":"https:\/\/semmelweis.hu\/etk\/wp-json\/wp\/v2\/categories?post=1553"},{"taxonomy":"post_tag","embeddable":true,"href":"https:\/\/semmelweis.hu\/etk\/wp-json\/wp\/v2\/tags?post=1553"}],"curies":[{"name":"wp","href":"https:\/\/api.w.org\/{rel}","templated":true}]}}