{"id":142,"date":"2023-08-01T00:30:22","date_gmt":"2023-07-31T22:30:22","guid":{"rendered":"http:\/\/semmelweis.hu\/etk\/?page_id=142"},"modified":"2024-09-20T08:13:49","modified_gmt":"2024-09-20T06:13:49","slug":"optometria-specializacio","status":"publish","type":"page","link":"https:\/\/semmelweis.hu\/etk\/oktatas\/alapkepzesek-bsc\/orvosi-diagnosztikai-analitikus-szak\/optometria-specializacio\/","title":{"rendered":"Optometria"},"content":{"rendered":"<h3>Orvosi diagnosztikai analitikus alapk\u00e9pz\u00e9si szak<\/h3>\n<h2>OPTOMETRIA SPECIALIZ\u00c1CI\u00d3<\/h2>\n<div class=\"keretes w-100\">\n<h6><strong>Munkarend:<\/strong> levelez\u0151<\/h6>\n<h6><strong>K\u00e9pz\u00e9si id\u0151: <\/strong>8 f\u00e9l\u00e9v, 240 kredit<\/h6>\n<\/div>\n<p><a href=\"#jelentkezes\">A felv\u00e9teli elj\u00e1r\u00e1ssal kapcsolatos b\u0151vebb inform\u00e1ci\u00f3k&#8230;<\/a><\/p>\n<h4><strong>Kiket v\u00e1runk a k\u00e9pz\u00e9sre?<\/strong><\/h4>\n<p style=\"text-align: justify\">Olyan tov\u00e1bbtanul\u00f3k jelentkez\u00e9s\u00e9t v\u00e1rjuk, akik rendelkeznek az al\u00e1bbi k\u00e9szs\u00e9gekkel, k\u00e9pess\u00e9g\u00adgel, mivel a l\u00e1t\u00e1svizsg\u00e1latok elv\u00e9gz\u00e9s\u00e9hez \u00e9s az eredm\u00e9nyek \u00e9rt\u00e9kel\u00e9s\u00e9hez n\u00e9lk\u00fcl\u00f6zhetetlenek ezen tulajdons\u00e1gok megl\u00e9te: j\u00f3 koncentr\u00e1ci\u00f3s k\u00e9pess\u00e9g, precizit\u00e1s, k\u00e9z\u00fcgyess\u00e9g, eszt\u00e9tikai \u00e9r\u00adz\u00e9k, rendszerez\u0151 gondolkod\u00e1s, magabiztoss\u00e1g, j\u00f3 kapcsolatteremt\u0151 k\u00e9pess\u00e9g, j\u00f3 kommunik\u00e1ci\u00f3, t\u00fcrelem, emp\u00e1tia. A szak elv\u00e9gz\u00e9se ut\u00e1n elke\u00adr\u00fclhetetlen a tov\u00e1bbk\u00e9pz\u00e9s, \u00f6nk\u00e9pz\u00e9s, naprak\u00e9sz ismeretek megszerz\u00e9s\u00e9nek ig\u00e9nye \u00e9s a tanultak alkalmaz\u00e1sa, mivel az optometrista szakma folya\u00admatosan fejl\u0151dik.<\/p>\n<h4><strong>F\u0151bb szakmai ismeretk\u00f6r\u00f6k<\/strong><\/h4>\n<p style=\"text-align: justify\">Szem\u00e9szeti anat\u00f3mia, \u2013 patol\u00f3gia, \u2013 optika, szem\u00ad\u00fcvegrendel\u00e9s, kontaktol\u00f3gia, szem\u00e9szeti m\u0171szaki ismeretek, optikai anyag\u00ad \u00e9s gy\u00e1rt\u00e1sismeret, sze\u00adm\u00e9szeti klinikai ismeretek. Gyakorlatok: szem\u00e9szeti klinikum, fekv\u0151beteg oszt\u00e1lyos vizsg\u00e1l\u00f3, optikai szak\u00fczlet, kontak\u00adtol\u00f3gia ter\u00fcleti gyakorlat, gyermekszem\u00e9szet.<\/p>\n<h4><strong>Tov\u00e1bbtanul\u00e1si lehet\u0151s\u00e9gek mesterszakon<\/strong><\/h4>\n<ul style=\"list-style-type: disc\">\n<li>Eg\u00e9szs\u00e9g\u00fcgyi menedzser<\/li>\n<li><a href=\"https:\/\/semmelweis.hu\/etk\/oktatas\/mesterkepzesek-msc\/egeszsegugyi-tanar-mesterkepzesi-szak\/\">Eg\u00e9szs\u00e9g\u00fcgyi tan\u00e1r<\/a><\/li>\n<\/ul>\n<h4><strong>Mit csin\u00e1l egy optometrista?<\/strong><\/h4>\n<p style=\"text-align: justify\">Az optometria specializ\u00e1ci\u00f3n v\u00e9gzett szakember a k\u00e9pz\u00e9s sor\u00e1n elsaj\u00e1t\u00edtott optikai, optometriai, m\u00e9r\u00e9stechnikai ismeretei birtok\u00e1ban szemvizsg\u00e1latot \u00e9s korrekci\u00f3t v\u00e9gez. A korszer\u0171 vizsg\u00e1lati eszk\u00f6z\u00f6k seg\u00edts\u00e9g\u00e9vel l\u00e1tszer\u00e9szeti seg\u00e9deszk\u00f6z\u00f6ket (szem\u00ad\u00fcveg, kontaktlencse) \u00edr fel, mik\u00f6zben a legoptim\u00e1\u00adlisabb l\u00e1t\u00e1s\u00e9less\u00e9g el\u00e9r\u00e9s\u00e9re t\u00f6rekszik, betartva a kompetenciahat\u00e1rokat. Vizsg\u00e1latai sor\u00e1n felismeri a szembetegs\u00e9geket, a betegs\u00e9gr\u0151l m\u00e9rt\u00e9ktart\u00f3an nyilatkozik, \u00edgy hozz\u00e1j\u00e1rul ahhoz, hogy a p\u00e1ciensek id\u0151ben szemorvosi ell\u00e1t\u00e1sban r\u00e9szes\u00fclhessenek.<\/p>\n<h4><strong>Elhelyezked\u00e9si lehet\u0151s\u00e9gek<\/strong><\/h4>\n<ul style=\"list-style-type: disc\">\n<li>optikai \u00fczletekben,<\/li>\n<li>saj\u00e1t optikai \u00fczlet vezet\u0151jek\u00e9nt,<\/li>\n<li>k\u00f3rh\u00e1zak, klinik\u00e1k szem\u00e9szeti ambul\u00e1ns rende\u00adl\u00e9sein,<\/li>\n<li>a kereskedelmi \u00e9letben optikai term\u00e9k\u00ad \u00e9s projektmenedzserk\u00e9nt,<\/li>\n<li>szem\u00e9szeti diagnosztikai vizsg\u00e1l\u00f3 laborat\u00f3riumban,<\/li>\n<li>szem\u00e9szeti asszisztensk\u00e9nt,<\/li>\n<li>optikai kutat\u00e1sokban.<a id=\"jelentkezes\"><\/a><\/li>\n<\/ul>\n            <div class=\"qae-faqs-container qae-faqs-toggle-container\">\n\t\t\t\t\t\t\t<ul class=\"qe-faqs-filters-container\">\n\t\t\t\t<li class=\"active\"><a class=\"qe-faqs-filter all-faqs\" href=\"#\" data-filter=\"*\">All<\/a><\/li>\n\t\t\t\t<li><a class=\"qe-faqs-filter\" href=\"#jelentkezes-alapkepzesek\" data-filter=\".jelentkezes-alapkepzesek\">Jelentkez\u00e9s - Alapk\u00e9pz\u00e9sek<\/a><\/li>\t\t\t<\/ul>\n\t\t\t\t\t<div id=\"qaef-14497\" class=\"qe-faq-toggle jelentkezes-alapkepzesek\">\n\t\t\t<div class=\"qe-toggle-title\">\n\t\t\t\t<h4>\n\t\t\t\t\t<i class=\"fa fa-minus-circle\"><\/i> Jelentkez\u00e9s alapk\u00e9pz\u00e9sre\t\t\t\t<\/h4>\n\t\t\t<\/div>\n\t\t\t<div class=\"qe-toggle-content\">\n\t\t\t\t<p><a href=\"https:\/\/www.felvi.hu\/felveteli\/jelentkezes\/mikor_es_mire\/Mikor_lehet_jelentkezni\"><strong>Hivatalos felv\u00e9teli menetrend (felvi.hu) \u2192<\/strong><\/a><\/p>\n<h4><strong>A jelentkez\u00e9s felt\u00e9tele:<\/strong><\/h4>\n<p>\u00c9retts\u00e9gi bizony\u00edtv\u00e1ny<\/p>\n<h4><strong>Finansz\u00edroz\u00e1si forma: <\/strong><\/h4>\n<ul>\n<li>\u00e1llami \u00f6szt\u00f6nd\u00edjjal t\u00e1mogatott<\/li>\n<li>\u00f6nk\u00f6lts\u00e9ges (300.000 Ft\/f\u00e9l\u00e9v: \u00e1pol\u00f3 szakir\u00e1ny, hang-, besz\u00e9d \u00e9s nyel\u00e9sterapeuta szakir\u00e1ny, ment\u0151tiszt szakir\u00e1ny, sz\u00fcl\u00e9szn\u0151 szakir\u00e1ny, n\u00e9peg\u00e9szs\u00e9g\u00fcgyi ellen\u0151r szakir\u00e1ny, v\u00e9d\u0151n\u0151 szakir\u00e1ny, eg\u00e9szs\u00e9gturizmus szervez\u0151 specializ\u00e1ci\u00f3; 350.000 Ft\/f\u00e9l\u00e9v: sporteg\u00e9szs\u00e9g\u00fcgyi szervez\u0151 specializ\u00e1ci\u00f3; 400.000 Ft\/f\u00e9l\u00e9v: dietetikus szakir\u00e1ny, gy\u00f3gytorn\u00e1sz szakir\u00e1ny, optometria specializ\u00e1ci\u00f3, radiogr\u00e1fia specializ\u00e1ci\u00f3)<\/li>\n<li>angol nyelv\u0171 eg\u00e9szs\u00e9gturizmus-szervez\u0151 k\u00e9pz\u00e9s eset\u00e9n 220.000 Ft\/f\u00e9l\u00e9v idegen nyelvi hozz\u00e1j\u00e1rul\u00e1s fizetend\u0151 finansz\u00edroz\u00e1si form\u00e1t\u00f3l f\u00fcggetlen\u00fcl<\/li>\n<\/ul>\n<h4><strong>Jelentkez\u00e9si hat\u00e1rid\u0151:<\/strong><\/h4>\n<ul>\n<li>2026. szeptemberi kezd\u00e9ssel hirdetett k\u00e9pz\u00e9s eset\u00e9n: 2026. febru\u00e1r 15.<\/li>\n<\/ul>\n<h4><strong>Jelentkez\u00e9s m\u00f3dja:<\/strong><\/h4>\n<p>Kiz\u00e1r\u00f3lag elektronikusan jelentkezhetsz a <a href=\"http:\/\/www.felvi.hu\">www.felvi.hu<\/a> honlapon az E-felv\u00e9teli szolg\u00e1ltat\u00e1son kereszt\u00fcl regisztr\u00e1ci\u00f3 ut\u00e1n.<\/p>\n<h4><strong>Megjel\u00f6lt helyek sz\u00e1ma:<\/strong><\/h4>\n<p>Legfeljebb hat helyet jel\u00f6lhetsz meg. Egy jelentkez\u00e9si helynek sz\u00e1m\u00edt, ha a jelentkez\u00e9si hely csak a finansz\u00edroz\u00e1si (\u00e1llami \u00f6szt\u00f6nd\u00edjas, \u00f6nk\u00f6lts\u00e9ges) form\u00e1ban t\u00e9r el.<\/p>\n<h4><strong>D\u00edjak:<\/strong><\/h4>\n<p>H\u00e1rom k\u00e9pz\u00e9s megjel\u00f6l\u00e9se d\u00edjmentes, minden tov\u00e1bbi\u00e9rt 2000-2000 Ft kieg\u00e9sz\u00edt\u0151 d\u00edjat kell fizetni.<\/p>\n<h4><strong>Dokumentumok felt\u00f6lt\u00e9se:<\/strong><\/h4>\n<p>Fel kell t\u00f6lteni azokat a dokumentumokat, melyek a jelentkez\u00e9skor m\u00e1r rendelkez\u00e9sedre \u00e1llnak, a k\u00e9s\u0151bb k\u00e9zhez kapottakat pedig 2026. j\u00falius 07-ig. Az eredeti dokumentumokat a fels\u0151oktat\u00e1si int\u00e9zm\u00e9nyben a beiratkoz\u00e1s alkalm\u00e1val kell bemutatnod, amely a hallgat\u00f3i jogviszony l\u00e9tes\u00edt\u00e9s\u00e9nek is a felt\u00e9tele.<\/p>\n<h4><strong>\u00c9rv\u00e9nyes a jelentkez\u00e9s:<\/strong><\/h4>\n<p>Ha az E-felv\u00e9teliben ny\u00fajtod be \u00e9s a jelentkez\u00e9si \u0171rlapot hiteles\u00edted 2026. febru\u00e1r 15-ig \u00fcgyf\u00e9lkapun kereszt\u00fcl.<\/p>\n<h4><strong>Fontos!<\/strong><\/h4>\n<p>Az eg\u00e9sz felv\u00e9teli elj\u00e1r\u00e1s sor\u00e1n rendszeresen figyeld a megadott e-mail fi\u00f3kodat \u00e9s az E-felv\u00e9teli fel\u00fcletet.<\/p>\n\t\t\t<\/div>\n\t\t<\/div>\n\t\t            <\/div>\n\t\t\n<hr style=\"border-top: 1px solid white\" \/>\n\r\n        [slb_exclude]\r\n        <div class=\"row galeria-wrapper mx-0 h-auto\">\r\n            <div class=\"col-9 pl-0 pr-2\">\r\n            <span class=\"gallery-item frame\">\r\n\t\t\t\t<div class=\"galeria-left-img\"><a href=\"https:\/\/semmelweis.hu\/etk\/files\/2023\/08\/RS60055_KR_20170322_0029-scr.jpg\"><img src=https:\/\/semmelweis.hu\/etk\/files\/2023\/08\/RS60055_KR_20170322_0029-scr.jpg  \r\n                            alt=\"\" \r\n                            class=\"attachment-sote-gallery-big size-sote-gallery-big\" \r\n                            srcset=\"https:\/\/semmelweis.hu\/etk\/files\/2023\/08\/RS60055_KR_20170322_0029-scr-400x267.jpg 400w, https:\/\/semmelweis.hu\/etk\/files\/2023\/08\/RS60055_KR_20170322_0029-scr-768x512.jpg 768w, https:\/\/semmelweis.hu\/etk\/files\/2023\/08\/RS60055_KR_20170322_0029-scr-753x502.jpg 753w, https:\/\/semmelweis.hu\/etk\/files\/2023\/08\/RS60055_KR_20170322_0029-scr-203x135.jpg 203w, https:\/\/semmelweis.hu\/etk\/files\/2023\/08\/RS60055_KR_20170322_0029-scr.jpg 950w\" ><\/a><\/div>\r\n            <\/span>\r\n\r\n            <\/div>\r\n\r\n\t\t\t<div class=\"col-3 pl-0 pr-0\">\r\n\t\t\t\t<div class=\"galeria-right-img d-flex justify-content-between flex-column h-100 w-100 px-0 mx-0 \">\r\n                <div class=\"galeria-box\">\r\n\t\t\t\t\t<h3 class=\"galeria-title\">Gal\u00e9ria<\/h3>\r\n\t\t\t\t\t<div class=\"galeria-subtitle\">\r\n\r\n\t\t\t\t\t\t<div class=\"galeria-page-counter\"><span>9<\/span>k\u00e9p<\/div>\r\n                    <\/div> <\/div>\r\n                    <span class=\"gallery-item frame d-none d-md-flex\">\r\n\t\t\t\t\t<div class=\"galeria-small-img mt-0\"><a href=\"https:\/\/semmelweis.hu\/etk\/files\/2023\/08\/RS9645_20111013-IMG_9282-scr.jpg\"><img src=https:\/\/semmelweis.hu\/etk\/files\/2023\/08\/RS9645_20111013-IMG_9282-scr.jpg \r\n                                alt=\"\"  \r\n                                class=\"attachment-sote-gallery-small size-sote-gallery-small\" \r\n                                srcset=\"https:\/\/semmelweis.hu\/etk\/files\/2023\/08\/RS9645_20111013-IMG_9282-scr-400x265.jpg 400w, https:\/\/semmelweis.hu\/etk\/files\/2023\/08\/RS9645_20111013-IMG_9282-scr-768x509.jpg 768w, https:\/\/semmelweis.hu\/etk\/files\/2023\/08\/RS9645_20111013-IMG_9282-scr-753x499.jpg 753w, https:\/\/semmelweis.hu\/etk\/files\/2023\/08\/RS9645_20111013-IMG_9282-scr-203x135.jpg 203w, https:\/\/semmelweis.hu\/etk\/files\/2023\/08\/RS9645_20111013-IMG_9282-scr.jpg 950w\" ><\/a><\/div>\r\n                    <\/span>\r\n                    <span class=\"gallery-item frame d-none d-md-flex\">\r\n\t\t\t\t\t<div class=\"galeria-small-img mt-0\"><a href=\"https:\/\/semmelweis.hu\/etk\/files\/2023\/08\/RS12536_KA-20120829-IMG_4622-scr.jpg\"><img src=https:\/\/semmelweis.hu\/etk\/files\/2023\/08\/RS12536_KA-20120829-IMG_4622-scr.jpg \r\n                                alt=\"\" \r\n                                class=\"attachment-sote-gallery-small size-sote-gallery-small\" \r\n                                srcset=\"https:\/\/semmelweis.hu\/etk\/files\/2023\/08\/RS12536_KA-20120829-IMG_4622-scr-400x267.jpg 400w, https:\/\/semmelweis.hu\/etk\/files\/2023\/08\/RS12536_KA-20120829-IMG_4622-scr-768x512.jpg 768w, https:\/\/semmelweis.hu\/etk\/files\/2023\/08\/RS12536_KA-20120829-IMG_4622-scr-753x502.jpg 753w, https:\/\/semmelweis.hu\/etk\/files\/2023\/08\/RS12536_KA-20120829-IMG_4622-scr-203x135.jpg 203w, https:\/\/semmelweis.hu\/etk\/files\/2023\/08\/RS12536_KA-20120829-IMG_4622-scr.jpg 950w\" ><\/a><\/div>\r\n                    <\/span>\r\n\r\n                <\/div>\r\n\r\n            <\/div>\r\n\r\n            <span class=\"gallery-item\"><div class=\"hidden\"><a href=\"https:\/\/semmelweis.hu\/etk\/files\/2023\/08\/RS60064_KR_20170322_0056-scr.jpg\">\r\n        <img src=https:\/\/semmelweis.hu\/etk\/files\/2023\/08\/RS60064_KR_20170322_0056-scr.jpg alt=\"\" class=\"attachment-sote-gallery-big size-sote-gallery-big\" srcset=\"https:\/\/semmelweis.hu\/etk\/files\/2023\/08\/RS60064_KR_20170322_0056-scr-400x267.jpg 400w, https:\/\/semmelweis.hu\/etk\/files\/2023\/08\/RS60064_KR_20170322_0056-scr-768x512.jpg 768w, https:\/\/semmelweis.hu\/etk\/files\/2023\/08\/RS60064_KR_20170322_0056-scr-753x502.jpg 753w, https:\/\/semmelweis.hu\/etk\/files\/2023\/08\/RS60064_KR_20170322_0056-scr-203x135.jpg 203w, https:\/\/semmelweis.hu\/etk\/files\/2023\/08\/RS60064_KR_20170322_0056-scr.jpg 950w\" >\r\n        <\/a><\/div><\/span><span class=\"gallery-item\"><div class=\"hidden\"><a href=\"https:\/\/semmelweis.hu\/etk\/files\/2023\/08\/RS12533_KA-20120829-IMG_4615-scr.jpg\">\r\n        <img src=https:\/\/semmelweis.hu\/etk\/files\/2023\/08\/RS12533_KA-20120829-IMG_4615-scr.jpg alt=\"\" class=\"attachment-sote-gallery-big size-sote-gallery-big\" srcset=\"https:\/\/semmelweis.hu\/etk\/files\/2023\/08\/RS12533_KA-20120829-IMG_4615-scr-400x267.jpg 400w, https:\/\/semmelweis.hu\/etk\/files\/2023\/08\/RS12533_KA-20120829-IMG_4615-scr-768x512.jpg 768w, https:\/\/semmelweis.hu\/etk\/files\/2023\/08\/RS12533_KA-20120829-IMG_4615-scr-753x502.jpg 753w, https:\/\/semmelweis.hu\/etk\/files\/2023\/08\/RS12533_KA-20120829-IMG_4615-scr-203x135.jpg 203w, https:\/\/semmelweis.hu\/etk\/files\/2023\/08\/RS12533_KA-20120829-IMG_4615-scr.jpg 950w\" >\r\n        <\/a><\/div><\/span><span class=\"gallery-item\"><div class=\"hidden\"><a href=\"https:\/\/semmelweis.hu\/etk\/files\/2023\/08\/RS60061_KR_20170322_0049-scr.jpg\">\r\n        <img src=https:\/\/semmelweis.hu\/etk\/files\/2023\/08\/RS60061_KR_20170322_0049-scr.jpg alt=\"\" class=\"attachment-sote-gallery-big size-sote-gallery-big\" srcset=\"https:\/\/semmelweis.hu\/etk\/files\/2023\/08\/RS60061_KR_20170322_0049-scr-400x267.jpg 400w, https:\/\/semmelweis.hu\/etk\/files\/2023\/08\/RS60061_KR_20170322_0049-scr-768x512.jpg 768w, https:\/\/semmelweis.hu\/etk\/files\/2023\/08\/RS60061_KR_20170322_0049-scr-753x502.jpg 753w, https:\/\/semmelweis.hu\/etk\/files\/2023\/08\/RS60061_KR_20170322_0049-scr-203x135.jpg 203w, https:\/\/semmelweis.hu\/etk\/files\/2023\/08\/RS60061_KR_20170322_0049-scr.jpg 950w\" >\r\n        <\/a><\/div><\/span><span class=\"gallery-item\"><div class=\"hidden\"><a href=\"https:\/\/semmelweis.hu\/etk\/files\/2023\/08\/RS60057_KR_20170322_0033-scr.jpg\">\r\n        <img src=https:\/\/semmelweis.hu\/etk\/files\/2023\/08\/RS60057_KR_20170322_0033-scr.jpg alt=\"\" class=\"attachment-sote-gallery-big size-sote-gallery-big\" srcset=\"https:\/\/semmelweis.hu\/etk\/files\/2023\/08\/RS60057_KR_20170322_0033-scr-400x267.jpg 400w, https:\/\/semmelweis.hu\/etk\/files\/2023\/08\/RS60057_KR_20170322_0033-scr-768x512.jpg 768w, https:\/\/semmelweis.hu\/etk\/files\/2023\/08\/RS60057_KR_20170322_0033-scr-753x502.jpg 753w, https:\/\/semmelweis.hu\/etk\/files\/2023\/08\/RS60057_KR_20170322_0033-scr-203x135.jpg 203w, https:\/\/semmelweis.hu\/etk\/files\/2023\/08\/RS60057_KR_20170322_0033-scr.jpg 950w\" >\r\n        <\/a><\/div><\/span><span class=\"gallery-item\"><div class=\"hidden\"><a href=\"https:\/\/semmelweis.hu\/etk\/files\/2023\/08\/RS12535_KA-20120829-IMG_4620-scr.jpg\">\r\n        <img src=https:\/\/semmelweis.hu\/etk\/files\/2023\/08\/RS12535_KA-20120829-IMG_4620-scr.jpg alt=\"\" class=\"attachment-sote-gallery-big size-sote-gallery-big\" srcset=\"https:\/\/semmelweis.hu\/etk\/files\/2023\/08\/RS12535_KA-20120829-IMG_4620-scr-400x267.jpg 400w, https:\/\/semmelweis.hu\/etk\/files\/2023\/08\/RS12535_KA-20120829-IMG_4620-scr-768x512.jpg 768w, https:\/\/semmelweis.hu\/etk\/files\/2023\/08\/RS12535_KA-20120829-IMG_4620-scr-753x502.jpg 753w, https:\/\/semmelweis.hu\/etk\/files\/2023\/08\/RS12535_KA-20120829-IMG_4620-scr-203x135.jpg 203w, https:\/\/semmelweis.hu\/etk\/files\/2023\/08\/RS12535_KA-20120829-IMG_4620-scr.jpg 950w\" >\r\n        <\/a><\/div><\/span><span class=\"gallery-item\"><div class=\"hidden\"><a href=\"https:\/\/semmelweis.hu\/etk\/files\/2023\/08\/RS9642_20111013-IMG_9271-scr.jpg\">\r\n        <img src=https:\/\/semmelweis.hu\/etk\/files\/2023\/08\/RS9642_20111013-IMG_9271-scr.jpg alt=\"\" class=\"attachment-sote-gallery-big size-sote-gallery-big\" srcset=\"https:\/\/semmelweis.hu\/etk\/files\/2023\/08\/RS9642_20111013-IMG_9271-scr-281x400.jpg 281w, https:\/\/semmelweis.hu\/etk\/files\/2023\/08\/RS9642_20111013-IMG_9271-scr.jpg 527w\" >\r\n        <\/a><\/div><\/span>\r\n            <\/div>\r\n\r\n            [\/slb_exclude]\r\n\t\n","protected":false},"excerpt":{"rendered":"<p><a href=\"https:\/\/www.felvi.hu\/felveteli\/jelentkezes\/mikor_es_mire\/Mikor_lehet_jelentkezni\">Hivatalos felv\u00e9teli menetrend (felvi.hu) \u2192<\/a> A jelentkez\u00e9s felt\u00e9tele: \u00c9retts\u00e9gi bizony\u00edtv\u00e1ny Finansz\u00edroz\u00e1si forma: \u00e1llami \u00f6szt\u00f6nd\u00edjjal t\u00e1mogatott \u00f6nk\u00f6lts\u00e9ges (300.000 Ft\/f\u00e9l\u00e9v: \u00e1pol\u00f3 szakir\u00e1ny, hang-, besz\u00e9d \u00e9s nyel\u00e9sterapeuta szakir\u00e1ny, ment\u0151tiszt szakir\u00e1ny, sz\u00fcl\u00e9szn\u0151 szakir\u00e1ny, n\u00e9peg\u00e9szs\u00e9g\u00fcgyi ellen\u0151r szakir\u00e1ny, v\u00e9d\u0151n\u0151 szakir\u00e1ny, eg\u00e9szs\u00e9gturizmus szervez\u0151 specializ\u00e1ci\u00f3; 350.000 Ft\/f\u00e9l\u00e9v: sporteg\u00e9szs\u00e9g\u00fcgyi szervez\u0151 specializ\u00e1ci\u00f3; 400.000 Ft\/f\u00e9l\u00e9v: dietetikus szakir\u00e1ny, gy\u00f3gytorn\u00e1sz szakir\u00e1ny, optometria specializ\u00e1ci\u00f3, radiogr\u00e1fia specializ\u00e1ci\u00f3) angol nyelv\u0171 eg\u00e9szs\u00e9gturizmus-szervez\u0151 k\u00e9pz\u00e9s eset\u00e9n 220.000 Ft\/f\u00e9l\u00e9v idegen &hellip;<\/p>\n","protected":false},"author":101729,"featured_media":13249,"parent":138,"menu_order":0,"comment_status":"closed","ping_status":"closed","template":"","meta":{"_acf_changed":false,"footnotes":""},"categories":[51,57],"tags":[],"class_list":["post-142","page","type-page","status-publish","has-post-thumbnail","hentry","category-diagnosztika","category-kepzesek"],"acf":[],"_links":{"self":[{"href":"https:\/\/semmelweis.hu\/etk\/wp-json\/wp\/v2\/pages\/142","targetHints":{"allow":["GET"]}}],"collection":[{"href":"https:\/\/semmelweis.hu\/etk\/wp-json\/wp\/v2\/pages"}],"about":[{"href":"https:\/\/semmelweis.hu\/etk\/wp-json\/wp\/v2\/types\/page"}],"author":[{"embeddable":true,"href":"https:\/\/semmelweis.hu\/etk\/wp-json\/wp\/v2\/users\/101729"}],"replies":[{"embeddable":true,"href":"https:\/\/semmelweis.hu\/etk\/wp-json\/wp\/v2\/comments?post=142"}],"version-history":[{"count":11,"href":"https:\/\/semmelweis.hu\/etk\/wp-json\/wp\/v2\/pages\/142\/revisions"}],"predecessor-version":[{"id":16373,"href":"https:\/\/semmelweis.hu\/etk\/wp-json\/wp\/v2\/pages\/142\/revisions\/16373"}],"up":[{"embeddable":true,"href":"https:\/\/semmelweis.hu\/etk\/wp-json\/wp\/v2\/pages\/138"}],"wp:featuredmedia":[{"embeddable":true,"href":"https:\/\/semmelweis.hu\/etk\/wp-json\/wp\/v2\/media\/13249"}],"wp:attachment":[{"href":"https:\/\/semmelweis.hu\/etk\/wp-json\/wp\/v2\/media?parent=142"}],"wp:term":[{"taxonomy":"category","embeddable":true,"href":"https:\/\/semmelweis.hu\/etk\/wp-json\/wp\/v2\/categories?post=142"},{"taxonomy":"post_tag","embeddable":true,"href":"https:\/\/semmelweis.hu\/etk\/wp-json\/wp\/v2\/tags?post=142"}],"curies":[{"name":"wp","href":"https:\/\/api.w.org\/{rel}","templated":true}]}}