{"id":116,"date":"2023-08-26T00:30:54","date_gmt":"2023-08-25T22:30:54","guid":{"rendered":"http:\/\/semmelweis.hu\/etk\/?page_id=116"},"modified":"2023-12-14T14:37:30","modified_gmt":"2023-12-14T13:37:30","slug":"apolo-szakirany","status":"publish","type":"page","link":"https:\/\/semmelweis.hu\/etk\/oktatas\/alapkepzesek-bsc\/apolas-es-betegellatas-szak\/apolo-szakirany\/","title":{"rendered":"\u00c1pol\u00f3"},"content":{"rendered":"<h3>\u00c1pol\u00e1s \u00e9s betegell\u00e1t\u00e1s alapk\u00e9pz\u00e9si szak<\/h3>\n<h2>\u00c1POL\u00d3 SZAKIR\u00c1NY<\/h2>\n<div class=\"keretes w-100\">\n<h6><strong>Munkarend:<\/strong> nappali vagy levelez\u0151<\/h6>\n<h6><strong>K\u00e9pz\u00e9si id\u0151: <\/strong>8 f\u00e9l\u00e9v, 240 kredit<\/h6>\n<\/div>\n<p><a href=\"#jelentkezes\">A felv\u00e9teli elj\u00e1r\u00e1ssal kapcsolatos b\u0151vebb inform\u00e1ci\u00f3k&#8230;\u00a0<\/a><\/p>\n<h4><strong>Kiket v\u00e1runk a k\u00e9pz\u00e9sre?<\/strong><\/h4>\n<p style=\"text-align: justify;\">Mindazokat, akiknek fontos, hogy seg\u00edt\u0151 munk\u00e1t v\u00e9gezzenek, akiknek az \u00e1pol\u00e1s nem csak szakm\u00e1t, de hivat\u00e1st is jelent. Az \u00e1pol\u00f3i munka elengedhetetlen alapja a fejlett emp\u00e1tiak\u00e9szs\u00e9g, a t\u00fcrelem, kiegyens\u00falyozotts\u00e1g, kapcsolatteremt\u0151 k\u00e9szs\u00e9g \u00e9s az etikus magatart\u00e1s. Az \u00e1pol\u00f3nak tudnia kell csapatban dolgozni, el\u0151ny a j\u00f3 alkalmazkod\u00f3k\u00e9pess\u00e9g, \u00e1ll\u00f3k\u00e9pess\u00e9g \u00e9s a szervez\u0151k\u00e9szs\u00e9g.<\/p>\n<h4><strong>F\u0151bb szakmai ismeretk\u00f6r\u00f6k<\/strong><\/h4>\n<p style=\"text-align: justify;\">\u00c1pol\u00e1si alapismeretek, \u00e1pol\u00e1setika, belgy\u00f3gy\u00e1szat \u00e9s \u00e1pol\u00e1stana, seb\u00e9szet \u00e9s \u00e1pol\u00e1stana, sz\u00fcl\u00e9szet-n\u0151gy\u00f3gy\u00e1szat \u00e9s \u00e1pol\u00e1stana, aneszteziol\u00f3gia, intenz\u00edv ter\u00e1pia \u00e9s \u00e1pol\u00e1stana, csecsem\u0151-gyermekgy\u00f3gy\u00e1szat \u00e9s \u00e1pol\u00e1stana, neurol\u00f3gia \u00e9s \u00e1pol\u00e1stana, pszichi\u00e1tria \u00e9s \u00e1pol\u00e1stana, alapell\u00e1t\u00e1s, k\u00f6z\u00f6ss\u00e9gi \u00e1pol\u00e1s, onkol\u00f3gia \u00e9s \u00e1pol\u00e1stana, kisklinikumi ismeretek \u00e9s \u00e1pol\u00e1stana, szimul\u00e1ci\u00f3s esettanulm\u00e1nyok.<\/p>\n<h4><strong>Tov\u00e1bbtanul\u00e1si lehet\u0151s\u00e9gek mesterszakon<\/strong><\/h4>\n<ul>\n<li><a href=\"https:\/\/semmelweis.hu\/etk\/oktatas\/mesterkepzesek-msc\/apolas-mesterkepzesi-szak\/\">\u00c1pol\u00e1s (Kiterjesztett hat\u00e1sk\u00f6r\u0171 \u00e1pol\u00f3)<\/a><\/li>\n<li><a href=\"https:\/\/semmelweis.hu\/etk\/oktatas\/mesterkepzesek-msc\/taplalkozastudomanyi-mesterkepzesi-szak\/\">T\u00e1pl\u00e1lkoz\u00e1studom\u00e1nyi<\/a><\/li>\n<li>Eg\u00e9szs\u00e9gpolitika, tervez\u00e9s \u00e9s finansz\u00edroz\u00e1s<\/li>\n<li>Komplex rehabilit\u00e1ci\u00f3<\/li>\n<li>Eg\u00e9szs\u00e9g\u00fcgyi szoci\u00e1lis munka<\/li>\n<li><a href=\"https:\/\/semmelweis.hu\/emk\/oktatas\/mesterkepzes\/msc-kepzes-felveteli-informaciok\/\" target=\"_blank\" rel=\"noopener\">Eg\u00e9szs\u00e9g\u00fcgyi menedzser<\/a><\/li>\n<li><a href=\"https:\/\/semmelweis.hu\/etk\/oktatas\/mesterkepzesek-msc\/egeszsegugyi-tanar-mesterkepzesi-szak\/\">Eg\u00e9szs\u00e9g\u00fcgyi tan\u00e1r<\/a><\/li>\n<\/ul>\n<h4><strong>Mit csin\u00e1l egy \u00e1pol\u00f3?<\/strong><\/h4>\n<p style=\"text-align: justify;\">Az \u00e1pol\u00f3 p\u00e1ly\u00e1ja hivat\u00e1s, az eg\u00e9szs\u00e9g meg\u0151rz\u00e9se, meg\u00f3v\u00e1sa \u00e9s a betegek gy\u00f3gy\u00edt\u00e1sa \u00e9rdek\u00e9ben v\u00e9gzett tev\u00e9kenys\u00e9g. A k\u00f3rh\u00e1zban a betegeket megfigyeli, folyamatosan figyelemmel k\u00eds\u00e9ri sz\u00fcks\u00e9gleteiket. Seg\u00edt a betegnek az eg\u00e9szs\u00e9gi \u00e1llapot\u00e1val \u00f6sszef\u00fcgg\u0151 inform\u00e1ci\u00f3kat feldolgozni, meg\u00e9rteni. R\u00e9szt vesz a betegs\u00e9gmegel\u0151z\u00e9sben, akt\u00edv seg\u00edt\u0151je a beteg fel\u00e9p\u00fcl\u00e9s\u00e9nek, k\u00f6zrem\u0171k\u00f6dik a rehabilit\u00e1ci\u00f3 folyamat\u00e1ban. Az \u00e1pol\u00f3 k\u00eds\u00e9r\u0151 feladatai a dokument\u00e1ci\u00f3 \u00e9s az adminisztr\u00e1ci\u00f3 is. Az \u00e1pol\u00f3 k\u00e9pes gondoskod\u00f3 eg\u00e9szs\u00e9g\u00fcgyi ell\u00e1t\u00e1st ny\u00fajtani minden koroszt\u00e1lynak, a korasz\u00fcl\u00f6ttekt\u0151l kezdve az id\u0151skor\u00fa betegekig.<\/p>\n<h4><strong>Elhelyezked\u00e9si lehet\u0151s\u00e9gek<\/strong><\/h4>\n<ul>\n<li>fekv\u0151beteg\u00ad-ell\u00e1t\u00e1sban,<\/li>\n<li>j\u00e1r\u00f3beteg szakell\u00e1t\u00e1sban,<\/li>\n<li>k\u00f6rzeti k\u00f6z\u00f6ss\u00e9gi ell\u00e1t\u00e1sban,<\/li>\n<li>szoci\u00e1lis szf\u00e9r\u00e1ban,<\/li>\n<li>orvos\u00ad, gy\u00f3gyszert\u00e1r\u00ad \u00e9s k\u00f3rh\u00e1zl\u00e1togat\u00f3k\u00e9nt,<\/li>\n<li>transzplant\u00e1ci\u00f3s koordin\u00e1tork\u00e9nt,<\/li>\n<li>mag\u00e1nszolg\u00e1ltat\u00f3kn\u00e1l.<a id=\"jelentkezes\"><\/a><\/li>\n<\/ul>\n            <div class=\"qae-faqs-container qae-faqs-toggle-container\">\n\t\t\t\t\t\t\t<ul class=\"qe-faqs-filters-container\">\n\t\t\t\t<li class=\"active\"><a class=\"qe-faqs-filter all-faqs\" href=\"#\" data-filter=\"*\">All<\/a><\/li>\n\t\t\t\t<li><a class=\"qe-faqs-filter\" href=\"#jelentkezes-alapkepzesek\" data-filter=\".jelentkezes-alapkepzesek\">Jelentkez\u00e9s - Alapk\u00e9pz\u00e9sek<\/a><\/li>\t\t\t<\/ul>\n\t\t\t\t\t<div id=\"qaef-14497\" class=\"qe-faq-toggle jelentkezes-alapkepzesek\">\n\t\t\t<div class=\"qe-toggle-title\">\n\t\t\t\t<h4>\n\t\t\t\t\t<i class=\"fa fa-minus-circle\"><\/i> Jelentkez\u00e9s alapk\u00e9pz\u00e9sre\t\t\t\t<\/h4>\n\t\t\t<\/div>\n\t\t\t<div class=\"qe-toggle-content\">\n\t\t\t\t<p><a href=\"https:\/\/www.felvi.hu\/felveteli\/jelentkezes\/mikor_es_mire\/Mikor_lehet_jelentkezni\"><strong>Hivatalos felv\u00e9teli menetrend (felvi.hu) \u2192<\/strong><\/a><\/p>\n<h4><strong>A jelentkez\u00e9s felt\u00e9tele:<\/strong><\/h4>\n<p>\u00c9retts\u00e9gi bizony\u00edtv\u00e1ny<\/p>\n<h4><strong>Finansz\u00edroz\u00e1si forma: <\/strong><\/h4>\n<ul>\n<li>\u00e1llami \u00f6szt\u00f6nd\u00edjjal t\u00e1mogatott<\/li>\n<li>\u00f6nk\u00f6lts\u00e9ges (300.000 Ft\/f\u00e9l\u00e9v: \u00e1pol\u00f3 szakir\u00e1ny, hang-, besz\u00e9d \u00e9s nyel\u00e9sterapeuta szakir\u00e1ny, ment\u0151tiszt szakir\u00e1ny, sz\u00fcl\u00e9szn\u0151 szakir\u00e1ny, n\u00e9peg\u00e9szs\u00e9g\u00fcgyi ellen\u0151r szakir\u00e1ny, v\u00e9d\u0151n\u0151 szakir\u00e1ny, eg\u00e9szs\u00e9gturizmus szervez\u0151 specializ\u00e1ci\u00f3; 350.000 Ft\/f\u00e9l\u00e9v: sporteg\u00e9szs\u00e9g\u00fcgyi szervez\u0151 specializ\u00e1ci\u00f3; 400.000 Ft\/f\u00e9l\u00e9v: dietetikus szakir\u00e1ny, gy\u00f3gytorn\u00e1sz szakir\u00e1ny, optometria specializ\u00e1ci\u00f3, radiogr\u00e1fia specializ\u00e1ci\u00f3)<\/li>\n<li>angol nyelv\u0171 eg\u00e9szs\u00e9gturizmus-szervez\u0151 k\u00e9pz\u00e9s eset\u00e9n 220.000 Ft\/f\u00e9l\u00e9v idegen nyelvi hozz\u00e1j\u00e1rul\u00e1s fizetend\u0151 finansz\u00edroz\u00e1si form\u00e1t\u00f3l f\u00fcggetlen\u00fcl<\/li>\n<\/ul>\n<h4><strong>Jelentkez\u00e9si hat\u00e1rid\u0151:<\/strong><\/h4>\n<ul>\n<li>2026. szeptemberi kezd\u00e9ssel hirdetett k\u00e9pz\u00e9s eset\u00e9n: 2026. febru\u00e1r 15.<\/li>\n<\/ul>\n<h4><strong>Jelentkez\u00e9s m\u00f3dja:<\/strong><\/h4>\n<p>Kiz\u00e1r\u00f3lag elektronikusan jelentkezhetsz a <a href=\"http:\/\/www.felvi.hu\">www.felvi.hu<\/a> honlapon az E-felv\u00e9teli szolg\u00e1ltat\u00e1son kereszt\u00fcl regisztr\u00e1ci\u00f3 ut\u00e1n.<\/p>\n<h4><strong>Megjel\u00f6lt helyek sz\u00e1ma:<\/strong><\/h4>\n<p>Legfeljebb hat helyet jel\u00f6lhetsz meg. Egy jelentkez\u00e9si helynek sz\u00e1m\u00edt, ha a jelentkez\u00e9si hely csak a finansz\u00edroz\u00e1si (\u00e1llami \u00f6szt\u00f6nd\u00edjas, \u00f6nk\u00f6lts\u00e9ges) form\u00e1ban t\u00e9r el.<\/p>\n<h4><strong>D\u00edjak:<\/strong><\/h4>\n<p>H\u00e1rom k\u00e9pz\u00e9s megjel\u00f6l\u00e9se d\u00edjmentes, minden tov\u00e1bbi\u00e9rt 2000-2000 Ft kieg\u00e9sz\u00edt\u0151 d\u00edjat kell fizetni.<\/p>\n<h4><strong>Dokumentumok felt\u00f6lt\u00e9se:<\/strong><\/h4>\n<p>Fel kell t\u00f6lteni azokat a dokumentumokat, melyek a jelentkez\u00e9skor m\u00e1r rendelkez\u00e9sedre \u00e1llnak, a k\u00e9s\u0151bb k\u00e9zhez kapottakat pedig 2026. j\u00falius 07-ig. Az eredeti dokumentumokat a fels\u0151oktat\u00e1si int\u00e9zm\u00e9nyben a beiratkoz\u00e1s alkalm\u00e1val kell bemutatnod, amely a hallgat\u00f3i jogviszony l\u00e9tes\u00edt\u00e9s\u00e9nek is a felt\u00e9tele.<\/p>\n<h4><strong>\u00c9rv\u00e9nyes a jelentkez\u00e9s:<\/strong><\/h4>\n<p>Ha az E-felv\u00e9teliben ny\u00fajtod be \u00e9s a jelentkez\u00e9si \u0171rlapot hiteles\u00edted 2026. febru\u00e1r 15-ig \u00fcgyf\u00e9lkapun kereszt\u00fcl.<\/p>\n<h4><strong>Fontos!<\/strong><\/h4>\n<p>Az eg\u00e9sz felv\u00e9teli elj\u00e1r\u00e1s sor\u00e1n rendszeresen figyeld a megadott e-mail fi\u00f3kodat \u00e9s az E-felv\u00e9teli fel\u00fcletet.<\/p>\n\t\t\t<\/div>\n\t\t<\/div>\n\t\t            <\/div>\n\t\t\n<hr style=\"border-top: 1px solid white;\" \/>\n\r\n        [slb_exclude]\r\n        <div class=\"row galeria-wrapper mx-0 h-auto\">\r\n            <div class=\"col-9 pl-0 pr-2\">\r\n            <span class=\"gallery-item frame\">\r\n\t\t\t\t<div class=\"galeria-left-img\"><a href=\"https:\/\/semmelweis.hu\/etk\/files\/2023\/08\/RS48271_KA-20160504-IMG_9993-scr.jpg\"><img src=https:\/\/semmelweis.hu\/etk\/files\/2023\/08\/RS48271_KA-20160504-IMG_9993-scr.jpg  \r\n                            alt=\"\" \r\n                            class=\"attachment-sote-gallery-big size-sote-gallery-big\" \r\n                            srcset=\"https:\/\/semmelweis.hu\/etk\/files\/2023\/08\/RS48271_KA-20160504-IMG_9993-scr-400x267.jpg 400w, https:\/\/semmelweis.hu\/etk\/files\/2023\/08\/RS48271_KA-20160504-IMG_9993-scr-768x512.jpg 768w, https:\/\/semmelweis.hu\/etk\/files\/2023\/08\/RS48271_KA-20160504-IMG_9993-scr-753x502.jpg 753w, https:\/\/semmelweis.hu\/etk\/files\/2023\/08\/RS48271_KA-20160504-IMG_9993-scr-203x135.jpg 203w, https:\/\/semmelweis.hu\/etk\/files\/2023\/08\/RS48271_KA-20160504-IMG_9993-scr.jpg 950w\" ><\/a><\/div>\r\n            <\/span>\r\n\r\n            <\/div>\r\n\r\n\t\t\t<div class=\"col-3 pl-0 pr-0\">\r\n\t\t\t\t<div class=\"galeria-right-img d-flex justify-content-between flex-column h-100 w-100 px-0 mx-0 \">\r\n                <div class=\"galeria-box\">\r\n\t\t\t\t\t<h3 class=\"galeria-title\">Gal\u00e9ria<\/h3>\r\n\t\t\t\t\t<div class=\"galeria-subtitle\">\r\n\r\n\t\t\t\t\t\t<div class=\"galeria-page-counter\"><span>15<\/span>k\u00e9p<\/div>\r\n                    <\/div> <\/div>\r\n                    <span class=\"gallery-item frame d-none d-md-flex\">\r\n\t\t\t\t\t<div class=\"galeria-small-img mt-0\"><a href=\"https:\/\/semmelweis.hu\/etk\/files\/2023\/08\/RS12295_KA-20120919-IMG_5361-scr.jpg\"><img src=https:\/\/semmelweis.hu\/etk\/files\/2023\/08\/RS12295_KA-20120919-IMG_5361-scr.jpg \r\n                                alt=\"\"  \r\n                                class=\"attachment-sote-gallery-small size-sote-gallery-small\" \r\n                                srcset=\"https:\/\/semmelweis.hu\/etk\/files\/2023\/08\/RS12295_KA-20120919-IMG_5361-scr-400x267.jpg 400w, https:\/\/semmelweis.hu\/etk\/files\/2023\/08\/RS12295_KA-20120919-IMG_5361-scr-768x512.jpg 768w, https:\/\/semmelweis.hu\/etk\/files\/2023\/08\/RS12295_KA-20120919-IMG_5361-scr-753x502.jpg 753w, https:\/\/semmelweis.hu\/etk\/files\/2023\/08\/RS12295_KA-20120919-IMG_5361-scr-203x135.jpg 203w, https:\/\/semmelweis.hu\/etk\/files\/2023\/08\/RS12295_KA-20120919-IMG_5361-scr.jpg 950w\" ><\/a><\/div>\r\n                    <\/span>\r\n                    <span class=\"gallery-item frame d-none d-md-flex\">\r\n\t\t\t\t\t<div class=\"galeria-small-img mt-0\"><a href=\"https:\/\/semmelweis.hu\/etk\/files\/2023\/08\/RS65886_KA-20170307-KA__0330-scr.jpg\"><img src=https:\/\/semmelweis.hu\/etk\/files\/2023\/08\/RS65886_KA-20170307-KA__0330-scr.jpg \r\n                                alt=\"\" \r\n                                class=\"attachment-sote-gallery-small size-sote-gallery-small\" \r\n                                srcset=\"https:\/\/semmelweis.hu\/etk\/files\/2023\/08\/RS65886_KA-20170307-KA__0330-scr-400x267.jpg 400w, https:\/\/semmelweis.hu\/etk\/files\/2023\/08\/RS65886_KA-20170307-KA__0330-scr-768x512.jpg 768w, https:\/\/semmelweis.hu\/etk\/files\/2023\/08\/RS65886_KA-20170307-KA__0330-scr-753x502.jpg 753w, https:\/\/semmelweis.hu\/etk\/files\/2023\/08\/RS65886_KA-20170307-KA__0330-scr-203x135.jpg 203w, https:\/\/semmelweis.hu\/etk\/files\/2023\/08\/RS65886_KA-20170307-KA__0330-scr.jpg 950w\" ><\/a><\/div>\r\n                    <\/span>\r\n\r\n                <\/div>\r\n\r\n            <\/div>\r\n\r\n            <span class=\"gallery-item\"><div class=\"hidden\"><a href=\"https:\/\/semmelweis.hu\/etk\/files\/2023\/08\/RS65900_KA-20170307-KA__0241-scr.jpg\">\r\n        <img src=https:\/\/semmelweis.hu\/etk\/files\/2023\/08\/RS65900_KA-20170307-KA__0241-scr.jpg alt=\"\" class=\"attachment-sote-gallery-big size-sote-gallery-big\" srcset=\"https:\/\/semmelweis.hu\/etk\/files\/2023\/08\/RS65900_KA-20170307-KA__0241-scr-400x267.jpg 400w, https:\/\/semmelweis.hu\/etk\/files\/2023\/08\/RS65900_KA-20170307-KA__0241-scr-768x512.jpg 768w, https:\/\/semmelweis.hu\/etk\/files\/2023\/08\/RS65900_KA-20170307-KA__0241-scr-753x502.jpg 753w, https:\/\/semmelweis.hu\/etk\/files\/2023\/08\/RS65900_KA-20170307-KA__0241-scr-203x135.jpg 203w, https:\/\/semmelweis.hu\/etk\/files\/2023\/08\/RS65900_KA-20170307-KA__0241-scr.jpg 950w\" >\r\n        <\/a><\/div><\/span><span class=\"gallery-item\"><div class=\"hidden\"><a href=\"https:\/\/semmelweis.hu\/etk\/files\/2023\/08\/RS10473_20110624-IMG_1459ka-ii-es-belgyogyaszat-scr.jpg\">\r\n        <img src=https:\/\/semmelweis.hu\/etk\/files\/2023\/08\/RS10473_20110624-IMG_1459ka-ii-es-belgyogyaszat-scr.jpg alt=\"\" class=\"attachment-sote-gallery-big size-sote-gallery-big\" srcset=\"https:\/\/semmelweis.hu\/etk\/files\/2023\/08\/RS10473_20110624-IMG_1459ka-ii-es-belgyogyaszat-scr-315x400.jpg 315w, https:\/\/semmelweis.hu\/etk\/files\/2023\/08\/RS10473_20110624-IMG_1459ka-ii-es-belgyogyaszat-scr.jpg 591w\" >\r\n        <\/a><\/div><\/span><span class=\"gallery-item\"><div class=\"hidden\"><a href=\"https:\/\/semmelweis.hu\/etk\/files\/2023\/08\/RS65891_KA-20170307-KA__0281-scr.jpg\">\r\n        <img src=https:\/\/semmelweis.hu\/etk\/files\/2023\/08\/RS65891_KA-20170307-KA__0281-scr.jpg alt=\"\" class=\"attachment-sote-gallery-big size-sote-gallery-big\" srcset=\"https:\/\/semmelweis.hu\/etk\/files\/2023\/08\/RS65891_KA-20170307-KA__0281-scr-400x267.jpg 400w, https:\/\/semmelweis.hu\/etk\/files\/2023\/08\/RS65891_KA-20170307-KA__0281-scr-768x512.jpg 768w, https:\/\/semmelweis.hu\/etk\/files\/2023\/08\/RS65891_KA-20170307-KA__0281-scr-753x502.jpg 753w, https:\/\/semmelweis.hu\/etk\/files\/2023\/08\/RS65891_KA-20170307-KA__0281-scr-203x135.jpg 203w, https:\/\/semmelweis.hu\/etk\/files\/2023\/08\/RS65891_KA-20170307-KA__0281-scr.jpg 950w\" >\r\n        <\/a><\/div><\/span><span class=\"gallery-item\"><div class=\"hidden\"><a href=\"https:\/\/semmelweis.hu\/etk\/files\/2023\/08\/RS16122_20130927-IMG_3390-kutatok-ejszakaja-scr.jpg\">\r\n        <img src=https:\/\/semmelweis.hu\/etk\/files\/2023\/08\/RS16122_20130927-IMG_3390-kutatok-ejszakaja-scr.jpg alt=\"\" class=\"attachment-sote-gallery-big size-sote-gallery-big\" srcset=\"https:\/\/semmelweis.hu\/etk\/files\/2023\/08\/RS16122_20130927-IMG_3390-kutatok-ejszakaja-scr-400x267.jpg 400w, https:\/\/semmelweis.hu\/etk\/files\/2023\/08\/RS16122_20130927-IMG_3390-kutatok-ejszakaja-scr-768x512.jpg 768w, https:\/\/semmelweis.hu\/etk\/files\/2023\/08\/RS16122_20130927-IMG_3390-kutatok-ejszakaja-scr-753x502.jpg 753w, https:\/\/semmelweis.hu\/etk\/files\/2023\/08\/RS16122_20130927-IMG_3390-kutatok-ejszakaja-scr-203x135.jpg 203w, https:\/\/semmelweis.hu\/etk\/files\/2023\/08\/RS16122_20130927-IMG_3390-kutatok-ejszakaja-scr.jpg 950w\" >\r\n        <\/a><\/div><\/span><span class=\"gallery-item\"><div class=\"hidden\"><a href=\"https:\/\/semmelweis.hu\/etk\/files\/2023\/08\/RS66436_KA-20170308-KA__0868-scr.jpg\">\r\n        <img src=https:\/\/semmelweis.hu\/etk\/files\/2023\/08\/RS66436_KA-20170308-KA__0868-scr.jpg alt=\"\" class=\"attachment-sote-gallery-big size-sote-gallery-big\" srcset=\"https:\/\/semmelweis.hu\/etk\/files\/2023\/08\/RS66436_KA-20170308-KA__0868-scr-267x400.jpg 267w, https:\/\/semmelweis.hu\/etk\/files\/2023\/08\/RS66436_KA-20170308-KA__0868-scr.jpg 500w\" >\r\n        <\/a><\/div><\/span><span class=\"gallery-item\"><div class=\"hidden\"><a href=\"https:\/\/semmelweis.hu\/etk\/files\/2023\/08\/RS101832_DA_20191004_5409-scr.jpg\">\r\n        <img src=https:\/\/semmelweis.hu\/etk\/files\/2023\/08\/RS101832_DA_20191004_5409-scr.jpg alt=\"\" class=\"attachment-sote-gallery-big size-sote-gallery-big\" srcset=\"https:\/\/semmelweis.hu\/etk\/files\/2023\/08\/RS101832_DA_20191004_5409-scr-400x267.jpg 400w, https:\/\/semmelweis.hu\/etk\/files\/2023\/08\/RS101832_DA_20191004_5409-scr-768x512.jpg 768w, https:\/\/semmelweis.hu\/etk\/files\/2023\/08\/RS101832_DA_20191004_5409-scr-753x502.jpg 753w, https:\/\/semmelweis.hu\/etk\/files\/2023\/08\/RS101832_DA_20191004_5409-scr-203x135.jpg 203w, https:\/\/semmelweis.hu\/etk\/files\/2023\/08\/RS101832_DA_20191004_5409-scr.jpg 950w\" >\r\n        <\/a><\/div><\/span><span class=\"gallery-item\"><div class=\"hidden\"><a href=\"https:\/\/semmelweis.hu\/etk\/files\/2023\/08\/RS66453_KA-20170308-KA__0909-scr.jpg\">\r\n        <img src=https:\/\/semmelweis.hu\/etk\/files\/2023\/08\/RS66453_KA-20170308-KA__0909-scr.jpg alt=\"\" class=\"attachment-sote-gallery-big size-sote-gallery-big\" srcset=\"https:\/\/semmelweis.hu\/etk\/files\/2023\/08\/RS66453_KA-20170308-KA__0909-scr-400x267.jpg 400w, https:\/\/semmelweis.hu\/etk\/files\/2023\/08\/RS66453_KA-20170308-KA__0909-scr-768x512.jpg 768w, https:\/\/semmelweis.hu\/etk\/files\/2023\/08\/RS66453_KA-20170308-KA__0909-scr-753x502.jpg 753w, https:\/\/semmelweis.hu\/etk\/files\/2023\/08\/RS66453_KA-20170308-KA__0909-scr-203x135.jpg 203w, https:\/\/semmelweis.hu\/etk\/files\/2023\/08\/RS66453_KA-20170308-KA__0909-scr.jpg 950w\" >\r\n        <\/a><\/div><\/span><span class=\"gallery-item\"><div class=\"hidden\"><a href=\"https:\/\/semmelweis.hu\/etk\/files\/2023\/08\/RS65910_KA-20170307-KA__0170-scr.jpg\">\r\n        <img src=https:\/\/semmelweis.hu\/etk\/files\/2023\/08\/RS65910_KA-20170307-KA__0170-scr.jpg alt=\"\" class=\"attachment-sote-gallery-big size-sote-gallery-big\" srcset=\"https:\/\/semmelweis.hu\/etk\/files\/2023\/08\/RS65910_KA-20170307-KA__0170-scr-400x267.jpg 400w, https:\/\/semmelweis.hu\/etk\/files\/2023\/08\/RS65910_KA-20170307-KA__0170-scr-768x512.jpg 768w, https:\/\/semmelweis.hu\/etk\/files\/2023\/08\/RS65910_KA-20170307-KA__0170-scr-753x502.jpg 753w, https:\/\/semmelweis.hu\/etk\/files\/2023\/08\/RS65910_KA-20170307-KA__0170-scr-203x135.jpg 203w, https:\/\/semmelweis.hu\/etk\/files\/2023\/08\/RS65910_KA-20170307-KA__0170-scr.jpg 950w\" >\r\n        <\/a><\/div><\/span><span class=\"gallery-item\"><div class=\"hidden\"><a href=\"https:\/\/semmelweis.hu\/etk\/files\/2023\/08\/RS65941_KA-20170307-KA__0009-scr.jpg\">\r\n        <img src=https:\/\/semmelweis.hu\/etk\/files\/2023\/08\/RS65941_KA-20170307-KA__0009-scr.jpg alt=\"\" class=\"attachment-sote-gallery-big size-sote-gallery-big\" srcset=\"https:\/\/semmelweis.hu\/etk\/files\/2023\/08\/RS65941_KA-20170307-KA__0009-scr-400x267.jpg 400w, https:\/\/semmelweis.hu\/etk\/files\/2023\/08\/RS65941_KA-20170307-KA__0009-scr-768x512.jpg 768w, https:\/\/semmelweis.hu\/etk\/files\/2023\/08\/RS65941_KA-20170307-KA__0009-scr-753x502.jpg 753w, https:\/\/semmelweis.hu\/etk\/files\/2023\/08\/RS65941_KA-20170307-KA__0009-scr-203x135.jpg 203w, https:\/\/semmelweis.hu\/etk\/files\/2023\/08\/RS65941_KA-20170307-KA__0009-scr.jpg 950w\" >\r\n        <\/a><\/div><\/span><span class=\"gallery-item\"><div class=\"hidden\"><a href=\"https:\/\/semmelweis.hu\/etk\/files\/2023\/08\/RS65905_KA-20170307-KA__0207-scr.jpg\">\r\n        <img src=https:\/\/semmelweis.hu\/etk\/files\/2023\/08\/RS65905_KA-20170307-KA__0207-scr.jpg alt=\"\" class=\"attachment-sote-gallery-big size-sote-gallery-big\" srcset=\"https:\/\/semmelweis.hu\/etk\/files\/2023\/08\/RS65905_KA-20170307-KA__0207-scr-400x267.jpg 400w, https:\/\/semmelweis.hu\/etk\/files\/2023\/08\/RS65905_KA-20170307-KA__0207-scr-768x512.jpg 768w, https:\/\/semmelweis.hu\/etk\/files\/2023\/08\/RS65905_KA-20170307-KA__0207-scr-753x502.jpg 753w, https:\/\/semmelweis.hu\/etk\/files\/2023\/08\/RS65905_KA-20170307-KA__0207-scr-203x135.jpg 203w, https:\/\/semmelweis.hu\/etk\/files\/2023\/08\/RS65905_KA-20170307-KA__0207-scr.jpg 950w\" >\r\n        <\/a><\/div><\/span><span class=\"gallery-item\"><div class=\"hidden\"><a href=\"https:\/\/semmelweis.hu\/etk\/files\/2023\/08\/RS62882_ka-20170602-IMG_4916-scr-1.jpg\">\r\n        <img src=https:\/\/semmelweis.hu\/etk\/files\/2023\/08\/RS62882_ka-20170602-IMG_4916-scr-1.jpg alt=\"\" class=\"attachment-sote-gallery-big size-sote-gallery-big\" srcset=\"https:\/\/semmelweis.hu\/etk\/files\/2023\/08\/RS62882_ka-20170602-IMG_4916-scr-1-400x267.jpg 400w, https:\/\/semmelweis.hu\/etk\/files\/2023\/08\/RS62882_ka-20170602-IMG_4916-scr-1-768x512.jpg 768w, https:\/\/semmelweis.hu\/etk\/files\/2023\/08\/RS62882_ka-20170602-IMG_4916-scr-1-753x502.jpg 753w, https:\/\/semmelweis.hu\/etk\/files\/2023\/08\/RS62882_ka-20170602-IMG_4916-scr-1-203x135.jpg 203w, https:\/\/semmelweis.hu\/etk\/files\/2023\/08\/RS62882_ka-20170602-IMG_4916-scr-1.jpg 950w\" >\r\n        <\/a><\/div><\/span><span class=\"gallery-item\"><div class=\"hidden\"><a href=\"https:\/\/semmelweis.hu\/etk\/files\/2023\/08\/RS65934_KA-20170307-KA__0036-scr.jpg\">\r\n        <img src=https:\/\/semmelweis.hu\/etk\/files\/2023\/08\/RS65934_KA-20170307-KA__0036-scr.jpg alt=\"\" class=\"attachment-sote-gallery-big size-sote-gallery-big\" srcset=\"https:\/\/semmelweis.hu\/etk\/files\/2023\/08\/RS65934_KA-20170307-KA__0036-scr-400x267.jpg 400w, https:\/\/semmelweis.hu\/etk\/files\/2023\/08\/RS65934_KA-20170307-KA__0036-scr-768x512.jpg 768w, https:\/\/semmelweis.hu\/etk\/files\/2023\/08\/RS65934_KA-20170307-KA__0036-scr-753x502.jpg 753w, https:\/\/semmelweis.hu\/etk\/files\/2023\/08\/RS65934_KA-20170307-KA__0036-scr-203x135.jpg 203w, https:\/\/semmelweis.hu\/etk\/files\/2023\/08\/RS65934_KA-20170307-KA__0036-scr.jpg 950w\" >\r\n        <\/a><\/div><\/span>\r\n            <\/div>\r\n\r\n            [\/slb_exclude]\r\n\t\n","protected":false},"excerpt":{"rendered":"<p><a href=\"https:\/\/www.felvi.hu\/felveteli\/jelentkezes\/mikor_es_mire\/Mikor_lehet_jelentkezni\">Hivatalos felv\u00e9teli menetrend (felvi.hu) \u2192<\/a> A jelentkez\u00e9s felt\u00e9tele: \u00c9retts\u00e9gi bizony\u00edtv\u00e1ny Finansz\u00edroz\u00e1si forma: \u00e1llami \u00f6szt\u00f6nd\u00edjjal t\u00e1mogatott \u00f6nk\u00f6lts\u00e9ges (300.000 Ft\/f\u00e9l\u00e9v: \u00e1pol\u00f3 szakir\u00e1ny, hang-, besz\u00e9d \u00e9s nyel\u00e9sterapeuta szakir\u00e1ny, ment\u0151tiszt szakir\u00e1ny, sz\u00fcl\u00e9szn\u0151 szakir\u00e1ny, n\u00e9peg\u00e9szs\u00e9g\u00fcgyi ellen\u0151r szakir\u00e1ny, v\u00e9d\u0151n\u0151 szakir\u00e1ny, eg\u00e9szs\u00e9gturizmus szervez\u0151 specializ\u00e1ci\u00f3; 350.000 Ft\/f\u00e9l\u00e9v: sporteg\u00e9szs\u00e9g\u00fcgyi szervez\u0151 specializ\u00e1ci\u00f3; 400.000 Ft\/f\u00e9l\u00e9v: dietetikus szakir\u00e1ny, gy\u00f3gytorn\u00e1sz szakir\u00e1ny, optometria specializ\u00e1ci\u00f3, radiogr\u00e1fia specializ\u00e1ci\u00f3) angol nyelv\u0171 eg\u00e9szs\u00e9gturizmus-szervez\u0151 k\u00e9pz\u00e9s eset\u00e9n 220.000 Ft\/f\u00e9l\u00e9v idegen &hellip;<\/p>\n","protected":false},"author":101729,"featured_media":13426,"parent":114,"menu_order":0,"comment_status":"closed","ping_status":"closed","template":"","meta":{"_acf_changed":false,"footnotes":""},"categories":[47,57],"tags":[],"class_list":["post-116","page","type-page","status-publish","has-post-thumbnail","hentry","category-apolas","category-kepzesek"],"acf":[],"_links":{"self":[{"href":"https:\/\/semmelweis.hu\/etk\/wp-json\/wp\/v2\/pages\/116","targetHints":{"allow":["GET"]}}],"collection":[{"href":"https:\/\/semmelweis.hu\/etk\/wp-json\/wp\/v2\/pages"}],"about":[{"href":"https:\/\/semmelweis.hu\/etk\/wp-json\/wp\/v2\/types\/page"}],"author":[{"embeddable":true,"href":"https:\/\/semmelweis.hu\/etk\/wp-json\/wp\/v2\/users\/101729"}],"replies":[{"embeddable":true,"href":"https:\/\/semmelweis.hu\/etk\/wp-json\/wp\/v2\/comments?post=116"}],"version-history":[{"count":12,"href":"https:\/\/semmelweis.hu\/etk\/wp-json\/wp\/v2\/pages\/116\/revisions"}],"predecessor-version":[{"id":14589,"href":"https:\/\/semmelweis.hu\/etk\/wp-json\/wp\/v2\/pages\/116\/revisions\/14589"}],"up":[{"embeddable":true,"href":"https:\/\/semmelweis.hu\/etk\/wp-json\/wp\/v2\/pages\/114"}],"wp:featuredmedia":[{"embeddable":true,"href":"https:\/\/semmelweis.hu\/etk\/wp-json\/wp\/v2\/media\/13426"}],"wp:attachment":[{"href":"https:\/\/semmelweis.hu\/etk\/wp-json\/wp\/v2\/media?parent=116"}],"wp:term":[{"taxonomy":"category","embeddable":true,"href":"https:\/\/semmelweis.hu\/etk\/wp-json\/wp\/v2\/categories?post=116"},{"taxonomy":"post_tag","embeddable":true,"href":"https:\/\/semmelweis.hu\/etk\/wp-json\/wp\/v2\/tags?post=116"}],"curies":[{"name":"wp","href":"https:\/\/api.w.org\/{rel}","templated":true}]}}