{"id":8,"date":"2022-07-01T15:03:15","date_gmt":"2022-07-01T13:03:15","guid":{"rendered":"https:\/\/semmelweis.hu\/esk\/?page_id=8"},"modified":"2026-01-05T12:42:23","modified_gmt":"2026-01-05T11:42:23","slug":"elerhetoseg","status":"publish","type":"page","link":"https:\/\/semmelweis.hu\/esk\/a-kozpontrol\/elerhetoseg\/","title":{"rendered":"Kapcsolat"},"content":{"rendered":"<h4><strong>Epidemiol\u00f3giai \u00e9s Surveillance K\u00f6zpont<\/strong><\/h4>\n<p><strong>C\u00edm:<\/strong> 1092 Budapest, \u00dcll\u0151i \u00fat 25. 3. em. 321.<br \/>\n<strong>E-mail:<\/strong> <a href=\"mailto:esk@semmelweis.hu\">esk@semmelweis.hu<\/a>\u00a0\u00a0<br \/>\n<strong>Postai c\u00edm:<\/strong> 1085 Budapest, \u00dcll\u0151i \u00fat 26.<\/p>\n<p>&nbsp;<\/p>\n<p><iframe loading=\"lazy\" src=\"https:\/\/www.google.com\/maps\/embed?pb=!1m18!1m12!1m3!1d2696.1358312615034!2d19.06363107591828!3d47.48726719621102!2m3!1f0!2f0!3f0!3m2!1i1024!2i768!4f13.1!3m3!1m2!1s0x4741dc59f1a5d4e5%3A0xf93ec72c9cd2fa0a!2zQnVkYXBlc3QsIMOcbGzFkWkgw7p0IDI1LCAxMDky!5e0!3m2!1sen!2shu!4v1733390383534!5m2!1sen!2shu\" width=\"600\" height=\"450\"><\/iframe><\/p>\n","protected":false},"excerpt":{"rendered":"<p>Epidemiol\u00f3giai \u00e9s Surveillance K\u00f6zpont<br \/>\nC\u00edm: 1092 Budapest, \u00dcll\u0151i \u00fat 25. 3. em. 321.<br \/>\nE-mail: <a href=\"mailto:esk@semmelweis.hu\">esk@semmelweis.hu<\/a>\u00a0\u00a0<br \/>\nPostai c\u00edm: 1085 Budapest, \u00dcll\u0151i \u00fat 26.<br \/>\n&nbsp;<\/p>\n","protected":false},"author":12,"featured_media":0,"parent":5,"menu_order":6,"comment_status":"closed","ping_status":"closed","template":"","meta":{"_acf_changed":false,"footnotes":""},"categories":[],"tags":[],"class_list":["post-8","page","type-page","status-publish","hentry"],"acf":[],"_links":{"self":[{"href":"https:\/\/semmelweis.hu\/esk\/wp-json\/wp\/v2\/pages\/8","targetHints":{"allow":["GET"]}}],"collection":[{"href":"https:\/\/semmelweis.hu\/esk\/wp-json\/wp\/v2\/pages"}],"about":[{"href":"https:\/\/semmelweis.hu\/esk\/wp-json\/wp\/v2\/types\/page"}],"author":[{"embeddable":true,"href":"https:\/\/semmelweis.hu\/esk\/wp-json\/wp\/v2\/users\/12"}],"replies":[{"embeddable":true,"href":"https:\/\/semmelweis.hu\/esk\/wp-json\/wp\/v2\/comments?post=8"}],"version-history":[{"count":12,"href":"https:\/\/semmelweis.hu\/esk\/wp-json\/wp\/v2\/pages\/8\/revisions"}],"predecessor-version":[{"id":2406,"href":"https:\/\/semmelweis.hu\/esk\/wp-json\/wp\/v2\/pages\/8\/revisions\/2406"}],"up":[{"embeddable":true,"href":"https:\/\/semmelweis.hu\/esk\/wp-json\/wp\/v2\/pages\/5"}],"wp:attachment":[{"href":"https:\/\/semmelweis.hu\/esk\/wp-json\/wp\/v2\/media?parent=8"}],"wp:term":[{"taxonomy":"category","embeddable":true,"href":"https:\/\/semmelweis.hu\/esk\/wp-json\/wp\/v2\/categories?post=8"},{"taxonomy":"post_tag","embeddable":true,"href":"https:\/\/semmelweis.hu\/esk\/wp-json\/wp\/v2\/tags?post=8"}],"curies":[{"name":"wp","href":"https:\/\/api.w.org\/{rel}","templated":true}]}}