{"id":5,"date":"2023-08-24T15:02:41","date_gmt":"2023-08-24T13:02:41","guid":{"rendered":"https:\/\/semmelweis.hu\/esk\/?page_id=5"},"modified":"2024-12-05T09:17:28","modified_gmt":"2024-12-05T08:17:28","slug":"a-kozpontrol","status":"publish","type":"page","link":"https:\/\/semmelweis.hu\/esk\/a-kozpontrol\/","title":{"rendered":"K\u00f6sz\u00f6nt\u0151"},"content":{"rendered":"<p><em>Kedves L\u00e1togat\u00f3!<\/em><\/p>\n<p style=\"text-align: justify\"><a href=\"https:\/\/semmelweis.hu\/esk\/files\/2023\/08\/Dr-Oroszi-Beatrix.jpg\"><img loading=\"lazy\" decoding=\"async\" class=\"alignright wp-image-467 size-medium\" src=\"https:\/\/semmelweis.hu\/esk\/files\/2023\/08\/Dr-Oroszi-Beatrix-e1693465814462-341x400.jpg\" alt=\"\" width=\"341\" height=\"400\" srcset=\"https:\/\/semmelweis.hu\/esk\/files\/2023\/08\/Dr-Oroszi-Beatrix-e1693465814462-341x400.jpg 341w, https:\/\/semmelweis.hu\/esk\/files\/2023\/08\/Dr-Oroszi-Beatrix-e1693465814462.jpg 716w\" sizes=\"auto, (max-width: 341px) 100vw, 341px\" \/><\/a>Sok \u00e9vtizedes szakmai m\u00falttal a h\u00e1tam m\u00f6g\u00f6tt gyakran megk\u00e9rdezik t\u0151lem, mi az, ami motiv\u00e1ci\u00f3t jelentett sz\u00e1momra az \u00faj k\u00f6zpont, az <a href=\"https:\/\/semmelweis.hu\/esk\/a-kozpontrol\/bemutatkozas\/\">Epidemiol\u00f3giai \u00e9s Surveillance K\u00f6zpont (ESK)<\/a> l\u00e9trehoz\u00e1s\u00e1ban. A v\u00e1laszom egyszer\u0171 \u00e9s \u00f6sszetett egyszerre:\u00a0a szakmai k\u00f6z\u00f6ss\u00e9g \u00e9p\u00edt\u00e9se, a n\u00e9peg\u00e9szs\u00e9g\u00fcgy el\u0151tt \u00e1ll\u00f3 lehet\u0151s\u00e9gek \u00e9s a szakmai b\u00fcszkes\u00e9g.<\/p>\n<p style=\"text-align: justify\">Szakmai b\u00fcszkes\u00e9g\u00fcnk alapj\u00e1t a n\u00e9peg\u00e9szs\u00e9g\u00fcgy eddigi nagyszer\u0171 glob\u00e1lis eredm\u00e9nyei \u00e9s tov\u00e1bbi fejl\u0151d\u00e9si lehet\u0151s\u00e9gei jelentik. A szakmai k\u00f6z\u00f6ss\u00e9g \u00e9p\u00edt\u00e9se pedig az\u00e9rt fontos, mert a n\u00e9peg\u00e9szs\u00e9g\u00fcgyi probl\u00e9m\u00e1k \u00e1ltal\u00e1ban \u00f6sszetettek, nem egyszer\u0171en megoldhat\u00f3k, ami csapatmunk\u00e1t ig\u00e9nyel j\u00f3l k\u00e9pzett, sokoldal\u00fa, kreat\u00edv szakemberekkel \u00e9s sz\u00e9lesk\u00f6r\u0171 kapcsolatrendszerrel.<\/p>\n<blockquote>\n<p style=\"text-align: justify\">Az ESK egy multidiszciplinarit\u00e1sra \u00e9p\u00edt\u0151 k\u00f6zpont, amely el\u0151seg\u00edti az \u00faj ismeretek l\u00e9trehoz\u00e1s\u00e1t \u00e9s a bizony\u00edt\u00e9kokon alapul\u00f3 m\u00f3dszerek, beavatkoz\u00e1sok gyakorlati hasznos\u00edt\u00e1s\u00e1t.<\/p>\n<\/blockquote>\n<p style=\"text-align: justify\"><a href=\"https:\/\/semmelweis.hu\/esk\/kutatas\/tovabbi-projektek\/\">Projektjeink<\/a> r\u00e9v\u00e9n fontos szerepl\u0151i vagyunk t\u00f6bb \u00e1gazatb\u00f3l \u00e9rkez\u0151 partnerek egy\u00fcttm\u0171k\u00f6d\u00e9s\u00e9nek. J\u00f3 p\u00e9lda erre a COVID-19 vil\u00e1gj\u00e1rv\u00e1ny, amelynek sor\u00e1n t\u00e1mogattuk az \u00e9rdekelt feleket abban, hogy az adatokhoz val\u00f3 jobb hozz\u00e1f\u00e9r\u00e9ssel, m\u00e9lyebb elemz\u00e9si k\u00e9pess\u00e9gekkel, valamint a d\u00f6nt\u00e9shozatalhoz sz\u00fcks\u00e9ges hat\u00e9konyabb eszk\u00f6z\u00f6kkel, szakmai inform\u00e1ci\u00f3kkal kezelj\u00e9k a vil\u00e1gj\u00e1rv\u00e1nyt \u00e9s a j\u00f6v\u0151beli j\u00e1rv\u00e1nykock\u00e1zatokat.<\/p>\n<p style=\"text-align: justify\">A k\u00f6z\u00f6ss\u00e9geket \u00e9rint\u0151 n\u00e9peg\u00e9szs\u00e9g\u00fcgyi probl\u00e9m\u00e1k \u00e9s vesz\u00e9lyek vizsg\u00e1lata, diagnosztiz\u00e1l\u00e1sa \u00e9s kezel\u00e9se azonban messze t\u00falmutat a j\u00e1rv\u00e1nyvesz\u00e9lyek kezel\u00e9s\u00e9n. A kr\u00f3nikus nemfert\u0151z\u0151 betegs\u00e9gek el\u0151ret\u00f6r\u00e9se, az id\u0151s\u00f6d\u0151 t\u00e1rsadalommal, \u00e9s a kl\u00edmav\u00e1ltoz\u00e1ssal kapcsolatos eg\u00e9szs\u00e9get vesz\u00e9lyeztet\u0151 t\u00e9nyez\u0151k sora v\u00e1r megold\u00e1sra, amelyben a n\u00e9peg\u00e9szs\u00e9g\u00fcgy k\u00edn\u00e1lta \u00f6sszetett szakmai k\u00e9pess\u00e9geknek kiemelt szerep\u00fck van. Az <a href=\"https:\/\/semmelweis.hu\/esk\/kutatas\/\">Eg\u00e9szs\u00e9gbiztons\u00e1g Nemzeti Laborat\u00f3rium<\/a>, amelynek az ESK is tagja, pontosan ezt a c\u00e9lt szolg\u00e1lja. Er\u0151fesz\u00edt\u00e9seink arra ir\u00e1nyulnak, hogy a n\u00e9peg\u00e9szs\u00e9g\u00fcgy \u00e9s m\u00e1s tudom\u00e1nyter\u00fcletek szakmai, tudom\u00e1nyos eredm\u00e9nyeit k\u00f6z\u00f6sen a mindennapok eg\u00e9szs\u00e9gbiztons\u00e1g\u00e1nak \u00e9s az eg\u00e9szs\u00e9g fejleszt\u00e9s\u00e9nek szolg\u00e1lat\u00e1ba \u00e1ll\u00edtsuk.<\/p>\n<p style=\"text-align: justify\"><em>Dr. Oroszi Beatrix, igazgat\u00f3<\/em><\/p>\n","protected":false},"excerpt":{"rendered":"<p>A Semmelweis Egyetem Epidemiol\u00f3giai \u00e9s Surveillance K\u00f6zpontja (ESK) 2020 okt\u00f3ber\u00e9ben j\u00f6tt l\u00e9tre azzal a c\u00e9llal, hogy a tudom\u00e1nyos kutat\u00e1s m\u00f3dszereivel j\u00e1ruljon hozz\u00e1 a fert\u0151z\u0151 betegs\u00e9gek elleni v\u00e9dekez\u00e9s\u00e9hez \u00e9s a nemfert\u0151z\u0151 betegs\u00e9gek okozta betegs\u00e9gterhek cs\u00f6kkent\u00e9s\u00e9hez Magyarorsz\u00e1gon.<\/p>\n<p><p>Az ESK egy multidiszciplinarit\u00e1sra \u00e9p\u00edt\u0151 k\u00f6zpont, amely el\u0151seg\u00edti az \u00faj ismeretek l\u00e9trehoz\u00e1s\u00e1t \u00e9s a bizony\u00edt\u00e9kokon alapul\u00f3 m\u00f3dszerek, beavatkoz\u00e1sok gyakorlati hasznos\u00edt\u00e1s\u00e1t. <\/p>\n","protected":false},"author":12,"featured_media":466,"parent":0,"menu_order":1,"comment_status":"closed","ping_status":"closed","template":"","meta":{"_acf_changed":false,"footnotes":""},"categories":[],"tags":[],"class_list":["post-5","page","type-page","status-publish","has-post-thumbnail","hentry"],"acf":[],"_links":{"self":[{"href":"https:\/\/semmelweis.hu\/esk\/wp-json\/wp\/v2\/pages\/5","targetHints":{"allow":["GET"]}}],"collection":[{"href":"https:\/\/semmelweis.hu\/esk\/wp-json\/wp\/v2\/pages"}],"about":[{"href":"https:\/\/semmelweis.hu\/esk\/wp-json\/wp\/v2\/types\/page"}],"author":[{"embeddable":true,"href":"https:\/\/semmelweis.hu\/esk\/wp-json\/wp\/v2\/users\/12"}],"replies":[{"embeddable":true,"href":"https:\/\/semmelweis.hu\/esk\/wp-json\/wp\/v2\/comments?post=5"}],"version-history":[{"count":11,"href":"https:\/\/semmelweis.hu\/esk\/wp-json\/wp\/v2\/pages\/5\/revisions"}],"predecessor-version":[{"id":1746,"href":"https:\/\/semmelweis.hu\/esk\/wp-json\/wp\/v2\/pages\/5\/revisions\/1746"}],"wp:featuredmedia":[{"embeddable":true,"href":"https:\/\/semmelweis.hu\/esk\/wp-json\/wp\/v2\/media\/466"}],"wp:attachment":[{"href":"https:\/\/semmelweis.hu\/esk\/wp-json\/wp\/v2\/media?parent=5"}],"wp:term":[{"taxonomy":"category","embeddable":true,"href":"https:\/\/semmelweis.hu\/esk\/wp-json\/wp\/v2\/categories?post=5"},{"taxonomy":"post_tag","embeddable":true,"href":"https:\/\/semmelweis.hu\/esk\/wp-json\/wp\/v2\/tags?post=5"}],"curies":[{"name":"wp","href":"https:\/\/api.w.org\/{rel}","templated":true}]}}

Köszöntő

<p><em>Kedves Látogató!</em></p>
<p style="text-align: justify"><a href="https://semmelweis.hu/esk/files/2023/08/Dr-Oroszi-Beatrix.jpg"><img loading="lazy" decoding="async" class="alignright wp-image-467 size-medium" src="https://semmelweis.hu/esk/files/2023/08/Dr-Oroszi-Beatrix-e1693465814462-341x400.jpg" alt="" width="341" height="400" srcset="https://semmelweis.hu/esk/files/2023/08/Dr-Oroszi-Beatrix-e1693465814462-341x400.jpg 341w, https://semmelweis.hu/esk/files/2023/08/Dr-Oroszi-Beatrix-e1693465814462.jpg 716w" sizes="auto, (max-width: 341px) 100vw, 341px" /></a>Sok évtizedes szakmai múlttal a hátam mögött gyakran megkérdezik tőlem, mi az, ami motivációt jelentett számomra az új központ, az <a href="https://semmelweis.hu/esk/a-kozpontrol/bemutatkozas/">Epidemiológiai és Surveillance Központ (ESK)</a> létrehozásában. A válaszom egyszerű és összetett egyszerre: a szakmai közösség építése, a népegészségügy előtt álló lehetőségek és a szakmai büszkeség.</p>
<p style="text-align: justify">Szakmai büszkeségünk alapját a népegészségügy eddigi nagyszerű globális eredményei és további fejlődési lehetőségei jelentik. A szakmai közösség építése pedig azért fontos, mert a népegészségügyi problémák általában összetettek, nem egyszerűen megoldhatók, ami csapatmunkát igényel jól képzett, sokoldalú, kreatív szakemberekkel és széleskörű kapcsolatrendszerrel.</p>
<blockquote>
<p style="text-align: justify">Az ESK egy multidiszciplinaritásra építő központ, amely elősegíti az új ismeretek létrehozását és a bizonyítékokon alapuló módszerek, beavatkozások gyakorlati hasznosítását.</p>
</blockquote>
<p style="text-align: justify"><a href="https://semmelweis.hu/esk/kutatas/tovabbi-projektek/">Projektjeink</a> révén fontos szereplői vagyunk több ágazatból érkező partnerek együttműködésének. Jó példa erre a COVID-19 világjárvány, amelynek során támogattuk az érdekelt feleket abban, hogy az adatokhoz való jobb hozzáféréssel, mélyebb elemzési képességekkel, valamint a döntéshozatalhoz szükséges hatékonyabb eszközökkel, szakmai információkkal kezeljék a világjárványt és a jövőbeli járványkockázatokat.</p>
<p style="text-align: justify">A közösségeket érintő népegészségügyi problémák és veszélyek vizsgálata, diagnosztizálása és kezelése azonban messze túlmutat a járványveszélyek kezelésén. A krónikus nemfertőző betegségek előretörése, az idősödő társadalommal, és a klímaváltozással kapcsolatos egészséget veszélyeztető tényezők sora vár megoldásra, amelyben a népegészségügy kínálta összetett szakmai képességeknek kiemelt szerepük van. Az <a href="https://semmelweis.hu/esk/kutatas/">Egészségbiztonság Nemzeti Laboratórium</a>, amelynek az ESK is tagja, pontosan ezt a célt szolgálja. Erőfeszítéseink arra irányulnak, hogy a népegészségügy és más tudományterületek szakmai, tudományos eredményeit közösen a mindennapok egészségbiztonságának és az egészség fejlesztésének szolgálatába állítsuk.</p>
<p style="text-align: justify"><em>Dr. Oroszi Beatrix, igazgató</em></p>

<p>A Semmelweis Egyetem Epidemiológiai és Surveillance Központja (ESK) 2020 októberében jött létre azzal a céllal, hogy a tudományos kutatás módszereivel járuljon hozzá a fertőző betegségek elleni védekezéséhez és a nemfertőző betegségek okozta betegségterhek csökkentéséhez Magyarországon.</p>
<p><p>Az ESK egy multidiszciplinaritásra építő központ, amely elősegíti az új ismeretek létrehozását és a bizonyítékokon alapuló módszerek, beavatkozások gyakorlati hasznosítását. </p>
