{"id":968,"date":"2022-03-30T15:10:10","date_gmt":"2022-03-30T13:10:10","guid":{"rendered":"https:\/\/semmelweis.hu\/ersebeszet\/?page_id=968"},"modified":"2022-03-30T16:16:10","modified_gmt":"2022-03-30T14:16:10","slug":"az-aorta-aneurysma-kialakulasaban-szerepet-jatszo-etiopathologiai-tenyezok-vizsgalata-kutatocsoport","status":"publish","type":"page","link":"https:\/\/semmelweis.hu\/ersebeszet\/kutatasi-teruletek\/az-aorta-aneurysma-kialakulasaban-szerepet-jatszo-etiopathologiai-tenyezok-vizsgalata-kutatocsoport\/","title":{"rendered":"AZ AORTA ANEURYSMA KIALAKUL\u00c1S\u00c1BAN SZEREPET J\u00c1TSZ\u00d3 ETIOPATHOL\u00d3GIAI T\u00c9NYEZ\u0150K VIZSG\u00c1LATA KUTAT\u00d3CSOPORT"},"content":{"rendered":"<p><span style=\"color: #008080\">AZ AORTA ANEURYSMA KIALAKUL\u00c1S\u00c1BAN SZEREPET J\u00c1TSZ\u00d3 ETIOPATHOL\u00d3GIAI T\u00c9NYEZ\u0150K VIZSG\u00c1LATA KUTAT\u00d3CSOPORT<\/span><\/p>\n<p><span style=\"color: #008080\">Kutat\u00e1svezet\u0151: Dr. S\u00f3tonyi P\u00e9ter, dr. Szappanos \u00c1gnes<br \/>\n<\/span><span style=\"color: #008080\">PhD hallgat\u00f3: dr. Gyurok Gerg\u0151<\/span><\/p>\n<p><img loading=\"lazy\" decoding=\"async\" class=\"alignleft wp-image-969\" src=\"https:\/\/semmelweis.hu\/ersebeszet\/files\/2022\/03\/aneurysma.jpg\" alt=\"\" width=\"178\" height=\"207\" \/><\/p>\n<p style=\"text-align: justify\">Az aorta aneurysm\u00e1k az emberi szervezetben leggyakrabban el\u0151fordul\u00f3 \u00e9rt\u00e1gulatok, amelyek els\u0151sorban a hasi aorta szakaszon fordulnak el\u0151. A betegs\u00e9g a feln\u0151tt lakoss\u00e1g k\u00f6r\u00fclbel\u00fcl 1-5%-\u00e1t \u00e9rintik. F\u0151 rizik\u00f3t\u00e9nyez\u0151i k\u00f6z\u00e9 tartozik a 65 \u00e9v feletti \u00e9letkor, a doh\u00e1nyz\u00e1s \u00e9s a f\u00e9rfi nem. A betegs\u00e9g patomechanizmus\u00e1nak h\u00e1tter\u00e9ben els\u0151sorban degenerat\u00edv (atherosclerosis, fibromuscularis dysplasia, cysticus media degeneratio), congenit\u00e1lis (Marfan syndroma, Ehlers-Danlos syndroma, coarctatio aortae), mechanikus (traumaticus, iatrogen, poststenoticus) \u00e9s gyullad\u00e1sos (bakteri\u00e1lis, autoimmun) faktorok mutathat\u00f3k ki. A betegs\u00e9g pontos patomechanizmusa mindezid\u00e1ig nem ismert. Az erek fal\u00e1ban kialakul\u00f3 degenerat\u00edv folyamatok h\u00e1tter\u00e9ben els\u0151sorban az atherosclerosis k\u00f3roki szerepe mer\u00fcl fel. Emellett a leg\u00fajabb tudom\u00e1nyos kutat\u00e1si eredm\u00e9nyek alapj\u00e1n kiemelt jelent\u0151s\u00e9g\u0171 az aorta aneurysmak etiol\u00f3gi\u00e1j\u00e1ban szerepet j\u00e1tsz\u00f3 sziszt\u00e9m\u00e1s autoimmun folyamatok, illetve k\u00f6vetkezm\u00e9nyes lok\u00e1lis gyullad\u00e1sos mechanizmusok ismerete. A betegs\u00e9g kezel\u00e9se kapcs\u00e1n a rizik\u00f3faktorok cs\u00f6kkent\u00e9s\u00e9re ir\u00e1nyul\u00f3, gy\u00f3gyszeres ter\u00e1pi\u00e1t jelent\u0151 konzervat\u00edv kezel\u00e9s mellett m\u0171t\u00e9ti megold\u00e1s j\u00f6n sz\u00f3ba. A m\u0171t\u00e9ti indik\u00e1ci\u00f3t els\u0151sorban az aorta t\u00e1gulat \u00e1tm\u00e9r\u0151je hat\u00e1rozza meg.<\/p>\n<p style=\"text-align: justify\">Jelen vizsg\u00e1lat kapcs\u00e1n a V\u00e1rosmajori Sz\u00edv- \u00e9s \u00c9rgy\u00f3gy\u00e1szati Klinika \u00c9rseb\u00e9szeti \u00e9s Endovaszkul\u00e1ris Tansz\u00e9k\u00e9n az aorta aneurysm\u00e1k kialakul\u00e1s\u00e1ban szerepet j\u00e1tsz\u00f3 gyullad\u00e1sos \u00e9s autoimmun folyamatok pathomechanizmus\u00e1t vizsg\u00e1ljuk nyitott aneurysma-m\u0171t\u00e9ten \u00e1tesett betegekben.<\/p>\n<p style=\"text-align: justify\">Kutat\u00e1sunkban egy\u00fcttm\u0171k\u00f6d\u00fcnk a Semmelweis Egyetem immunol\u00f3gia, \u00e9rseb\u00e9szet, angiol\u00f3gia, radiol\u00f3gia, gastroenterol\u00f3gia, infektol\u00f3gia, patol\u00f3gia, neurol\u00f3gia, b\u0151rgy\u00f3gy\u00e1szat, nukle\u00e1ris medicina, kardiol\u00f3gia, hematol\u00f3gia szakter\u00fcleteken dolgoz\u00f3 szakorvosaival.<\/p>\n","protected":false},"excerpt":{"rendered":"<p>AZ AORTA ANEURYSMA KIALAKUL\u00c1S\u00c1BAN SZEREPET J\u00c1TSZ\u00d3 ETIOPATHOL\u00d3GIAI T\u00c9NYEZ\u0150K VIZSG\u00c1LATA KUTAT\u00d3CSOPORT Kutat\u00e1svezet\u0151: Dr. S\u00f3tonyi P\u00e9ter, dr. Szappanos \u00c1gnes PhD hallgat\u00f3: dr. Gyurok Gerg\u0151 Az aorta aneurysm\u00e1k az emberi szervezetben leggyakrabban el\u0151fordul\u00f3 \u00e9rt\u00e1gulatok, amelyek els\u0151sorban a hasi aorta szakaszon fordulnak el\u0151. A betegs\u00e9g a feln\u0151tt lakoss\u00e1g k\u00f6r\u00fclbel\u00fcl 1-5%-\u00e1t \u00e9rintik. F\u0151 rizik\u00f3t\u00e9nyez\u0151i k\u00f6z\u00e9 tartozik a 65 \u00e9v feletti &hellip;<\/p>\n","protected":false},"author":101838,"featured_media":0,"parent":8,"menu_order":1,"comment_status":"closed","ping_status":"closed","template":"","meta":{"_acf_changed":false,"footnotes":""},"categories":[],"tags":[],"class_list":["post-968","page","type-page","status-publish","hentry"],"acf":[],"_links":{"self":[{"href":"https:\/\/semmelweis.hu\/ersebeszet\/wp-json\/wp\/v2\/pages\/968","targetHints":{"allow":["GET"]}}],"collection":[{"href":"https:\/\/semmelweis.hu\/ersebeszet\/wp-json\/wp\/v2\/pages"}],"about":[{"href":"https:\/\/semmelweis.hu\/ersebeszet\/wp-json\/wp\/v2\/types\/page"}],"author":[{"embeddable":true,"href":"https:\/\/semmelweis.hu\/ersebeszet\/wp-json\/wp\/v2\/users\/101838"}],"replies":[{"embeddable":true,"href":"https:\/\/semmelweis.hu\/ersebeszet\/wp-json\/wp\/v2\/comments?post=968"}],"version-history":[{"count":1,"href":"https:\/\/semmelweis.hu\/ersebeszet\/wp-json\/wp\/v2\/pages\/968\/revisions"}],"predecessor-version":[{"id":970,"href":"https:\/\/semmelweis.hu\/ersebeszet\/wp-json\/wp\/v2\/pages\/968\/revisions\/970"}],"up":[{"embeddable":true,"href":"https:\/\/semmelweis.hu\/ersebeszet\/wp-json\/wp\/v2\/pages\/8"}],"wp:attachment":[{"href":"https:\/\/semmelweis.hu\/ersebeszet\/wp-json\/wp\/v2\/media?parent=968"}],"wp:term":[{"taxonomy":"category","embeddable":true,"href":"https:\/\/semmelweis.hu\/ersebeszet\/wp-json\/wp\/v2\/categories?post=968"},{"taxonomy":"post_tag","embeddable":true,"href":"https:\/\/semmelweis.hu\/ersebeszet\/wp-json\/wp\/v2\/tags?post=968"}],"curies":[{"name":"wp","href":"https:\/\/api.w.org\/{rel}","templated":true}]}}

AZ AORTA ANEURYSMA KIALAKULÁSÁBAN SZEREPET JÁTSZÓ ETIOPATHOLÓGIAI TÉNYEZŐK VIZSGÁLATA KUTATÓCSOPORT

<p><span style="color: #008080">AZ AORTA ANEURYSMA KIALAKULÁSÁBAN SZEREPET JÁTSZÓ ETIOPATHOLÓGIAI TÉNYEZŐK VIZSGÁLATA KUTATÓCSOPORT</span></p>
<p><span style="color: #008080">Kutatásvezető: Dr. Sótonyi Péter, dr. Szappanos Ágnes<br />
</span><span style="color: #008080">PhD hallgató: dr. Gyurok Gergő</span></p>
<p><img loading="lazy" decoding="async" class="alignleft wp-image-969" src="https://semmelweis.hu/ersebeszet/files/2022/03/aneurysma.jpg" alt="" width="178" height="207" /></p>
<p style="text-align: justify">Az aorta aneurysmák az emberi szervezetben leggyakrabban előforduló értágulatok, amelyek elsősorban a hasi aorta szakaszon fordulnak elő. A betegség a felnőtt lakosság körülbelül 1-5%-át érintik. Fő rizikótényezői közé tartozik a 65 év feletti életkor, a dohányzás és a férfi nem. A betegség patomechanizmusának hátterében elsősorban degeneratív (atherosclerosis, fibromuscularis dysplasia, cysticus media degeneratio), congenitális (Marfan syndroma, Ehlers-Danlos syndroma, coarctatio aortae), mechanikus (traumaticus, iatrogen, poststenoticus) és gyulladásos (bakteriális, autoimmun) faktorok mutathatók ki. A betegség pontos patomechanizmusa mindezidáig nem ismert. Az erek falában kialakuló degeneratív folyamatok hátterében elsősorban az atherosclerosis kóroki szerepe merül fel. Emellett a legújabb tudományos kutatási eredmények alapján kiemelt jelentőségű az aorta aneurysmak etiológiájában szerepet játszó szisztémás autoimmun folyamatok, illetve következményes lokális gyulladásos mechanizmusok ismerete. A betegség kezelése kapcsán a rizikófaktorok csökkentésére irányuló, gyógyszeres terápiát jelentő konzervatív kezelés mellett műtéti megoldás jön szóba. A műtéti indikációt elsősorban az aorta tágulat átmérője határozza meg.</p>
<p style="text-align: justify">Jelen vizsgálat kapcsán a Városmajori Szív- és Érgyógyászati Klinika Érsebészeti és Endovaszkuláris Tanszékén az aorta aneurysmák kialakulásában szerepet játszó gyulladásos és autoimmun folyamatok pathomechanizmusát vizsgáljuk nyitott aneurysma-műtéten átesett betegekben.</p>
<p style="text-align: justify">Kutatásunkban együttműködünk a Semmelweis Egyetem immunológia, érsebészet, angiológia, radiológia, gastroenterológia, infektológia, patológia, neurológia, bőrgyógyászat, nukleáris medicina, kardiológia, hematológia szakterületeken dolgozó szakorvosaival.</p>

<p>AZ AORTA ANEURYSMA KIALAKULÁSÁBAN SZEREPET JÁTSZÓ ETIOPATHOLÓGIAI TÉNYEZŐK VIZSGÁLATA KUTATÓCSOPORT Kutatásvezető: Dr. Sótonyi Péter, dr. Szappanos Ágnes PhD hallgató: dr. Gyurok Gergő Az aorta aneurysmák az emberi szervezetben leggyakrabban előforduló értágulatok, amelyek elsősorban a hasi aorta szakaszon fordulnak elő. A betegség a felnőtt lakosság körülbelül 1-5%-át érintik. Fő rizikótényezői közé tartozik a 65 év feletti &hellip;</p>
