{"id":830,"date":"2021-03-17T11:23:25","date_gmt":"2021-03-17T10:23:25","guid":{"rendered":"https:\/\/semmelweis.hu\/ersebeszet\/?page_id=830"},"modified":"2021-03-18T09:53:05","modified_gmt":"2021-03-18T08:53:05","slug":"carotis-kutatocsoport","status":"publish","type":"page","link":"https:\/\/semmelweis.hu\/ersebeszet\/kutatasi-teruletek\/carotis-kutatocsoport\/","title":{"rendered":"CAROTIS KUTAT\u00d3CSOPORT"},"content":{"rendered":"<p><span style=\"color: #008080\">CAROTIS KUTAT\u00d3CSOPORT<\/span><\/p>\n<p><span style=\"color: #008080\">Kutat\u00e1svezet\u0151: Prof. Dr. S\u00f3tonyi P\u00e9ter<\/span><br \/>\n<span style=\"color: #008080\">R\u00e9sztvev\u0151k: dr. Mih\u00e1ly Zsuzsanna<\/span><br \/>\n<span style=\"color: #008080\">PhD hallgat\u00f3: dr. Czinege Zs\u00f3fia<\/span><\/p>\n<p style=\"text-align: justify\"><img loading=\"lazy\" decoding=\"async\" class=\" wp-image-831 alignleft\" src=\"https:\/\/semmelweis.hu\/ersebeszet\/files\/2021\/03\/carotis.png\" alt=\"\" width=\"153\" height=\"161\" \/>Kutat\u00e1si ter\u00fcleteink: a nyaki ver\u0151\u00e9rsz\u0171k\u00fcletes betegek cerebrovaszkul\u00e1ris esem\u00e9nyeinek \u00e9rt\u00e9kel\u00e9se a morfol\u00f3giai \u00e9s hemodinamikai saj\u00e1ts\u00e1gok t\u00fckr\u00e9ben; NIRS-hez kapcsol\u00f3d\u00f3 vizsg\u00e1latok (CoW, OCT, TCD, MR), hemodinamikai vizsg\u00e1latok a BME Hidrodinamikai Tansz\u00e9k kutat\u00f3ival kooper\u00e1ci\u00f3ban; vascucap plakk anal\u00edzis \u00e9s patol\u00f3giai mint\u00e1kon v\u00e9gzett IHC vizsg\u00e1latok.<\/p>\n","protected":false},"excerpt":{"rendered":"<p>CAROTIS KUTAT\u00d3CSOPORT<br \/>\nKutat\u00e1svezet\u0151: Prof. Dr. S\u00f3tonyi P\u00e9ter<br \/>\nR\u00e9sztvev\u0151k: dr. Mih\u00e1ly Zsuzsanna<br \/>\nPhD hallgat\u00f3: dr. Czinege Zs\u00f3fia<br \/>\nKutat\u00e1si ter\u00fcleteink: a nyaki ver\u0151\u00e9rsz\u0171k\u00fcletes betegek cerebrovaszkul\u00e1ris esem\u00e9nyeinek \u00e9rt\u00e9kel\u00e9se a morfol\u00f3giai \u00e9s hemodinamikai saj\u00e1ts\u00e1gok t\u00fckr\u00e9ben; NIRS-hez kapcsol\u00f3d\u00f3 vizsg\u00e1latok (CoW, OCT, TCD, MR), hemodinamikai vizsg\u00e1latok a BME Hidrodinamikai Tansz\u00e9k kutat\u00f3ival kooper\u00e1ci\u00f3ban; vascucap plakk anal\u00edzis \u00e9s patol\u00f3giai mint\u00e1kon v\u00e9gzett IHC vizsg\u00e1latok.<\/p>\n","protected":false},"author":101838,"featured_media":0,"parent":8,"menu_order":2,"comment_status":"closed","ping_status":"closed","template":"","meta":{"_acf_changed":false,"footnotes":""},"categories":[],"tags":[],"class_list":["post-830","page","type-page","status-publish","hentry"],"acf":[],"_links":{"self":[{"href":"https:\/\/semmelweis.hu\/ersebeszet\/wp-json\/wp\/v2\/pages\/830","targetHints":{"allow":["GET"]}}],"collection":[{"href":"https:\/\/semmelweis.hu\/ersebeszet\/wp-json\/wp\/v2\/pages"}],"about":[{"href":"https:\/\/semmelweis.hu\/ersebeszet\/wp-json\/wp\/v2\/types\/page"}],"author":[{"embeddable":true,"href":"https:\/\/semmelweis.hu\/ersebeszet\/wp-json\/wp\/v2\/users\/101838"}],"replies":[{"embeddable":true,"href":"https:\/\/semmelweis.hu\/ersebeszet\/wp-json\/wp\/v2\/comments?post=830"}],"version-history":[{"count":2,"href":"https:\/\/semmelweis.hu\/ersebeszet\/wp-json\/wp\/v2\/pages\/830\/revisions"}],"predecessor-version":[{"id":949,"href":"https:\/\/semmelweis.hu\/ersebeszet\/wp-json\/wp\/v2\/pages\/830\/revisions\/949"}],"up":[{"embeddable":true,"href":"https:\/\/semmelweis.hu\/ersebeszet\/wp-json\/wp\/v2\/pages\/8"}],"wp:attachment":[{"href":"https:\/\/semmelweis.hu\/ersebeszet\/wp-json\/wp\/v2\/media?parent=830"}],"wp:term":[{"taxonomy":"category","embeddable":true,"href":"https:\/\/semmelweis.hu\/ersebeszet\/wp-json\/wp\/v2\/categories?post=830"},{"taxonomy":"post_tag","embeddable":true,"href":"https:\/\/semmelweis.hu\/ersebeszet\/wp-json\/wp\/v2\/tags?post=830"}],"curies":[{"name":"wp","href":"https:\/\/api.w.org\/{rel}","templated":true}]}}