{"id":8,"date":"2012-01-19T16:06:02","date_gmt":"2012-01-19T15:06:02","guid":{"rendered":"http:\/\/semmelweis-egyetem.hu\/ersebeszet\/?page_id=8"},"modified":"2021-03-17T12:01:50","modified_gmt":"2021-03-17T11:01:50","slug":"kutatasi-teruletek","status":"publish","type":"page","link":"https:\/\/semmelweis.hu\/ersebeszet\/kutatasi-teruletek\/","title":{"rendered":"Kutat\u00e1s"},"content":{"rendered":"<p style=\"text-align: justify\">Tansz\u00e9k\u00fcnk a Doktori iskola hallgat\u00f3i sz\u00e1m\u00e1ra sz\u00e9les palett\u00e1r\u00f3l k\u00edn\u00e1l <a href=\"https:\/\/semmelweis.hu\/ersebeszet\/kutatasi-teruletek\/phd-temaink\/\" target=\"_blank\" rel=\"noopener noreferrer\">kutat\u00e1si t\u00e9m\u00e1kat<\/a>. Akt\u00edv p\u00e1ly\u00e1zati tev\u00e9kenys\u00e9g\u00fcnket t\u00f6bb <a href=\"https:\/\/semmelweis.hu\/ersebeszet\/kutatasi-teruletek\/palyazatok-projektek\/\" target=\"_blank\" rel=\"noopener noreferrer\">fut\u00f3 p\u00e1ly\u00e1zatunk<\/a> is bizony\u00edtja. <span style=\"color: #3366ff\">Kutat\u00f3csoportjaink<\/span> az \u00e9rseb\u00e9szet legk\u00fcl\u00f6nf\u00e9l\u00e9bb ter\u00fcletein vetnek fel izgalmas k\u00e9rd\u00e9seket.<\/p>\n<p style=\"text-align: justify\">A t\u00e9m\u00e1ink ir\u00e1nt \u00e9rdekl\u0151d\u0151 hallgat\u00f3k \u00e9s koll\u00e9g\u00e1k a t\u00e9mavezet\u0151kn\u00e9l jelezhetik kutat\u00e1si sz\u00e1nd\u00e9kukat.<\/p>\n","protected":false},"excerpt":{"rendered":"<p>Tansz\u00e9k\u00fcnk a Doktori iskola hallgat\u00f3i sz\u00e1m\u00e1ra sz\u00e9les palett\u00e1r\u00f3l k\u00edn\u00e1l <a href=\"https:\/\/semmelweis.hu\/ersebeszet\/kutatasi-teruletek\/phd-temaink\/\" target=\"_blank\" rel=\"noopener noreferrer\">kutat\u00e1si t\u00e9m\u00e1kat<\/a>. Akt\u00edv p\u00e1ly\u00e1zati tev\u00e9kenys\u00e9g\u00fcnket t\u00f6bb <a href=\"https:\/\/semmelweis.hu\/ersebeszet\/kutatasi-teruletek\/palyazatok-projektek\/\" target=\"_blank\" rel=\"noopener noreferrer\">fut\u00f3 p\u00e1ly\u00e1zatunk<\/a> is bizony\u00edtja. Kutat\u00f3csoportjaink az \u00e9rseb\u00e9szet legk\u00fcl\u00f6nf\u00e9l\u00e9bb ter\u00fcletein vetnek fel izgalmas k\u00e9rd\u00e9seket.<br \/>\nA t\u00e9m\u00e1ink ir\u00e1nt \u00e9rdekl\u0151d\u0151 hallgat\u00f3k \u00e9s koll\u00e9g\u00e1k a t\u00e9mavezet\u0151kn\u00e9l jelezhetik kutat\u00e1si sz\u00e1nd\u00e9kukat.<\/p>\n","protected":false},"author":191,"featured_media":0,"parent":0,"menu_order":4,"comment_status":"closed","ping_status":"closed","template":"","meta":{"_acf_changed":false,"footnotes":""},"categories":[],"tags":[],"class_list":["post-8","page","type-page","status-publish","hentry"],"acf":[],"_links":{"self":[{"href":"https:\/\/semmelweis.hu\/ersebeszet\/wp-json\/wp\/v2\/pages\/8","targetHints":{"allow":["GET"]}}],"collection":[{"href":"https:\/\/semmelweis.hu\/ersebeszet\/wp-json\/wp\/v2\/pages"}],"about":[{"href":"https:\/\/semmelweis.hu\/ersebeszet\/wp-json\/wp\/v2\/types\/page"}],"author":[{"embeddable":true,"href":"https:\/\/semmelweis.hu\/ersebeszet\/wp-json\/wp\/v2\/users\/191"}],"replies":[{"embeddable":true,"href":"https:\/\/semmelweis.hu\/ersebeszet\/wp-json\/wp\/v2\/comments?post=8"}],"version-history":[{"count":11,"href":"https:\/\/semmelweis.hu\/ersebeszet\/wp-json\/wp\/v2\/pages\/8\/revisions"}],"predecessor-version":[{"id":845,"href":"https:\/\/semmelweis.hu\/ersebeszet\/wp-json\/wp\/v2\/pages\/8\/revisions\/845"}],"wp:attachment":[{"href":"https:\/\/semmelweis.hu\/ersebeszet\/wp-json\/wp\/v2\/media?parent=8"}],"wp:term":[{"taxonomy":"category","embeddable":true,"href":"https:\/\/semmelweis.hu\/ersebeszet\/wp-json\/wp\/v2\/categories?post=8"},{"taxonomy":"post_tag","embeddable":true,"href":"https:\/\/semmelweis.hu\/ersebeszet\/wp-json\/wp\/v2\/tags?post=8"}],"curies":[{"name":"wp","href":"https:\/\/api.w.org\/{rel}","templated":true}]}}