{"id":634,"date":"2020-11-13T14:19:32","date_gmt":"2020-11-13T13:19:32","guid":{"rendered":"https:\/\/semmelweis.hu\/ersebeszet\/?page_id=634"},"modified":"2025-05-27T09:08:23","modified_gmt":"2025-05-27T07:08:23","slug":"tdk-rektori-palyamunka-temak-2024-2025-tanev","status":"publish","type":"page","link":"https:\/\/semmelweis.hu\/ersebeszet\/oktatas\/tdk\/tdk-rektori-palyamunka-temak-2024-2025-tanev\/","title":{"rendered":"TDK \u00e9s Rektori P\u00e1lyamunka t\u00e9m\u00e1k (2025\/2026. tan\u00e9v)"},"content":{"rendered":"<h2>TDK \u00e9s Rektori P\u00e1lyamunka t\u00e9m\u00e1k (2025\/2026. tan\u00e9v)<\/h2>\n<p>Dr. S\u00f3tonyi P\u00e9ter egyetemi tan\u00e1r t\u00e9m\u00e1i:<\/p>\n<ul>\n<li>Perif\u00e9ri\u00e1s art\u00e9ri\u00e1s betegs\u00e9gek diagnosztik\u00e1ja \u00e9s ter\u00e1pi\u00e1ja.<\/li>\n<li>A nyaki ver\u0151\u00e9r sz\u0171k\u00fcletes betegek cerebrovaszkul\u00e1ris esem\u00e9nyeinek \u00e9rt\u00e9kel\u00e9se a morfol\u00f3giai \u00e9s hemodinamikai saj\u00e1ts\u00e1gok figyelembev\u00e9tel\u00e9vel.<\/li>\n<li>Homograftok k\u00eds\u00e9rletes \u00e9s klinikai vizsg\u00e1lata. (Dr. Hidi L\u00e1szl\u00f3val k\u00f6z\u00f6sen)<\/li>\n<li>Az aorta betegs\u00e9gek klinikopathol\u00f3giai vizsg\u00e1lata. (Dr. Szappanos \u00c1gnessel k\u00f6z\u00f6sen)<\/li>\n<li>Kinetikus k\u00e9palkot\u00e1s a vaszkul\u00e1ris betegs\u00e9gekben.<\/li>\n<\/ul>\n<p>Dr. Szeberin Zolt\u00e1n egyetemi tan\u00e1r t\u00e9m\u00e1i:<\/p>\n<ul>\n<li>B-t\u00edpus\u00fa aorta dissectio kezel\u00e9se.<\/li>\n<li>Az infrarenalis aorta aneurysm\u00e1k kezel\u00e9se.<\/li>\n<li>Okkluz\u00edv aorto-iliacalis art\u00e9ria betegs\u00e9gek kezel\u00e9se.<\/li>\n<li>Biol\u00f3giai anyagok haszn\u00e1lata az \u00e9rseb\u00e9szetben.<\/li>\n<li>Az art\u00e9riafal kalcifik\u00e1ci\u00f3 klinikai vonatkoz\u00e1sai.\u00a0<\/li>\n<\/ul>\n<p>Dr. Banga P\u00e9ter adjunktus t\u00e9m\u00e1i:<\/p>\n<ul>\n<li>Az ellenoldali carotis occlusio \u00e9s a CoW morfol\u00f3gi\u00e1j\u00e1nak jelent\u0151s\u00e9ge carotis endarterectomia sor\u00e1n.<\/li>\n<li>Mellkasi ruptur\u00e1lt aneurysm\u00e1k ell\u00e1t\u00e1sa.<\/li>\n<li>P\u00e1lyav\u00e1laszt\u00e1s az eg\u00e9szs\u00e9g\u00fcgyben, seb\u00e9szi szakm\u00e1k helyzete.<\/li>\n<\/ul>\n<p>Dr. Mih\u00e1ly Zsuzsa adjunktus t\u00e9m\u00e1i:<\/p>\n<ul>\n<li>Vaszkul\u00e1ris strukt\u00far\u00e1kat involv\u00e1l\u00f3 tumoros betegs\u00e9gek \u00e9rseb\u00e9szeti ell\u00e1t\u00e1sa.<\/li>\n<li>Experience of Vascular Surgery for Tumor Diseases Involving Vascular Structures<\/li>\n<li>\u00c9rseb\u00e9szeti rekonstrukci\u00f3s m\u0171t\u00e9tek \u00e9s endovaszkul\u00e1ris beavatkoz\u00e1sok peri- \u00e9s posztoperat\u00edv sz\u00f6v\u0151dm\u00e9nyeinek predekci\u00f3ja \u00e9s prevenci\u00f3ja. (Csak TDK P\u00e1lyamunka t\u00e9ma)<\/li>\n<li>Nyaki ver\u0151\u00e9r sz\u0171k\u00fclet rekonstrukci\u00f3j\u00e1nak intraoperat\u00edv rizik\u00f3 cs\u00f6kkent\u00e9se a NIRS \u00e9s cerebrovaszkul\u00e1ris kering\u00e9s figyelembev\u00e9tel\u00e9vel.<\/li>\n<li>Reduction of perioperative risk of carotid artery stenosis reconstruction by considering NIRS and cerebrovascular circulation.<\/li>\n<li>A t\u00fcneteket okoz\u00f3 nyaki ver\u0151\u00e9r sz\u0171k\u00fclet kialakul\u00e1s\u00e1ban szerepet j\u00e1tsz\u00f3 etiopathol\u00f3giai t\u00e9nyez\u0151k vizsg\u00e1lata carotis biobank mint\u00e1kon.<\/li>\n<li>Investigation of etiopathological factors involved in the development of symptomatic carotid stenosis based on carotid biobank samples.<\/li>\n<li>A nyaki ver\u0151\u00e9r sz\u0171k\u00fclet \u00e1raml\u00e1si modellez\u00e9se \u00e9s plakk anal\u00edzis. (Csak Rektori P\u00e1lyamunka t\u00e9ma)<\/li>\n<li>Flow modelling and plaque analysis of carotid artery stenosis. (Rector Thesis topic only)<\/li>\n<li>Vena cava-ba propag\u00e1l\u00f3 vesetumor \u00f6sszef\u00fcgg\u00e9sben vese elt\u00e1vol\u00edt\u00e1son \u00e9s tumor thrombus oper\u00e1ci\u00f3n \u00e1tesett betegek retrospekt\u00edv vizsg\u00e1lata<\/li>\n<li>A retrospective study of renal tumor propagating into the vena cava\u00a0<\/li>\n<\/ul>\n<p>Dr. Hidi L\u00e1szl\u00f3 tan\u00e1rseg\u00e9d t\u00e9m\u00e1i:<\/p>\n<ul>\n<li>A NETs (neutrophil extracellular traps) szerep\u00e9nek vizsg\u00e1lata a daganatos betegekben l\u00e9trej\u00f6v\u0151 art\u00e9ri\u00e1s thrombosisban.<\/li>\n<li>Homograftok k\u00eds\u00e9rletes \u00e9s klinikai vizsg\u00e1lata. (Dr. S\u00f3tonyi P\u00e9terrel k\u00f6z\u00f6sen)<\/li>\n<li>Okkluz\u00edv aorto-iliacalis art\u00e9ria betegs\u00e9gek kezel\u00e9se<\/li>\n<\/ul>\n<p>&nbsp;<\/p>\n","protected":false},"excerpt":{"rendered":"<p>TDK \u00e9s Rektori P\u00e1lyamunka t\u00e9m\u00e1k (2025\/2026. tan\u00e9v) Dr. S\u00f3tonyi P\u00e9ter egyetemi tan\u00e1r t\u00e9m\u00e1i: Perif\u00e9ri\u00e1s art\u00e9ri\u00e1s betegs\u00e9gek diagnosztik\u00e1ja \u00e9s ter\u00e1pi\u00e1ja. A nyaki ver\u0151\u00e9r sz\u0171k\u00fcletes betegek cerebrovaszkul\u00e1ris esem\u00e9nyeinek \u00e9rt\u00e9kel\u00e9se a morfol\u00f3giai \u00e9s hemodinamikai saj\u00e1ts\u00e1gok figyelembev\u00e9tel\u00e9vel. Homograftok k\u00eds\u00e9rletes \u00e9s klinikai vizsg\u00e1lata. (Dr. Hidi L\u00e1szl\u00f3val k\u00f6z\u00f6sen) Az aorta betegs\u00e9gek klinikopathol\u00f3giai vizsg\u00e1lata. (Dr. Szappanos \u00c1gnessel k\u00f6z\u00f6sen) Kinetikus k\u00e9palkot\u00e1s a vaszkul\u00e1ris &hellip;<\/p>\n","protected":false},"author":101838,"featured_media":0,"parent":81,"menu_order":1,"comment_status":"closed","ping_status":"closed","template":"","meta":{"_acf_changed":false,"footnotes":""},"categories":[],"tags":[],"class_list":["post-634","page","type-page","status-publish","hentry"],"acf":[],"_links":{"self":[{"href":"https:\/\/semmelweis.hu\/ersebeszet\/wp-json\/wp\/v2\/pages\/634","targetHints":{"allow":["GET"]}}],"collection":[{"href":"https:\/\/semmelweis.hu\/ersebeszet\/wp-json\/wp\/v2\/pages"}],"about":[{"href":"https:\/\/semmelweis.hu\/ersebeszet\/wp-json\/wp\/v2\/types\/page"}],"author":[{"embeddable":true,"href":"https:\/\/semmelweis.hu\/ersebeszet\/wp-json\/wp\/v2\/users\/101838"}],"replies":[{"embeddable":true,"href":"https:\/\/semmelweis.hu\/ersebeszet\/wp-json\/wp\/v2\/comments?post=634"}],"version-history":[{"count":10,"href":"https:\/\/semmelweis.hu\/ersebeszet\/wp-json\/wp\/v2\/pages\/634\/revisions"}],"predecessor-version":[{"id":1016,"href":"https:\/\/semmelweis.hu\/ersebeszet\/wp-json\/wp\/v2\/pages\/634\/revisions\/1016"}],"up":[{"embeddable":true,"href":"https:\/\/semmelweis.hu\/ersebeszet\/wp-json\/wp\/v2\/pages\/81"}],"wp:attachment":[{"href":"https:\/\/semmelweis.hu\/ersebeszet\/wp-json\/wp\/v2\/media?parent=634"}],"wp:term":[{"taxonomy":"category","embeddable":true,"href":"https:\/\/semmelweis.hu\/ersebeszet\/wp-json\/wp\/v2\/categories?post=634"},{"taxonomy":"post_tag","embeddable":true,"href":"https:\/\/semmelweis.hu\/ersebeszet\/wp-json\/wp\/v2\/tags?post=634"}],"curies":[{"name":"wp","href":"https:\/\/api.w.org\/{rel}","templated":true}]}}