{"id":605,"date":"2020-11-13T12:51:53","date_gmt":"2020-11-13T11:51:53","guid":{"rendered":"https:\/\/semmelweis.hu\/ersebeszet\/?page_id=605"},"modified":"2026-03-31T13:42:18","modified_gmt":"2026-03-31T11:42:18","slug":"tajekoztato-az-ersebeszet-gyakorlathoz","status":"publish","type":"page","link":"https:\/\/semmelweis.hu\/ersebeszet\/oktatas\/hirek-aktualis-informaciok\/tajekoztato-az-ersebeszet-gyakorlathoz\/","title":{"rendered":"T\u00e1j\u00e9koztat\u00f3 az \u00e9rseb\u00e9szet gyakorlathoz"},"content":{"rendered":"<p>Kedves Hallgat\u00f3k!<\/p>\n<p style=\"text-align: justify\">Az \u00e9rseb\u00e9szet gyakorlat kezdete h\u00e9tf\u0151 reggel 8.00. Amennyiben valamilyen \u00fcnnep esik erre a napra, \u00fagy \u00e9rtelemszer\u0171en a h\u00e9t els\u0151 munkanapj\u00e1n. Gy\u00fclekez\u00e9s a V\u00e1rosmajori Sz\u00edv- \u00e9s \u00c9rgy\u00f3gy\u00e1szati Klinika (1122 Budapest, V\u00e1rosmajor u. 68.) alagsori oktat\u00f3term\u00e9ben. Itt egy r\u00f6vid eligaz\u00edt\u00e1st tartunk \u00d6n\u00f6knek.<br \/>\nA gyakorlathoz k\u00e9sz\u00fclt nyomtatv\u00e1nyok let\u00f6lthet\u0151k <a href=\"https:\/\/semmelweis.hu\/ersebeszet\/oktatas\/letoltheto-dokumentumok\/\">innen<\/a>. A hallgat\u00f3i szerz\u0151d\u00e9st saj\u00e1t adataikkal ki kell t\u00f6lteni\u00fck \u00e9s a megfelel\u0151 helyeken al\u00e1 kell \u00edrniuk. A szerz\u0151d\u00e9s r\u00e9sze a teljes\u00edt\u00e9sigazol\u00e1s t\u00e1bl\u00e1zata, melyen a napi tutor al\u00e1\u00edr\u00e1s\u00e1val igazolja jelenl\u00e9t\u00fcket. A teljesk\u00f6r\u0171en kit\u00f6lt\u00f6tt \u00e9s al\u00e1\u00edrt szerz\u0151d\u00e9st a gyakorlat utols\u00f3 napj\u00e1n, p\u00e9nteken az \u00c9rseb\u00e9szeti \u00e9s Endovaszkul\u00e1ris Tansz\u00e9k Titk\u00e1rs\u00e1g\u00e1n (I. em. 123.) kell leadniuk. Felh\u00edvjuk figyelm\u00fcket arra, hogy a gyakorlat teljes\u00edt\u00e9s\u00e9t KIZ\u00c1R\u00d3LAG hi\u00e1nytalanul kit\u00f6lt\u00f6tt \u00e9s teljes k\u00f6r\u0171en al\u00e1\u00edrt dokumentumok birtok\u00e1ban \u00e1ll m\u00f3dunkban a NEPTUN-ban igazolni.<br \/>\nK\u00f6penyt \u00e9s \u00f6lt\u00f6z\u0151szekr\u00e9nyt tudunk biztos\u00edtani, de saj\u00e1t k\u00f6penyt is haszn\u00e1lhatnak. A rakt\u00e1rb\u00f3l v\u00e9telezett k\u00f6penyek \u00e1tv\u00e9teli \u00e9s lead\u00e1si elismerv\u00e9ny\u00e9t a hallgat\u00f3i szerz\u0151d\u00e9ssel egy\u00fctt le kell adniuk a gyakorlat utols\u00f3 napj\u00e1n. A hely sz\u0171k\u00e9re val\u00f3 tekintettel sajn\u00e1latos m\u00f3don 4-5 hallgat\u00f3ra jut egy szekr\u00e9ny.<\/p>\n<p style=\"text-align: justify\">Gyakorlati helysz\u00ednek:<br \/>\n&#8211; m\u0171t\u0151<br \/>\n&#8211; oszt\u00e1ly (els\u0151 \u00e9s m\u00e1sodik emeleti \u00e9rseb\u00e9szeti oszt\u00e1lyok)<br \/>\n&#8211; ambulancia<br \/>\n&#8211; ultrahang<br \/>\n&#8211; angi\u00f3-labor<br \/>\nA gyakorlati helysz\u00ednek egyenletes kihaszn\u00e1lts\u00e1ga miatt heti beoszt\u00e1st k\u00e9sz\u00edtett\u00fcnk, ez szint\u00e9n let\u00f6lthet\u0151 <a href=\"https:\/\/semmelweis.hu\/ersebeszet\/oktatas\/hirek-aktualis-informaciok\/letoltheto-dokumentumok\/\">honlapunkr\u00f3l<\/a>. A beoszt\u00e1st\u00f3l bizonyos esetekben el lehet\/kell t\u00e9rni, lehet egym\u00e1ssal cser\u00e9lni, de \u00e9rtelemszer\u0171en mindenkinek minden helysz\u00ednen meg kell jelenni a h\u00e9t folyam\u00e1n.<\/p>\n<p>A beoszt\u00e1shoz mell\u00e9kelt <a href=\"https:\/\/semmelweis.hu\/ersebeszet\/terkepek-az-ersebeszet-gyakorlatokhoz\/\">t\u00e9rk\u00e9p seg\u00edt a t\u00e1j\u00e9koz\u00f3d\u00e1sban<\/a>.<\/p>\n<p style=\"text-align: justify\">A helysz\u00ednek k\u00f6z\u00fcl az ambulancia \u00e9s az oszt\u00e1ly jelenti a beteggel val\u00f3 k\u00f6zvetlen kontaktust. A t\u00fcnetek, panaszok megismer\u00e9se, betegvizsg\u00e1lat, k\u00fcl\u00f6nb\u00f6z\u0151 elv\u00e1ltoz\u00e1sok megismer\u00e9se a c\u00e9l. Az oszt\u00e1lyon lehet megtapasztalni, hogy milyen a betegek \u00e1ltal\u00e1nos \u00e1llapota, milyen sz\u00f6v\u0151dm\u00e9nyei \u00e9s buktat\u00f3i lehetnek az \u00e9rseb\u00e9szeti beavatkoz\u00e1soknak.<\/p>\n<p style=\"text-align: justify\">A m\u0171t\u0151ben egy \u00e1ltal\u00e1nos k\u00e9pet lehet arr\u00f3l szerezni, hogy milyen anat\u00f3miai viszonyok k\u00f6z\u00f6tt lehet a rekonstrukci\u00f3kat elv\u00e9gezni, egy\u00e1ltal\u00e1n hogy n\u00e9z ki \u201e\u00e9l\u0151ben\u201d egy \u00e9r, milyen az \u00e9rvarrat, milyen graftokat haszn\u00e1lunk, mi az az endarterectomia, hogy n\u00e9z ki egy meszes plakk.<\/p>\n<p style=\"text-align: justify\">Az angi\u00f3-laborban az egyik legfontosabb k\u00e9pi diagnosztika alapjaival kell megismerkedni: mi a DSA el\u0151nye \u00e9s h\u00e1tr\u00e1nya a t\u00f6bbi k\u00e9palkot\u00f3hoz k\u00e9pest, milyen eszk\u00f6z\u00f6k kellenek a vizsg\u00e1lat elv\u00e9gz\u00e9s\u00e9hez, milyen endovaszkul\u00e1ris beavatkoz\u00e1sokat v\u00e9gz\u00fcnk, \u00e9s milyen sz\u00f6v\u0151dm\u00e9nyek lehetnek.<\/p>\n<p style=\"text-align: justify\">Az ultrahang az egyik legfontosabb non-invaz\u00edv vizsg\u00e1lat, amely az erek nagy r\u00e9sz\u00e9r\u0151l avatott kezekben ter\u00e1pi\u00e1s vagy tov\u00e1bbi diagnosztika ir\u00e1ny\u00e1ba d\u00f6nt\u0151 inform\u00e1ci\u00f3kat k\u00e9pes ny\u00fajtani. Az ismeretek \u00e1tad\u00e1s\u00e1ban szonogr\u00e1fus technikus \u00e9s a helysz\u00edni ultrahangok elv\u00e9gz\u00e9s\u00e9re beosztott radiol\u00f3gus koll\u00e9ga tud seg\u00edteni.<\/p>\n<p style=\"text-align: justify\">\u00d6sszefoglal\u00f3:<\/p>\n<ul style=\"list-style-type: circle\">\n<li style=\"text-align: justify\">Minden hallgat\u00f3 minden nap al\u00e1\u00edratja nyomtatv\u00e1ny\u00e1t az \u0151t aznap oktat\u00f3val.<\/li>\n<li style=\"text-align: justify\">Azon hallgat\u00f3knak, akik a gyakorlat b\u00e1rmely napj\u00e1n az oszt\u00e1lyra vannak beosztva, a gyakorlat reggel 7.00 \u00f3rakor kezd\u0151dik a vizitn\u00e9l.<\/li>\n<li style=\"text-align: justify\">Az egy\u00e9b helyre beosztott hallgat\u00f3k r\u00e9sz\u00e9re a gyakorlat 8.30 \u00f3rakor kezd\u0151dik.<\/li>\n<li style=\"text-align: justify\">Amennyiben valamely hallgat\u00f3 b\u00e1rmelyik napon hi\u00e1nyzik, \u00fagy a hi\u00e1nyz\u00e1st p\u00f3tolni kell dr. Banga P\u00e9ter tanulm\u00e1nyi felel\u0151ssel egyeztetve.<\/li>\n<li style=\"text-align: justify\">A gyakorlat utols\u00f3 napj\u00e1n, amikor a hallgat\u00f3 v\u00e9gzett az aznapra beosztott helyen, k\u00f6peny\u00e9t visszaviszi a ruharakt\u00e1rba, ahol igazol\u00e1st kap arr\u00f3l, hogy a felvett t\u00e1rgyakat leadta.<\/li>\n<li style=\"text-align: justify\">Az els\u0151 napon kit\u00f6lt\u00f6tt 2 nyomtatv\u00e1nyt, valamint a ruhat\u00e1rban kapott igazol\u00e1st leadja a tansz\u00e9k Titk\u00e1rs\u00e1g\u00e1n (1. emelet 123. szoba), ahol megt\u00f6rt\u00e9nik a gyakorlat igazol\u00e1sa a NEPTUN rendszerben.<\/li>\n<li>Az \u00e9rseb\u00e9szet gyakorlat \u00e9s a v\u00e1laszthat\u00f3 klinikai gyakorlat sz\u00e1monk\u00e9r\u00e9s\u00e9nek minimum k\u00f6vetelm\u00e9nye a Vaszkul\u00e1ris medicina jegyzet tartalm\u00e1nak ismerete:<br \/>\n<table class=\"table\" style=\"width: 86.2041%\" data-v-792b8c55=\"\">\n<thead class=\"myLabel\" data-v-792b8c55=\"\">\n<tr data-v-792b8c55=\"\">\n<td style=\"width: 10.6716%\" data-v-792b8c55=\"\">Jelleg<\/td>\n<td style=\"width: 27.7612%\" data-v-792b8c55=\"\">Szerz\u0151<\/td>\n<td style=\"width: 19.1791%\" data-v-792b8c55=\"\">C\u00edm<\/td>\n<td style=\"width: 18.3582%\" data-v-792b8c55=\"\">Kiad\u00f3<\/td>\n<td style=\"width: 10.2986%\" data-v-792b8c55=\"\">Kiad\u00e1s \u00e9ve<\/td>\n<\/tr>\n<\/thead>\n<tbody data-v-792b8c55=\"\">\n<tr data-v-792b8c55=\"\">\n<td class=\"jelleg_td\" style=\"width: 10.6716%\" data-v-792b8c55=\"\">K\u00f6telez\u0151<\/td>\n<td class=\"szerzo_td\" style=\"width: 27.7612%\" data-v-792b8c55=\"\">Dr. S\u00f3tonyi P\u00e9ter \u00e9s Dr. Szeberin Zolt\u00e1n<\/td>\n<td class=\"cim_td\" style=\"width: 19.1791%\" data-v-792b8c55=\"\">Vaszkul\u00e1ris medicina<\/td>\n<td class=\"kiado_td\" style=\"width: 18.3582%\" data-v-792b8c55=\"\">Semmelweis Kiad\u00f3<\/td>\n<td class=\"kiadas_eve_td\" style=\"width: 10.2986%\" data-v-792b8c55=\"\">2018<\/td>\n<\/tr>\n<\/tbody>\n<\/table>\n<p><strong style=\"font-size: 1rem\">K\u00e9rj\u00fck a sug\u00e1rv\u00e9delmi, valamint a munka- \u00e9s t\u0171zv\u00e9delmi szab\u00e1lyok szigor\u00fa figyelembev\u00e9tel\u00e9t.<\/strong><span style=\"font-size: 1rem\"> A szab\u00e1lyzatok <\/span><a href=\"https:\/\/semmelweis.hu\/ersebeszet\/fontos-linkek\/\">itt<\/a><span style=\"font-size: 1rem\"> \u00e9rhet\u0151k el.<\/span><\/li>\n<\/ul>\n<p style=\"text-align: justify\">K\u00edv\u00e1njuk, hogy sok tud\u00e1ssal \u00e9s hasznos inform\u00e1ci\u00f3kkal gazdagodjanak a n\u00e1lunk t\u00f6lt\u00f6tt id\u0151 alatt. Sikeres gyakorlatot k\u00edv\u00e1nunk \u00d6n\u00f6knek.<\/p>\n<p style=\"text-align: right\">Az \u00c9rseb\u00e9szeti \u00e9s Endovaszkul\u00e1ris Tansz\u00e9k oktat\u00f3i \u00e9s orvosai<\/p>\n","protected":false},"excerpt":{"rendered":"<p>Kedves Hallgat\u00f3k! Az \u00e9rseb\u00e9szet gyakorlat kezdete h\u00e9tf\u0151 reggel 8.00. Amennyiben valamilyen \u00fcnnep esik erre a napra, \u00fagy \u00e9rtelemszer\u0171en a h\u00e9t els\u0151 munkanapj\u00e1n. Gy\u00fclekez\u00e9s a V\u00e1rosmajori Sz\u00edv- \u00e9s \u00c9rgy\u00f3gy\u00e1szati Klinika (1122 Budapest, V\u00e1rosmajor u. 68.) alagsori oktat\u00f3term\u00e9ben. Itt egy r\u00f6vid eligaz\u00edt\u00e1st tartunk \u00d6n\u00f6knek. A gyakorlathoz k\u00e9sz\u00fclt nyomtatv\u00e1nyok let\u00f6lthet\u0151k <a href=\"https:\/\/semmelweis.hu\/ersebeszet\/oktatas\/letoltheto-dokumentumok\/\">innen<\/a> . A hallgat\u00f3i szerz\u0151d\u00e9st saj\u00e1t adataikkal ki kell &hellip;<\/p>\n","protected":false},"author":101838,"featured_media":0,"parent":497,"menu_order":0,"comment_status":"closed","ping_status":"closed","template":"","meta":{"_acf_changed":false,"footnotes":""},"categories":[],"tags":[],"class_list":["post-605","page","type-page","status-publish","hentry"],"acf":[],"_links":{"self":[{"href":"https:\/\/semmelweis.hu\/ersebeszet\/wp-json\/wp\/v2\/pages\/605","targetHints":{"allow":["GET"]}}],"collection":[{"href":"https:\/\/semmelweis.hu\/ersebeszet\/wp-json\/wp\/v2\/pages"}],"about":[{"href":"https:\/\/semmelweis.hu\/ersebeszet\/wp-json\/wp\/v2\/types\/page"}],"author":[{"embeddable":true,"href":"https:\/\/semmelweis.hu\/ersebeszet\/wp-json\/wp\/v2\/users\/101838"}],"replies":[{"embeddable":true,"href":"https:\/\/semmelweis.hu\/ersebeszet\/wp-json\/wp\/v2\/comments?post=605"}],"version-history":[{"count":10,"href":"https:\/\/semmelweis.hu\/ersebeszet\/wp-json\/wp\/v2\/pages\/605\/revisions"}],"predecessor-version":[{"id":1036,"href":"https:\/\/semmelweis.hu\/ersebeszet\/wp-json\/wp\/v2\/pages\/605\/revisions\/1036"}],"up":[{"embeddable":true,"href":"https:\/\/semmelweis.hu\/ersebeszet\/wp-json\/wp\/v2\/pages\/497"}],"wp:attachment":[{"href":"https:\/\/semmelweis.hu\/ersebeszet\/wp-json\/wp\/v2\/media?parent=605"}],"wp:term":[{"taxonomy":"category","embeddable":true,"href":"https:\/\/semmelweis.hu\/ersebeszet\/wp-json\/wp\/v2\/categories?post=605"},{"taxonomy":"post_tag","embeddable":true,"href":"https:\/\/semmelweis.hu\/ersebeszet\/wp-json\/wp\/v2\/tags?post=605"}],"curies":[{"name":"wp","href":"https:\/\/api.w.org\/{rel}","templated":true}]}}