{"id":387,"date":"2020-09-26T10:14:26","date_gmt":"2020-09-26T08:14:26","guid":{"rendered":"https:\/\/semmelweis.hu\/ersebeszet\/?page_id=387"},"modified":"2020-11-13T14:30:09","modified_gmt":"2020-11-13T13:30:09","slug":"online-jegyzet","status":"publish","type":"page","link":"https:\/\/semmelweis.hu\/ersebeszet\/oktatas\/oktatasi-anyagok\/online-jegyzet\/","title":{"rendered":"Online jegyzet"},"content":{"rendered":"<p><a href=\"https:\/\/semmelweis.hu\/ersebeszet\/oktatas\/oktatasi-anyagok\/online-jegyzet\/akut-aorta-szindroma-aorta-disszekcio-ad\/\">Akut aorta szindr\u00f3ma \u2013 aorta disszekci\u00f3 (AD)<\/a><\/p>\n<p><a href=\"https:\/\/semmelweis.hu\/ersebeszet\/oktatas\/oktatasi-anyagok\/online-jegyzet\/alapveto-ersebeszeti-technikak-erpotlo-anyagok\/\">Alapvet\u0151 \u00e9rseb\u00e9szeti technik\u00e1k \u2013 \u00c9rp\u00f3tl\u00f3 anyagok<\/a><\/p>\n<p><a href=\"https:\/\/semmelweis.hu\/ersebeszet\/oktatas\/oktatasi-anyagok\/online-jegyzet\/also-vegtagi-erbetegseg\/\">Als\u00f3 v\u00e9gtagi \u00e9rbetegs\u00e9g<\/a><\/p>\n<p><a href=\"https:\/\/semmelweis.hu\/ersebeszet\/oktatas\/oktatasi-anyagok\/online-jegyzet\/anatomia-supraaortikus\/\">Anat\u00f3mia \u2013 supraaortikus<\/a><\/p>\n<p><a href=\"https:\/\/semmelweis.hu\/ersebeszet\/oktatas\/oktatasi-anyagok\/online-jegyzet\/angiographia-es-intervencio\/\">Angiographia \u00e9s intervenci\u00f3<\/a><\/p>\n<p><a href=\"https:\/\/semmelweis.hu\/ersebeszet\/oktatas\/oktatasi-anyagok\/online-jegyzet\/aorta-aneurysma\/\">Aorta aneurysma<\/a><\/p>\n<p><a href=\"https:\/\/semmelweis.hu\/ersebeszet\/oktatas\/oktatasi-anyagok\/online-jegyzet\/extracranialis-cerebrovaszkularis-betegsegek-carotis-betegsegek\/\">Extracranialis cerebrovaszkul\u00e1ris betegs\u00e9gek, carotis betegs\u00e9gek<\/a><\/p>\n<p><a href=\"https:\/\/semmelweis.hu\/ersebeszet\/oktatas\/oktatasi-anyagok\/online-jegyzet\/kronikus-also-vegtagi-ischemia\/\">Kr\u00f3nikus als\u00f3 v\u00e9gtagi ischemia<\/a><\/p>\n<p><a href=\"https:\/\/semmelweis.hu\/ersebeszet\/oktatas\/oktatasi-anyagok\/online-jegyzet\/melyvenas-trombozis\/\">M\u00e9lyv\u00e9n\u00e1s tromb\u00f3zis<\/a><\/p>\n<p><a href=\"https:\/\/semmelweis.hu\/ersebeszet\/oktatas\/oktatasi-anyagok\/online-jegyzet\/vaszkularis-ct-es-mr-diagnosztika\/\">Vaszkul\u00e1ris CT \u00e9s MR diagnosztika<\/a><\/p>\n<p><a href=\"https:\/\/semmelweis.hu\/ersebeszet\/oktatas\/oktatasi-anyagok\/online-jegyzet\/vaszkularis-ultrahang-diagnosztika\/\">Vaszkul\u00e1ris ultrahang diagnosztika<\/a><\/p>\n","protected":false},"excerpt":{"rendered":"<p><a href=\"https:\/\/semmelweis.hu\/ersebeszet\/oktatas\/oktatasi-anyagok\/online-jegyzet\/akut-aorta-szindroma-aorta-disszekcio-ad\/\">Akut aorta szindr\u00f3ma \u2013 aorta disszekci\u00f3 (AD)<\/a><br \/>\n<a href=\"https:\/\/semmelweis.hu\/ersebeszet\/oktatas\/oktatasi-anyagok\/online-jegyzet\/alapveto-ersebeszeti-technikak-erpotlo-anyagok\/\">Alapvet\u0151 \u00e9rseb\u00e9szeti technik\u00e1k \u2013 \u00c9rp\u00f3tl\u00f3 anyagok<\/a><br \/>\n<a href=\"https:\/\/semmelweis.hu\/ersebeszet\/oktatas\/oktatasi-anyagok\/online-jegyzet\/also-vegtagi-erbetegseg\/\">Als\u00f3 v\u00e9gtagi \u00e9rbetegs\u00e9g<\/a><br \/>\n<a href=\"https:\/\/semmelweis.hu\/ersebeszet\/oktatas\/oktatasi-anyagok\/online-jegyzet\/anatomia-supraaortikus\/\">Anat\u00f3mia \u2013 supraaortikus<\/a><br \/>\n<a href=\"https:\/\/semmelweis.hu\/ersebeszet\/oktatas\/oktatasi-anyagok\/online-jegyzet\/angiographia-es-intervencio\/\">Angiographia \u00e9s intervenci\u00f3<\/a><br \/>\n<a href=\"https:\/\/semmelweis.hu\/ersebeszet\/oktatas\/oktatasi-anyagok\/online-jegyzet\/aorta-aneurysma\/\">Aorta aneurysma<\/a><br \/>\n<a href=\"https:\/\/semmelweis.hu\/ersebeszet\/oktatas\/oktatasi-anyagok\/online-jegyzet\/extracranialis-cerebrovaszkularis-betegsegek-carotis-betegsegek\/\">Extracranialis cerebrovaszkul\u00e1ris betegs\u00e9gek, carotis betegs\u00e9gek<\/a><br \/>\n<a href=\"https:\/\/semmelweis.hu\/ersebeszet\/oktatas\/oktatasi-anyagok\/online-jegyzet\/kronikus-also-vegtagi-ischemia\/\">Kr\u00f3nikus als\u00f3 v\u00e9gtagi ischemia<\/a><br \/>\n<a href=\"https:\/\/semmelweis.hu\/ersebeszet\/oktatas\/oktatasi-anyagok\/online-jegyzet\/melyvenas-trombozis\/\">M\u00e9lyv\u00e9n\u00e1s tromb\u00f3zis<\/a><br \/>\n<a href=\"https:\/\/semmelweis.hu\/ersebeszet\/oktatas\/oktatasi-anyagok\/online-jegyzet\/vaszkularis-ct-es-mr-diagnosztika\/\">Vaszkul\u00e1ris CT \u00e9s MR diagnosztika<\/a><br \/>\n<a href=\"https:\/\/semmelweis.hu\/ersebeszet\/oktatas\/oktatasi-anyagok\/online-jegyzet\/vaszkularis-ultrahang-diagnosztika\/\">Vaszkul\u00e1ris ultrahang diagnosztika<\/a><\/p>\n","protected":false},"author":101525,"featured_media":0,"parent":513,"menu_order":0,"comment_status":"closed","ping_status":"closed","template":"","meta":{"_acf_changed":false,"footnotes":""},"categories":[],"tags":[],"class_list":["post-387","page","type-page","status-publish","hentry"],"acf":[],"_links":{"self":[{"href":"https:\/\/semmelweis.hu\/ersebeszet\/wp-json\/wp\/v2\/pages\/387","targetHints":{"allow":["GET"]}}],"collection":[{"href":"https:\/\/semmelweis.hu\/ersebeszet\/wp-json\/wp\/v2\/pages"}],"about":[{"href":"https:\/\/semmelweis.hu\/ersebeszet\/wp-json\/wp\/v2\/types\/page"}],"author":[{"embeddable":true,"href":"https:\/\/semmelweis.hu\/ersebeszet\/wp-json\/wp\/v2\/users\/101525"}],"replies":[{"embeddable":true,"href":"https:\/\/semmelweis.hu\/ersebeszet\/wp-json\/wp\/v2\/comments?post=387"}],"version-history":[{"count":5,"href":"https:\/\/semmelweis.hu\/ersebeszet\/wp-json\/wp\/v2\/pages\/387\/revisions"}],"predecessor-version":[{"id":642,"href":"https:\/\/semmelweis.hu\/ersebeszet\/wp-json\/wp\/v2\/pages\/387\/revisions\/642"}],"up":[{"embeddable":true,"href":"https:\/\/semmelweis.hu\/ersebeszet\/wp-json\/wp\/v2\/pages\/513"}],"wp:attachment":[{"href":"https:\/\/semmelweis.hu\/ersebeszet\/wp-json\/wp\/v2\/media?parent=387"}],"wp:term":[{"taxonomy":"category","embeddable":true,"href":"https:\/\/semmelweis.hu\/ersebeszet\/wp-json\/wp\/v2\/categories?post=387"},{"taxonomy":"post_tag","embeddable":true,"href":"https:\/\/semmelweis.hu\/ersebeszet\/wp-json\/wp\/v2\/tags?post=387"}],"curies":[{"name":"wp","href":"https:\/\/api.w.org\/{rel}","templated":true}]}}