{"id":298,"date":"2018-11-20T10:50:37","date_gmt":"2018-11-20T09:50:37","guid":{"rendered":"http:\/\/semmelweis.hu\/ersebeszet\/?page_id=298"},"modified":"2020-11-13T12:18:34","modified_gmt":"2020-11-13T11:18:34","slug":"fekvobeteg-ellatas","status":"publish","type":"page","link":"https:\/\/semmelweis.hu\/ersebeszet\/betegellatas\/fekvobeteg-ellatas\/","title":{"rendered":"Fekv\u0151beteg ell\u00e1t\u00e1s"},"content":{"rendered":"<p>Klinik\u00e1nkon 2 oszt\u00e1lyon, \u00f6sszesen 55 \u00e1gyon (ebb\u0151l 6 subintenz\u00edv \u00e1gy) folyik fekv\u0151beteg ell\u00e1t\u00e1s. Nyitott \u00e9s kat\u00e9teres m\u0171t\u00e9ti beavatkoz\u00e1sokat\u00a0\u00e9s hibrid m\u0171t\u00e9teket egyar\u00e1nt nagy sz\u00e1mban v\u00e9gz\u00fcnk.<\/p>\n<p><span style=\"font-size: 18pt\"><strong>FONTOS INFORM\u00c1CI\u00d3K<\/strong><\/span><\/p>\n<p><b>Az al\u00e1bbi t\u00e1j\u00e9koztat\u00f3 fontos tudnival\u00f3kat tartalmaz a klinik\u00e1nkon t\u00f6rt\u00e9n\u0151 vizsg\u00e1latokkal \u00e9s kezel\u00e9sekkel kapcsolatban.<\/b><\/p>\n<p><b>Mennyi id\u0151t t\u00f6lt majd a klinik\u00e1n?<\/b><\/p>\n<ul>\n<li><span style=\"font-weight: 400\">Ha m\u0171t\u00e9ti el\u0151vizsg\u00e1latra, altat\u00f3orvosi vizsg\u00e1latra, CT vizsg\u00e1latra j\u00f6n, az egy-k\u00e9t \u00f3r\u00e1t, de ak\u00e1r egy f\u00e9l napos itt tart\u00f3zkod\u00e1st is jelenthet az \u00f6n sz\u00e1m\u00e1ra!<\/span><\/li>\n<li><span style=\"font-weight: 400\">Ha \u00d6n \u00e9rfest\u00e9sre j\u00f6n, az egy napos (reggelt\u0151l- k\u00e9s\u0151 d\u00e9lut\u00e1nig, estig), esetenk\u00e9nt ak\u00e1r m\u00e1snap reggelig itt tart\u00f3zkod\u00e1st jelenthet az \u00f6n sz\u00e1m\u00e1ra!<\/span><\/li>\n<\/ul>\n<p><b>K\u00e9rj\u00fck, minden esetben hozza mag\u00e1val:<\/b><\/p>\n<ul>\n<li><span style=\"font-weight: 400\">a szedett <\/span><b>gy\u00f3gyszereinek list\u00e1j\u00e1t<\/b><span style=\"font-weight: 400\">, amin szerepel a gy\u00f3gyszerek neve, adagja (h\u00e1ny milligramm) \u00e9s h\u00e1nyszor szedi naponta.<\/span><\/li>\n<li><span style=\"font-weight: 400\">Fontos, hogy tudja (legyen fel\u00edrva!) a <\/span><b>saj\u00e1t \u00e9s a hozz\u00e1tartoz\u00f3ja<\/b> <b>telefonsz\u00e1ma!<\/b><\/li>\n<li><b>Kor\u00e1bbi dokumentumait, z\u00e1r\u00f3jelent\u00e9seit, CT, MR \u00e9s egy\u00e9b vizsg\u00e1latainak eredm\u00e9ny\u00e9t, <\/b><span style=\"font-weight: 400\">amelyek nem a klinik\u00e1n k\u00e9sz\u00fcltek.<\/span><\/li>\n<li><b>TAJ k\u00e1rty\u00e1j\u00e1t <\/b><span style=\"font-weight: 400\">\u00e9s<\/span><b> szem\u00e9lyi igazolv\u00e1ny\u00e1t<\/b><\/li>\n<\/ul>\n<p><b>M\u0171t\u00e9t reggel\u00e9n ne adjon be mag\u00e1nak semmilyen gy\u00f3gyszert megbesz\u00e9l\u00e9s n\u00e9lk\u00fcl!<\/b><span style=\"font-weight: 400\"> Csak azt kaphatja meg, amit kezel\u0151orvosa el\u0151\u00edrt a n\u0151v\u00e9rnek.<\/span><\/p>\n<p><b>Milyen gy\u00f3gyszereket hozzon mag\u00e1val <\/b><b>minden esetben<\/b><span style=\"font-weight: 400\"> (vizsg\u00e1lat, kat\u00e9teres beavatkoz\u00e1s, m\u0171t\u00e9t):<\/span><\/p>\n<ul>\n<li><span style=\"font-weight: 400\">l\u00e9gz\u0151szervi betegs\u00e9g (asztma, COPD) &#8211; <\/span><b>inhal\u00e1ci\u00f3s k\u00e9sz\u00fcl\u00e9k\u00e9t<\/b><\/li>\n<li><span style=\"font-weight: 400\">glauk\u00f3ma (z\u00f6ld h\u00e1lyog), egy\u00e9b szembetegs\u00e9g &#8211; <\/span><b>szemcseppet<\/b><\/li>\n<li><span style=\"font-weight: 400\">cukorbeteg \u2013<\/span><b> inzulint <\/b><span style=\"font-weight: 400\">(fontos, hogy tudja a sz\u00fcks\u00e9ges adagokat)<\/span><\/li>\n<li><b>pszichi\u00e1triai <\/b><span style=\"font-weight: 400\">betegs\u00e9g \u2013 <\/span><b>emiatt szedett gy\u00f3gyszerei<\/b><\/li>\n<\/ul>\n<p><b>\u00c9rfest\u00e9s eset\u00e9n<\/b><b>:<\/b><\/p>\n<ul>\n<li><span style=\"font-weight: 400\">A vizsg\u00e1lat napj\u00e1n reggel ne adja be mag\u00e1nak az inzulint.<\/span><\/li>\n<li><b>Sok folyad\u00e9kot igyon eg\u00e9sz nap!<\/b><\/li>\n<li><span style=\"font-weight: 400\">Ha <\/span><b>cukorbetegs\u00e9g<\/b><span style=\"font-weight: 400\"> miatt<\/span><b> metformin <\/b><span style=\"font-weight: 400\">t\u00edpus\u00fa antidiabetikumot szed, akkor azt a vizsg\u00e1latot megel\u0151z\u0151 2 napon, a vizsg\u00e1lat napj\u00e1n, \u00e9s az azt k\u00f6vet\u0151 2 napon hagyja ki. (Adimet, Eucreas, Janumet, Jentadueto, Komboglyze, Meforal, Mercformin, Metfogamma, Metformin, Mylmet, Synajardy, Velmetia, Vipdomet, Xigduo)<\/span><\/li>\n<\/ul>\n<p><b>Ha \u00d6n egy napos beavatkoz\u00e1sra j\u00f6n pl. \u00e9rt\u00e1g\u00edt\u00e1sra (PTA) vagy vissz\u00e9rm\u0171t\u00e9tre, akkor a k\u00f6vetkez\u0151 dolgokat hozza mag\u00e1val:<\/b><\/p>\n<ul>\n<li><span style=\"font-weight: 400\">h\u00e1l\u00f3ing \u00e9s\/vagy pizsama<\/span><\/li>\n<li><span style=\"font-weight: 400\">k\u00f6nt\u00f6s<\/span><\/li>\n<li><span style=\"font-weight: 400\">papucs<\/span><\/li>\n<li><span style=\"font-weight: 400\">als\u00f3nem\u0171k, zokni (lehet\u0151leg ne szoros)<\/span><\/li>\n<li><span style=\"font-weight: 400\">t\u00f6r\u00f6lk\u00f6z\u0151\/k<\/span><\/li>\n<li><span style=\"font-weight: 400\">tiszt\u00e1lkod\u00e1si szerek (fogkefe-fogkr\u00e9m, szappan-tusf\u00fcrd\u0151)<\/span><\/li>\n<li><span style=\"font-weight: 400\">b\u00f6gre, ev\u0151eszk\u00f6z (kan\u00e1l, k\u00e9s, villa)<\/span><\/li>\n<\/ul>\n<p><b>Itt tart\u00f3zkod\u00e1s alatt j\u00f3, ha \u00d6nn\u00e9l van<\/b><span style=\"font-weight: 400\">:<\/span><\/p>\n<ul>\n<li><span style=\"font-weight: 400\">h\u00e1l\u00f3ing \u00e9s\/vagy pizsama<\/span><\/li>\n<li><span style=\"font-weight: 400\">k\u00f6nt\u00f6s<\/span><\/li>\n<li><span style=\"font-weight: 400\">papucs<\/span><\/li>\n<li><span style=\"font-weight: 400\">als\u00f3nem\u0171k, zokni (lehet\u0151leg nem szoros)<\/span><\/li>\n<li><span style=\"font-weight: 400\">t\u00f6r\u00f6lk\u00f6z\u0151k<\/span><\/li>\n<li><span style=\"font-weight: 400\">tiszt\u00e1lkod\u00e1si szerek (fogkefe-fogkr\u00e9m, szappan-tusf\u00fcrd\u0151)<\/span><\/li>\n<li><span style=\"font-weight: 400\">mosdat\u00f3 keszty\u0171 \u00e9s\/vagy mosdat\u00f3szivacs<\/span><\/li>\n<li><b>f\u00e9rfiak<\/b><span style=\"font-weight: 400\">: borotva, borotvahab-zsel\u00e9<\/span><\/li>\n<li><span style=\"font-weight: 400\">b\u00f6gre, ev\u0151eszk\u00f6z (kan\u00e1l, k\u00e9s, villa)<\/span><\/li>\n<li><b>fogprot\u00e9zist visel\u0151 betegek<\/b><span style=\"font-weight: 400\">: olyan poharat, aminek fedele van, \u00a0ha ki kell venni a prot\u00e9zis\u00e9t, azt bele tudja tenni<\/span><\/li>\n<li><b>\u00e9kszereit ne hozza mag\u00e1val<\/b><span style=\"font-weight: 400\">!<\/span><\/li>\n<li><b>az orvosi vizit h\u00e9tk\u00f6znap<\/b><span style=\"font-weight: 400\"> minden reggel <\/span><b>7-kor, h\u00e9tv\u00e9g\u00e9n \u00e9s munkasz\u00fcneti napokon 8:30-kor kezd\u0151dik<\/b><span style=\"font-weight: 400\">. K\u00e9rj\u00fck \u00d6n\u00f6ket, hogy ekkor legyenek az \u00e1gyukn\u00e1l, hogy vizit alkalm\u00e1val el tudj\u00e1k mondani esetleges panaszaikat\/f\u00e1jdalmaikat, ne besz\u00e9lgessenek <\/span><b>mobiltelefonon, a k\u00e9sz\u00fcl\u00e9k legyen lehalk\u00edtva.<\/b><\/li>\n<\/ul>\n<p><b>A l\u00e1togat\u00e1st k\u00e9rj\u00fck mell\u0151zni a zavartalan gy\u00f3gy\u00edt\u00f3 munka \u00e9s betegt\u00e1rsaik pihen\u00e9se \u00e9rdek\u00e9ben<\/b><span style=\"font-weight: 400\">: <\/span><b>reggel 9 \u00f3r\u00e1ig<\/b><span style=\"font-weight: 400\">, <\/span><b>d\u00e9lut\u00e1n<\/b> <b>2-4-ig<\/b> <b>\u00e9s este 7 \u00f3ra ut\u00e1n.<\/b><\/p>\n","protected":false},"excerpt":{"rendered":"<p>Klinik\u00e1nkon 2 oszt\u00e1lyon, \u00f6sszesen 55 \u00e1gyon (ebb\u0151l 6 subintenz\u00edv \u00e1gy) folyik fekv\u0151beteg ell\u00e1t\u00e1s. Nyitott \u00e9s kat\u00e9teres m\u0171t\u00e9ti beavatkoz\u00e1sokat\u00a0\u00e9s hibrid m\u0171t\u00e9teket egyar\u00e1nt nagy sz\u00e1mban v\u00e9gz\u00fcnk. FONTOS INFORM\u00c1CI\u00d3K Az al\u00e1bbi t\u00e1j\u00e9koztat\u00f3 fontos tudnival\u00f3kat tartalmaz a klinik\u00e1nkon t\u00f6rt\u00e9n\u0151 vizsg\u00e1latokkal \u00e9s kezel\u00e9sekkel kapcsolatban. Mennyi id\u0151t t\u00f6lt majd a klinik\u00e1n? Ha m\u0171t\u00e9ti el\u0151vizsg\u00e1latra, altat\u00f3orvosi vizsg\u00e1latra, CT vizsg\u00e1latra j\u00f6n, az egy-k\u00e9t &hellip;<\/p>\n","protected":false},"author":191,"featured_media":0,"parent":262,"menu_order":3,"comment_status":"closed","ping_status":"closed","template":"","meta":{"_acf_changed":false,"footnotes":""},"categories":[],"tags":[],"class_list":["post-298","page","type-page","status-publish","hentry"],"acf":[],"_links":{"self":[{"href":"https:\/\/semmelweis.hu\/ersebeszet\/wp-json\/wp\/v2\/pages\/298","targetHints":{"allow":["GET"]}}],"collection":[{"href":"https:\/\/semmelweis.hu\/ersebeszet\/wp-json\/wp\/v2\/pages"}],"about":[{"href":"https:\/\/semmelweis.hu\/ersebeszet\/wp-json\/wp\/v2\/types\/page"}],"author":[{"embeddable":true,"href":"https:\/\/semmelweis.hu\/ersebeszet\/wp-json\/wp\/v2\/users\/191"}],"replies":[{"embeddable":true,"href":"https:\/\/semmelweis.hu\/ersebeszet\/wp-json\/wp\/v2\/comments?post=298"}],"version-history":[{"count":6,"href":"https:\/\/semmelweis.hu\/ersebeszet\/wp-json\/wp\/v2\/pages\/298\/revisions"}],"predecessor-version":[{"id":596,"href":"https:\/\/semmelweis.hu\/ersebeszet\/wp-json\/wp\/v2\/pages\/298\/revisions\/596"}],"up":[{"embeddable":true,"href":"https:\/\/semmelweis.hu\/ersebeszet\/wp-json\/wp\/v2\/pages\/262"}],"wp:attachment":[{"href":"https:\/\/semmelweis.hu\/ersebeszet\/wp-json\/wp\/v2\/media?parent=298"}],"wp:term":[{"taxonomy":"category","embeddable":true,"href":"https:\/\/semmelweis.hu\/ersebeszet\/wp-json\/wp\/v2\/categories?post=298"},{"taxonomy":"post_tag","embeddable":true,"href":"https:\/\/semmelweis.hu\/ersebeszet\/wp-json\/wp\/v2\/tags?post=298"}],"curies":[{"name":"wp","href":"https:\/\/api.w.org\/{rel}","templated":true}]}}

Fekvőbeteg ellátás

<p>Klinikánkon 2 osztályon, összesen 55 ágyon (ebből 6 subintenzív ágy) folyik fekvőbeteg ellátás. Nyitott és katéteres műtéti beavatkozásokat és hibrid műtéteket egyaránt nagy számban végzünk.</p>
<p><span style="font-size: 18pt"><strong>FONTOS INFORMÁCIÓK</strong></span></p>
<p><b>Az alábbi tájékoztató fontos tudnivalókat tartalmaz a klinikánkon történő vizsgálatokkal és kezelésekkel kapcsolatban.</b></p>
<p><b>Mennyi időt tölt majd a klinikán?</b></p>
<ul>
<li><span style="font-weight: 400">Ha műtéti elővizsgálatra, altatóorvosi vizsgálatra, CT vizsgálatra jön, az egy-két órát, de akár egy fél napos itt tartózkodást is jelenthet az ön számára!</span></li>
<li><span style="font-weight: 400">Ha Ön érfestésre jön, az egy napos (reggeltől- késő délutánig, estig), esetenként akár másnap reggelig itt tartózkodást jelenthet az ön számára!</span></li>
</ul>
<p><b>Kérjük, minden esetben hozza magával:</b></p>
<ul>
<li><span style="font-weight: 400">a szedett </span><b>gyógyszereinek listáját</b><span style="font-weight: 400">, amin szerepel a gyógyszerek neve, adagja (hány milligramm) és hányszor szedi naponta.</span></li>
<li><span style="font-weight: 400">Fontos, hogy tudja (legyen felírva!) a </span><b>saját és a hozzátartozója</b> <b>telefonszáma!</b></li>
<li><b>Korábbi dokumentumait, zárójelentéseit, CT, MR és egyéb vizsgálatainak eredményét, </b><span style="font-weight: 400">amelyek nem a klinikán készültek.</span></li>
<li><b>TAJ kártyáját </b><span style="font-weight: 400">és</span><b> személyi igazolványát</b></li>
</ul>
<p><b>Műtét reggelén ne adjon be magának semmilyen gyógyszert megbeszélés nélkül!</b><span style="font-weight: 400"> Csak azt kaphatja meg, amit kezelőorvosa előírt a nővérnek.</span></p>
<p><b>Milyen gyógyszereket hozzon magával </b><b>minden esetben</b><span style="font-weight: 400"> (vizsgálat, katéteres beavatkozás, műtét):</span></p>
<ul>
<li><span style="font-weight: 400">légzőszervi betegség (asztma, COPD) &#8211; </span><b>inhalációs készülékét</b></li>
<li><span style="font-weight: 400">glaukóma (zöld hályog), egyéb szembetegség &#8211; </span><b>szemcseppet</b></li>
<li><span style="font-weight: 400">cukorbeteg –</span><b> inzulint </b><span style="font-weight: 400">(fontos, hogy tudja a szükséges adagokat)</span></li>
<li><b>pszichiátriai </b><span style="font-weight: 400">betegség – </span><b>emiatt szedett gyógyszerei</b></li>
</ul>
<p><b>Érfestés esetén</b><b>:</b></p>
<ul>
<li><span style="font-weight: 400">A vizsgálat napján reggel ne adja be magának az inzulint.</span></li>
<li><b>Sok folyadékot igyon egész nap!</b></li>
<li><span style="font-weight: 400">Ha </span><b>cukorbetegség</b><span style="font-weight: 400"> miatt</span><b> metformin </b><span style="font-weight: 400">típusú antidiabetikumot szed, akkor azt a vizsgálatot megelőző 2 napon, a vizsgálat napján, és az azt követő 2 napon hagyja ki. (Adimet, Eucreas, Janumet, Jentadueto, Komboglyze, Meforal, Mercformin, Metfogamma, Metformin, Mylmet, Synajardy, Velmetia, Vipdomet, Xigduo)</span></li>
</ul>
<p><b>Ha Ön egy napos beavatkozásra jön pl. értágításra (PTA) vagy visszérműtétre, akkor a következő dolgokat hozza magával:</b></p>
<ul>
<li><span style="font-weight: 400">hálóing és/vagy pizsama</span></li>
<li><span style="font-weight: 400">köntös</span></li>
<li><span style="font-weight: 400">papucs</span></li>
<li><span style="font-weight: 400">alsóneműk, zokni (lehetőleg ne szoros)</span></li>
<li><span style="font-weight: 400">törölköző/k</span></li>
<li><span style="font-weight: 400">tisztálkodási szerek (fogkefe-fogkrém, szappan-tusfürdő)</span></li>
<li><span style="font-weight: 400">bögre, evőeszköz (kanál, kés, villa)</span></li>
</ul>
<p><b>Itt tartózkodás alatt jó, ha Önnél van</b><span style="font-weight: 400">:</span></p>
<ul>
<li><span style="font-weight: 400">hálóing és/vagy pizsama</span></li>
<li><span style="font-weight: 400">köntös</span></li>
<li><span style="font-weight: 400">papucs</span></li>
<li><span style="font-weight: 400">alsóneműk, zokni (lehetőleg nem szoros)</span></li>
<li><span style="font-weight: 400">törölközők</span></li>
<li><span style="font-weight: 400">tisztálkodási szerek (fogkefe-fogkrém, szappan-tusfürdő)</span></li>
<li><span style="font-weight: 400">mosdató kesztyű és/vagy mosdatószivacs</span></li>
<li><b>férfiak</b><span style="font-weight: 400">: borotva, borotvahab-zselé</span></li>
<li><span style="font-weight: 400">bögre, evőeszköz (kanál, kés, villa)</span></li>
<li><b>fogprotézist viselő betegek</b><span style="font-weight: 400">: olyan poharat, aminek fedele van,  ha ki kell venni a protézisét, azt bele tudja tenni</span></li>
<li><b>ékszereit ne hozza magával</b><span style="font-weight: 400">!</span></li>
<li><b>az orvosi vizit hétköznap</b><span style="font-weight: 400"> minden reggel </span><b>7-kor, hétvégén és munkaszüneti napokon 8:30-kor kezdődik</b><span style="font-weight: 400">. Kérjük Önöket, hogy ekkor legyenek az ágyuknál, hogy vizit alkalmával el tudják mondani esetleges panaszaikat/fájdalmaikat, ne beszélgessenek </span><b>mobiltelefonon, a készülék legyen lehalkítva.</b></li>
</ul>
<p><b>A látogatást kérjük mellőzni a zavartalan gyógyító munka és betegtársaik pihenése érdekében</b><span style="font-weight: 400">: </span><b>reggel 9 óráig</b><span style="font-weight: 400">, </span><b>délután</b> <b>2-4-ig</b> <b>és este 7 óra után.</b></p>

<p>Klinikánkon 2 osztályon, összesen 55 ágyon (ebből 6 subintenzív ágy) folyik fekvőbeteg ellátás. Nyitott és katéteres műtéti beavatkozásokat és hibrid műtéteket egyaránt nagy számban végzünk. FONTOS INFORMÁCIÓK Az alábbi tájékoztató fontos tudnivalókat tartalmaz a klinikánkon történő vizsgálatokkal és kezelésekkel kapcsolatban. Mennyi időt tölt majd a klinikán? Ha műtéti elővizsgálatra, altatóorvosi vizsgálatra, CT vizsgálatra jön, az egy-két &hellip;</p>
