{"id":278,"date":"2018-11-17T18:33:14","date_gmt":"2018-11-17T17:33:14","guid":{"rendered":"http:\/\/semmelweis.hu\/ersebeszet\/?page_id=278"},"modified":"2020-11-13T14:21:50","modified_gmt":"2020-11-13T13:21:50","slug":"szakdolgozat","status":"publish","type":"page","link":"https:\/\/semmelweis.hu\/ersebeszet\/oktatas\/szakdolgozat\/","title":{"rendered":"Szakdolgozat"},"content":{"rendered":"<p style=\"text-align: justify\">A szakdolgozat \u00edr\u00e1s\u00e1ra alkalmas t\u00e9m\u00e1kr\u00f3l, azok konzulenseir\u0151l a tansz\u00e9kvezet\u0151 k\u00f6z\u00f6sen d\u00f6nt az \u00c9rseb\u00e9szeti Tansz\u00e9k oktat\u00f3ival. A szakdolgozatok t\u00e9m\u00e1it a tansz\u00e9k az egyetem \u00e1ltal meghat\u00e1rozott id\u0151pontig eljuttatja a D\u00e9k\u00e1ni Hivatal fel\u00e9. Az egyes t\u00e9m\u00e1kra a hallgat\u00f3k az igazgat\u00f3i titk\u00e1rs\u00e1g e-mail c\u00edm\u00e9n kereszt\u00fcl, tov\u00e1bb\u00e1 az egyes t\u00e9mavezet\u0151kkel val\u00f3 szem\u00e9lyes, telefonos vagy \u00edr\u00e1sos kapcsolatfelv\u00e9tel form\u00e1j\u00e1ban jelentkezhetnek. A hallgat\u00f3k a konzulensekkel egyeztetnek feladataikr\u00f3l, illetve a konzult\u00e1ci\u00f3s id\u0151pontokr\u00f3l. A szakdolgozatot az egyetemi szab\u00e1lyzatnak megfelel\u0151en opponensnek adj\u00e1k ki el\u0151zetes b\u00edr\u00e1latra, majd alkalmass\u00e1ga eset\u00e9n v\u00e9d\u00e9sre bocs\u00e1tj\u00e1k. A szakdolgozat opponenshez juttat\u00e1sa, v\u00e9d\u00e9s\u00e9nek megszervez\u00e9se a tansz\u00e9kvezet\u0151 feladata.<\/p>\n<p><a href=\"https:\/\/semmelweis.hu\/aok\/oktatas\/szakdolgozat\/\">\u00c1ltal\u00e1nos kari inform\u00e1ci\u00f3k<\/a><\/p>\n","protected":false},"excerpt":{"rendered":"<p>A szakdolgozat \u00edr\u00e1s\u00e1ra alkalmas t\u00e9m\u00e1kr\u00f3l, azok konzulenseir\u0151l a tansz\u00e9kvezet\u0151 k\u00f6z\u00f6sen d\u00f6nt az \u00c9rseb\u00e9szeti Tansz\u00e9k oktat\u00f3ival. A szakdolgozatok t\u00e9m\u00e1it a tansz\u00e9k az egyetem \u00e1ltal meghat\u00e1rozott id\u0151pontig eljuttatja a D\u00e9k\u00e1ni Hivatal fel\u00e9. Az egyes t\u00e9m\u00e1kra a hallgat\u00f3k az igazgat\u00f3i titk\u00e1rs\u00e1g e-mail c\u00edm\u00e9n kereszt\u00fcl, tov\u00e1bb\u00e1 az egyes t\u00e9mavezet\u0151kkel val\u00f3 szem\u00e9lyes, telefonos vagy \u00edr\u00e1sos kapcsolatfelv\u00e9tel form\u00e1j\u00e1ban jelentkezhetnek. A hallgat\u00f3k &hellip;<\/p>\n","protected":false},"author":191,"featured_media":0,"parent":41,"menu_order":8,"comment_status":"closed","ping_status":"closed","template":"","meta":{"_acf_changed":false,"footnotes":""},"categories":[],"tags":[],"class_list":["post-278","page","type-page","status-publish","hentry"],"acf":[],"_links":{"self":[{"href":"https:\/\/semmelweis.hu\/ersebeszet\/wp-json\/wp\/v2\/pages\/278","targetHints":{"allow":["GET"]}}],"collection":[{"href":"https:\/\/semmelweis.hu\/ersebeszet\/wp-json\/wp\/v2\/pages"}],"about":[{"href":"https:\/\/semmelweis.hu\/ersebeszet\/wp-json\/wp\/v2\/types\/page"}],"author":[{"embeddable":true,"href":"https:\/\/semmelweis.hu\/ersebeszet\/wp-json\/wp\/v2\/users\/191"}],"replies":[{"embeddable":true,"href":"https:\/\/semmelweis.hu\/ersebeszet\/wp-json\/wp\/v2\/comments?post=278"}],"version-history":[{"count":9,"href":"https:\/\/semmelweis.hu\/ersebeszet\/wp-json\/wp\/v2\/pages\/278\/revisions"}],"predecessor-version":[{"id":639,"href":"https:\/\/semmelweis.hu\/ersebeszet\/wp-json\/wp\/v2\/pages\/278\/revisions\/639"}],"up":[{"embeddable":true,"href":"https:\/\/semmelweis.hu\/ersebeszet\/wp-json\/wp\/v2\/pages\/41"}],"wp:attachment":[{"href":"https:\/\/semmelweis.hu\/ersebeszet\/wp-json\/wp\/v2\/media?parent=278"}],"wp:term":[{"taxonomy":"category","embeddable":true,"href":"https:\/\/semmelweis.hu\/ersebeszet\/wp-json\/wp\/v2\/categories?post=278"},{"taxonomy":"post_tag","embeddable":true,"href":"https:\/\/semmelweis.hu\/ersebeszet\/wp-json\/wp\/v2\/tags?post=278"}],"curies":[{"name":"wp","href":"https:\/\/api.w.org\/{rel}","templated":true}]}}

<p style="text-align: justify">A szakdolgozat írására alkalmas témákról, azok konzulenseiről a tanszékvezető közösen dönt az Érsebészeti Tanszék oktatóival. A szakdolgozatok témáit a tanszék az egyetem által meghatározott időpontig eljuttatja a Dékáni Hivatal felé. Az egyes témákra a hallgatók az igazgatói titkárság e-mail címén keresztül, továbbá az egyes témavezetőkkel való személyes, telefonos vagy írásos kapcsolatfelvétel formájában jelentkezhetnek. A hallgatók a konzulensekkel egyeztetnek feladataikról, illetve a konzultációs időpontokról. A szakdolgozatot az egyetemi szabályzatnak megfelelően opponensnek adják ki előzetes bírálatra, majd alkalmassága esetén védésre bocsátják. A szakdolgozat opponenshez juttatása, védésének megszervezése a tanszékvezető feladata.</p>
<p><a href="https://semmelweis.hu/aok/oktatas/szakdolgozat/">Általános kari információk</a></p>

<p>A szakdolgozat írására alkalmas témákról, azok konzulenseiről a tanszékvezető közösen dönt az Érsebészeti Tanszék oktatóival. A szakdolgozatok témáit a tanszék az egyetem által meghatározott időpontig eljuttatja a Dékáni Hivatal felé. Az egyes témákra a hallgatók az igazgatói titkárság e-mail címén keresztül, továbbá az egyes témavezetőkkel való személyes, telefonos vagy írásos kapcsolatfelvétel formájában jelentkezhetnek. A hallgatók &hellip;</p>
