{"id":269,"date":"2018-11-17T18:22:22","date_gmt":"2018-11-17T17:22:22","guid":{"rendered":"http:\/\/semmelweis.hu\/ersebeszet\/?page_id=269"},"modified":"2020-11-13T12:18:41","modified_gmt":"2020-11-13T11:18:41","slug":"teruleti-ellatas","status":"publish","type":"page","link":"https:\/\/semmelweis.hu\/ersebeszet\/betegellatas\/teruleti-ellatas\/","title":{"rendered":"Ter\u00fcleti ell\u00e1t\u00e1s"},"content":{"rendered":"<p>Klinik\u00e1nk a ter\u00fcleti ell\u00e1t\u00e1si k\u00f6telezetts\u00e9g\u00e9nek megfelel\u0151en fogad fekv\u0151beteg ell\u00e1t\u00e1sra betegeket.<\/p>\n<p><a href=\"https:\/\/semmelweis.hu\/ersebeszet\/files\/2020\/10\/Ter\u00fcleti-ell\u00e1t\u00e1s.pdf\">Ter\u00fcleti ell\u00e1t\u00e1s<\/a><\/p>\n<div>\u00a0<\/div>\n<div>\u00a0<\/div>\n","protected":false},"excerpt":{"rendered":"<p>Klinik\u00e1nk a ter\u00fcleti ell\u00e1t\u00e1si k\u00f6telezetts\u00e9g\u00e9nek megfelel\u0151en fogad fekv\u0151beteg ell\u00e1t\u00e1sra betegeket.<br \/>\n<a href=\"https:\/\/semmelweis.hu\/ersebeszet\/files\/2020\/10\/Ter\u00fcleti-ell\u00e1t\u00e1s.pdf\">Ter\u00fcleti ell\u00e1t\u00e1s<\/a><br \/>\n\u00a0<br \/>\n\u00a0<\/p>\n","protected":false},"author":191,"featured_media":0,"parent":262,"menu_order":4,"comment_status":"closed","ping_status":"closed","template":"","meta":{"_acf_changed":false,"footnotes":""},"categories":[],"tags":[],"class_list":["post-269","page","type-page","status-publish","hentry"],"acf":[],"_links":{"self":[{"href":"https:\/\/semmelweis.hu\/ersebeszet\/wp-json\/wp\/v2\/pages\/269","targetHints":{"allow":["GET"]}}],"collection":[{"href":"https:\/\/semmelweis.hu\/ersebeszet\/wp-json\/wp\/v2\/pages"}],"about":[{"href":"https:\/\/semmelweis.hu\/ersebeszet\/wp-json\/wp\/v2\/types\/page"}],"author":[{"embeddable":true,"href":"https:\/\/semmelweis.hu\/ersebeszet\/wp-json\/wp\/v2\/users\/191"}],"replies":[{"embeddable":true,"href":"https:\/\/semmelweis.hu\/ersebeszet\/wp-json\/wp\/v2\/comments?post=269"}],"version-history":[{"count":6,"href":"https:\/\/semmelweis.hu\/ersebeszet\/wp-json\/wp\/v2\/pages\/269\/revisions"}],"predecessor-version":[{"id":495,"href":"https:\/\/semmelweis.hu\/ersebeszet\/wp-json\/wp\/v2\/pages\/269\/revisions\/495"}],"up":[{"embeddable":true,"href":"https:\/\/semmelweis.hu\/ersebeszet\/wp-json\/wp\/v2\/pages\/262"}],"wp:attachment":[{"href":"https:\/\/semmelweis.hu\/ersebeszet\/wp-json\/wp\/v2\/media?parent=269"}],"wp:term":[{"taxonomy":"category","embeddable":true,"href":"https:\/\/semmelweis.hu\/ersebeszet\/wp-json\/wp\/v2\/categories?post=269"},{"taxonomy":"post_tag","embeddable":true,"href":"https:\/\/semmelweis.hu\/ersebeszet\/wp-json\/wp\/v2\/tags?post=269"}],"curies":[{"name":"wp","href":"https:\/\/api.w.org\/{rel}","templated":true}]}}