{"id":253,"date":"2018-11-17T17:37:21","date_gmt":"2018-11-17T16:37:21","guid":{"rendered":"http:\/\/semmelweis.hu\/ersebeszet\/?page_id=253"},"modified":"2025-01-23T16:02:34","modified_gmt":"2025-01-23T15:02:34","slug":"munkatarsak","status":"publish","type":"page","link":"https:\/\/semmelweis.hu\/ersebeszet\/magunkrol\/munkatarsak\/","title":{"rendered":"Munkat\u00e1rsaink"},"content":{"rendered":"<h5>Tansz\u00e9kvezet\u0151:<\/h5>\n<p><a href=\"https:\/\/semmelweis.hu\/ersebeszet\/sotonyi-peter\/\">Dr. S\u00f3tonyi P\u00e9ter<\/a><br \/>\negyetemi tan\u00e1r\u00a0\u00a0<\/p>\n<h5>Tansz\u00e9kvezet\u0151-helyettes:<\/h5>\n<p>Dr. Szeberin Zolt\u00e1n <br \/>\negyetemi tan\u00e1r\u00a0<\/p>\n<h5>Professor emeritus:<\/h5>\n<p>Dr. Acs\u00e1dy Gy\u00f6rgy<\/p>\n<h5>Egyetemi docens:<\/h5>\n<p>Dr. Szab\u00f3 G\u00e1bor<\/p>\n<h5>Egyetemi adjunktus:<\/h5>\n<p>Dr. Banga P\u00e9ter\u00a0\u00a0<br \/>\nDr. Garbaisz D\u00e1vid<br \/>\nDr. Mih\u00e1ly Zsuzsanna<\/p>\n<h5>Egyetemi tan\u00e1rseg\u00e9d:<\/h5>\n<p>Dr. Hidi L\u00e1szl\u00f3 &#8211; tanulm\u00e1nyi felel\u0151s<br \/>\nDr. Legeza P\u00e9ter<\/p>\n<h5>Mesteroktat\u00f3:<\/h5>\n<p>Dr. Berencsi Anik\u00f3<br \/>\nDr. Nagy Zsuzsa<br \/>\nDr. Ol\u00e1h Zolt\u00e1n<\/p>\n<h5>Klinikai f\u0151orvos:<\/h5>\n<p>Dr. Krist\u00f3f\u00a0 Vera<\/p>\n<h5>Klinikai szakorvos:<\/h5>\n<p>Dr. Somodi-Juh\u00e1sz Vikt\u00f3ria<br \/>\nDr. P\u00e1l D\u00e1niel<\/p>\n<h5>Rezidens:<\/h5>\n<p>Dr. Domonkos Lilla<br \/>\nDr. Gyurok Gerg\u0151<br \/>\nDr. Kov\u00e1cs Tam\u00e1s<br \/>\nDr. Lengyel Bal\u00e1zs<br \/>\nDr. Ocskay Zsombor<br \/>\nDr. Osztrogon\u00e1cz P\u00e9ter<br \/>\nDr. Zatyk\u00f3 D\u00f3ra Zo\u00e9<\/p>\n<h5>PhD-hallgat\u00f3:<\/h5>\n<p>Dr. Czinege Zs\u00f3fia<br \/>\n\u00a0Dr. Kov\u00e1cs Gergely Imre<\/p>\n<h5>Titk\u00e1rs\u00e1g:<\/h5>\n<p><a href=\"mailto:halasz.klaudia.krisztina@semmelweis.hu\">Hal\u00e1sz Claudia<\/a><br \/>\ntitk\u00e1rs\u00e1gvezet\u0151+36 1 458 6795<\/p>\n","protected":false},"excerpt":{"rendered":"<p>Tansz\u00e9kvezet\u0151: <a href=\"https:\/\/semmelweis.hu\/ersebeszet\/sotonyi-peter\/\">Dr. S\u00f3tonyi P\u00e9ter<\/a> egyetemi tan\u00e1r\u00a0\u00a0 Tansz\u00e9kvezet\u0151-helyettes: Dr. Szeberin Zolt\u00e1n egyetemi tan\u00e1r\u00a0 Professor emeritus: Dr. Acs\u00e1dy Gy\u00f6rgy Egyetemi docens: Dr. Szab\u00f3 G\u00e1bor Egyetemi adjunktus: Dr. Banga P\u00e9ter\u00a0\u00a0 Dr. Garbaisz D\u00e1vid Dr. Mih\u00e1ly Zsuzsanna Egyetemi tan\u00e1rseg\u00e9d: Dr. Hidi L\u00e1szl\u00f3 &#8211; tanulm\u00e1nyi felel\u0151s Dr. Legeza P\u00e9ter Mesteroktat\u00f3: Dr. Berencsi Anik\u00f3 Dr. Nagy Zsuzsa Dr. Ol\u00e1h Zolt\u00e1n Klinikai f\u0151orvos: Dr. Krist\u00f3f\u00a0 &hellip;<\/p>\n","protected":false},"author":191,"featured_media":0,"parent":246,"menu_order":3,"comment_status":"closed","ping_status":"closed","template":"","meta":{"_acf_changed":false,"footnotes":""},"categories":[],"tags":[],"class_list":["post-253","page","type-page","status-publish","hentry"],"acf":[],"_links":{"self":[{"href":"https:\/\/semmelweis.hu\/ersebeszet\/wp-json\/wp\/v2\/pages\/253","targetHints":{"allow":["GET"]}}],"collection":[{"href":"https:\/\/semmelweis.hu\/ersebeszet\/wp-json\/wp\/v2\/pages"}],"about":[{"href":"https:\/\/semmelweis.hu\/ersebeszet\/wp-json\/wp\/v2\/types\/page"}],"author":[{"embeddable":true,"href":"https:\/\/semmelweis.hu\/ersebeszet\/wp-json\/wp\/v2\/users\/191"}],"replies":[{"embeddable":true,"href":"https:\/\/semmelweis.hu\/ersebeszet\/wp-json\/wp\/v2\/comments?post=253"}],"version-history":[{"count":11,"href":"https:\/\/semmelweis.hu\/ersebeszet\/wp-json\/wp\/v2\/pages\/253\/revisions"}],"predecessor-version":[{"id":1002,"href":"https:\/\/semmelweis.hu\/ersebeszet\/wp-json\/wp\/v2\/pages\/253\/revisions\/1002"}],"up":[{"embeddable":true,"href":"https:\/\/semmelweis.hu\/ersebeszet\/wp-json\/wp\/v2\/pages\/246"}],"wp:attachment":[{"href":"https:\/\/semmelweis.hu\/ersebeszet\/wp-json\/wp\/v2\/media?parent=253"}],"wp:term":[{"taxonomy":"category","embeddable":true,"href":"https:\/\/semmelweis.hu\/ersebeszet\/wp-json\/wp\/v2\/categories?post=253"},{"taxonomy":"post_tag","embeddable":true,"href":"https:\/\/semmelweis.hu\/ersebeszet\/wp-json\/wp\/v2\/tags?post=253"}],"curies":[{"name":"wp","href":"https:\/\/api.w.org\/{rel}","templated":true}]}}

Munkatársaink

<h5>Tanszékvezető:</h5>
<p><a href="https://semmelweis.hu/ersebeszet/sotonyi-peter/">Dr. Sótonyi Péter</a><br />
egyetemi tanár  </p>
<h5>Tanszékvezető-helyettes:</h5>
<p>Dr. Szeberin Zoltán <br />
egyetemi tanár </p>
<h5>Professor emeritus:</h5>
<p>Dr. Acsády György</p>
<h5>Egyetemi docens:</h5>
<p>Dr. Szabó Gábor</p>
<h5>Egyetemi adjunktus:</h5>
<p>Dr. Banga Péter  <br />
Dr. Garbaisz Dávid<br />
Dr. Mihály Zsuzsanna</p>
<h5>Egyetemi tanársegéd:</h5>
<p>Dr. Hidi László &#8211; tanulmányi felelős<br />
Dr. Legeza Péter</p>
<h5>Mesteroktató:</h5>
<p>Dr. Berencsi Anikó<br />
Dr. Nagy Zsuzsa<br />
Dr. Oláh Zoltán</p>
<h5>Klinikai főorvos:</h5>
<p>Dr. Kristóf  Vera</p>
<h5>Klinikai szakorvos:</h5>
<p>Dr. Somodi-Juhász Viktória<br />
Dr. Pál Dániel</p>
<h5>Rezidens:</h5>
<p>Dr. Domonkos Lilla<br />
Dr. Gyurok Gergő<br />
Dr. Kovács Tamás<br />
Dr. Lengyel Balázs<br />
Dr. Ocskay Zsombor<br />
Dr. Osztrogonácz Péter<br />
Dr. Zatykó Dóra Zoé</p>
<h5>PhD-hallgató:</h5>
<p>Dr. Czinege Zsófia<br />
 Dr. Kovács Gergely Imre</p>
<h5>Titkárság:</h5>
<p><a href="mailto:halasz.klaudia.krisztina@semmelweis.hu">Halász Claudia</a><br />
titkárságvezető+36 1 458 6795</p>

<p>Tanszékvezető: <a href="https://semmelweis.hu/ersebeszet/sotonyi-peter/">Dr. Sótonyi Péter</a> egyetemi tanár   Tanszékvezető-helyettes: Dr. Szeberin Zoltán egyetemi tanár  Professor emeritus: Dr. Acsády György Egyetemi docens: Dr. Szabó Gábor Egyetemi adjunktus: Dr. Banga Péter   Dr. Garbaisz Dávid Dr. Mihály Zsuzsanna Egyetemi tanársegéd: Dr. Hidi László &#8211; tanulmányi felelős Dr. Legeza Péter Mesteroktató: Dr. Berencsi Anikó Dr. Nagy Zsuzsa Dr. Oláh Zoltán Klinikai főorvos: Dr. Kristóf  &hellip;</p>
