{"id":10,"date":"2012-01-19T16:10:36","date_gmt":"2012-01-19T15:10:36","guid":{"rendered":"http:\/\/semmelweis-egyetem.hu\/ersebeszet\/?page_id=10"},"modified":"2020-11-13T12:05:12","modified_gmt":"2020-11-13T11:05:12","slug":"kapcsolat","status":"publish","type":"page","link":"https:\/\/semmelweis.hu\/ersebeszet\/kapcsolat\/","title":{"rendered":"Kapcsolat"},"content":{"rendered":"<p>C\u00edm: <strong>1122 Budapest, V\u00e1rosmajor utca 68.<\/strong><\/p>\n<p><strong>TELEFONOS EL\u00c9RHET\u0150S\u00c9GEINK:<\/strong><\/p>\n<ul>\n<li><strong>Betegel\u0151jegyz\u00e9s:<\/strong> +36 1 458 6800<\/li>\n<li><strong>Porta:<\/strong> +36 1 458 6700<\/li>\n<li><strong>1. emeleti \u00e9rseb\u00e9szeti oszt\u00e1ly, n\u0151v\u00e9rpult<\/strong> +36 1 458 6709<\/li>\n<li><strong>2. emeleti \u00e9rseb\u00e9szeti oszt\u00e1ly, n\u0151v\u00e9rpult<\/strong> +36 1 458 6708<\/li>\n<\/ul>\n<p><strong>Parkol\u00e1s:<\/strong> a klinika el\u0151tt fizet\u0151s parkol\u00e1sra van lehet\u0151s\u00e9g.<\/p>\n<p><strong>T\u00f6megk\u00f6zleked\u00e9s:<\/strong> a Sz\u00e9ll K\u00e1lm\u00e1n t\u00e9rr\u0151l a 128-as vagy 129-es buszokkal a Temes utcai meg\u00e1ll\u00f3ig.<\/p>\n\n<!-- iframe plugin v.4.9 wordpress.org\/plugins\/iframe\/ -->\n<iframe loading=\"lazy\" style=\"border:2px solid black;\" src=\"https:\/\/www.google.com\/maps\/embed?pb=!1m18!1m12!1m3!1d2695.1103065859393!2d19.011970315627114!3d47.5072429791782!2m3!1f0!2f0!3f0!3m2!1i1024!2i768!4f13.1!3m3!1m2!1s0x4741dea2c5864345%3A0xecb725d2b4482839!2sBudapest%2C%20V%C3%A1rosmajor%20u.%2068%2C%201122!5e0!3m2!1shu!2shu!4v1570198094495!5m2!1shu!2shu\" width=\"100%\" height=\"450\" frameborder=\"0\" allowfullscreen=\"allowfullscreen\" scrolling=\"yes\" class=\"iframe-class\"><\/iframe>\n\n","protected":false},"excerpt":{"rendered":"<p>C\u00edm: 1122 Budapest, V\u00e1rosmajor utca 68. TELEFONOS EL\u00c9RHET\u0150S\u00c9GEINK: Betegel\u0151jegyz\u00e9s: +36 1 458 6800 Porta: +36 1 458 6700 1. emeleti \u00e9rseb\u00e9szeti oszt\u00e1ly, n\u0151v\u00e9rpult +36 1 458 6709 2. emeleti \u00e9rseb\u00e9szeti oszt\u00e1ly, n\u0151v\u00e9rpult +36 1 458 6708 Parkol\u00e1s: a klinika el\u0151tt fizet\u0151s parkol\u00e1sra van lehet\u0151s\u00e9g. T\u00f6megk\u00f6zleked\u00e9s: a Sz\u00e9ll K\u00e1lm\u00e1n t\u00e9rr\u0151l a 128-as vagy 129-es buszokkal a &hellip;<\/p>\n","protected":false},"author":191,"featured_media":0,"parent":0,"menu_order":6,"comment_status":"closed","ping_status":"closed","template":"","meta":{"_acf_changed":false,"footnotes":""},"categories":[],"tags":[],"class_list":["post-10","page","type-page","status-publish","hentry"],"acf":[],"_links":{"self":[{"href":"https:\/\/semmelweis.hu\/ersebeszet\/wp-json\/wp\/v2\/pages\/10","targetHints":{"allow":["GET"]}}],"collection":[{"href":"https:\/\/semmelweis.hu\/ersebeszet\/wp-json\/wp\/v2\/pages"}],"about":[{"href":"https:\/\/semmelweis.hu\/ersebeszet\/wp-json\/wp\/v2\/types\/page"}],"author":[{"embeddable":true,"href":"https:\/\/semmelweis.hu\/ersebeszet\/wp-json\/wp\/v2\/users\/191"}],"replies":[{"embeddable":true,"href":"https:\/\/semmelweis.hu\/ersebeszet\/wp-json\/wp\/v2\/comments?post=10"}],"version-history":[{"count":10,"href":"https:\/\/semmelweis.hu\/ersebeszet\/wp-json\/wp\/v2\/pages\/10\/revisions"}],"predecessor-version":[{"id":601,"href":"https:\/\/semmelweis.hu\/ersebeszet\/wp-json\/wp\/v2\/pages\/10\/revisions\/601"}],"wp:attachment":[{"href":"https:\/\/semmelweis.hu\/ersebeszet\/wp-json\/wp\/v2\/media?parent=10"}],"wp:term":[{"taxonomy":"category","embeddable":true,"href":"https:\/\/semmelweis.hu\/ersebeszet\/wp-json\/wp\/v2\/categories?post=10"},{"taxonomy":"post_tag","embeddable":true,"href":"https:\/\/semmelweis.hu\/ersebeszet\/wp-json\/wp\/v2\/tags?post=10"}],"curies":[{"name":"wp","href":"https:\/\/api.w.org\/{rel}","templated":true}]}}

<p>Cím: <strong>1122 Budapest, Városmajor utca 68.</strong></p>
<p><strong>TELEFONOS ELÉRHETŐSÉGEINK:</strong></p>
<ul>
<li><strong>Betegelőjegyzés:</strong> +36 1 458 6800</li>
<li><strong>Porta:</strong> +36 1 458 6700</li>
<li><strong>1. emeleti érsebészeti osztály, nővérpult</strong> +36 1 458 6709</li>
<li><strong>2. emeleti érsebészeti osztály, nővérpult</strong> +36 1 458 6708</li>
</ul>
<p><strong>Parkolás:</strong> a klinika előtt fizetős parkolásra van lehetőség.</p>
<p><strong>Tömegközlekedés:</strong> a Széll Kálmán térről a 128-as vagy 129-es buszokkal a Temes utcai megállóig.</p>

<!-- iframe plugin v.4.9 wordpress.org/plugins/iframe/ -->
<iframe loading="lazy" style="border:2px solid black;" src="https://www.google.com/maps/embed?pb=!1m18!1m12!1m3!1d2695.1103065859393!2d19.011970315627114!3d47.5072429791782!2m3!1f0!2f0!3f0!3m2!1i1024!2i768!4f13.1!3m3!1m2!1s0x4741dea2c5864345%3A0xecb725d2b4482839!2sBudapest%2C%20V%C3%A1rosmajor%20u.%2068%2C%201122!5e0!3m2!1shu!2shu!4v1570198094495!5m2!1shu!2shu" width="100%" height="450" frameborder="0" allowfullscreen="allowfullscreen" scrolling="yes" class="iframe-class"></iframe>

<p>Cím: 1122 Budapest, Városmajor utca 68. TELEFONOS ELÉRHETŐSÉGEINK: Betegelőjegyzés: +36 1 458 6800 Porta: +36 1 458 6700 1. emeleti érsebészeti osztály, nővérpult +36 1 458 6709 2. emeleti érsebészeti osztály, nővérpult +36 1 458 6708 Parkolás: a klinika előtt fizetős parkolásra van lehetőség. Tömegközlekedés: a Széll Kálmán térről a 128-as vagy 129-es buszokkal a &hellip;</p>
