{"id":521,"date":"2013-11-28T19:15:47","date_gmt":"2013-11-28T18:15:47","guid":{"rendered":"http:\/\/semmelweis.hu\/eok\/?page_id=521"},"modified":"2024-05-07T12:21:45","modified_gmt":"2024-05-07T10:21:45","slug":"beznak-aladar-terem","status":"publish","type":"page","link":"https:\/\/semmelweis.hu\/eok\/hu\/rendezvenyek\/eszkozpark\/beznak-aladar-terem\/","title":{"rendered":"Bezn\u00e1k Alad\u00e1r terem"},"content":{"rendered":"<p style=\"text-align: justify\"><strong>Befogad\u00f3k\u00e9pess\u00e9g:<\/strong> 80 f\u0151 (76 m<sup>2<\/sup>)<br \/>\n<strong>Elrendez\u00e9s:<\/strong> r\u00f6gz\u00edtett, iskolai sz\u00e9ksor<\/p>\n<p style=\"text-align: justify\"><strong>Vet\u00edt\u00e9s, el\u0151ad\u00e1s:<br \/>\n<\/strong>A vet\u00edtett k\u00e9p alapfelbont\u00e1sa:\u00a0 1920 x 1080 (16:9-es k\u00e9par\u00e1ny)<strong><br \/>\n<\/strong>1 db EPSON EB-L610U t\u00edpus\u00fa projektor (k\u00f6z\u00e9pen) (vet\u00edtett k\u00e9p m\u00e9rete: ~ 110 x 170 cm)<br \/>\n1 db EPSON EB\u20111470Ui t\u00edpus\u00fa projektor (interakt\u00edv feh\u00e9rt\u00e1bla r\u00e9szek\u00e9nt)<br \/>\n1 db fali projektor v\u00e1szon<br \/>\n1 db feh\u00e9rt\u00e1bla (Easy Interactive Tools szoftverhez is)<br \/>\n1 db hagyom\u00e1nyos t\u00e1bla (kr\u00e9t\u00e1s, z\u00f6ld sz\u00edn\u0171)<br \/>\n1 db be\u00e9p\u00edtett asztali sz\u00e1m\u00edt\u00f3g\u00e9p (Windows 11 oper\u00e1ci\u00f3s rendszer, MS Office 365)<br \/>\n1 db prezenter (l\u00e9zeres mutat\u00f3 \u00e9s l\u00e9ptet\u0151)<br \/>\n1 db Elmo L-12G dokumentumkamera<br \/>\n1 db VGA vagy 1 db HDMI csatlakoz\u00e1si lehet\u0151s\u00e9g hordozhat\u00f3 sz\u00e1m\u00edt\u00f3g\u00e9p (laptop) sz\u00e1m\u00e1ra<br \/>\nV\u00e1szon m\u00e9rete: ~ 175 x 120 cm<\/p>\n<p><strong>AV becsatlakoz\u00e1sok:<\/strong><br \/>\nPulpitusn\u00e1l: 1 db HDMI vagy VGA \/ 1 db DVI \/ 1 db 3,5 jack audio \/ 1 db SDI \/ 1 db AUX video \/ 1 db AUX audio<\/p>\n<p style=\"text-align: justify\"><strong>Hangos\u00edt\u00e1s:<\/strong> Mikroportot\/mikrofont csak el\u0151zetes egyeztet\u00e9st k\u00f6vet\u0151en tudunk biztos\u00edtani! Be\u00e9p\u00edtett asztali sz\u00e1m\u00edt\u00f3g\u00e9p hangos\u00edt\u00e1sa, 1 db minijack csatlakoz\u00e1si lehet\u0151s\u00e9g hordozhat\u00f3 sz\u00e1m\u00edt\u00f3g\u00e9p (laptop) sz\u00e1m\u00e1ra<\/p>\n<p style=\"text-align: justify\"><strong>Vil\u00e1g\u00edt\u00e1s:<\/strong> El\u0151ad\u00f3i pultr\u00f3l vez\u00e9relhet\u0151 vil\u00e1g\u00edt\u00e1s<\/p>\n<p style=\"text-align: justify\"><strong>Internet:<\/strong> A be\u00e9p\u00edtett asztali sz\u00e1m\u00edt\u00f3g\u00e9p rendelkezik vezet\u00e9kes internetkapcsolattal, a teremben wifi h\u00e1l\u00f3zat van<\/p>\n<p style=\"text-align: justify\"><strong>Tov\u00e1bbi eszk\u00f6z\u00f6k, inform\u00e1ci\u00f3k:<\/strong> El\u0151ad\u00f3i pultn\u00e1l 1 db IP telefon, a terem \u00f6n\u00e1ll\u00f3an szab\u00e1lyozhat\u00f3 klimatiz\u00e1lts\u00e1g\u00fa<\/p>\n<p>A teremhez kapcsol\u00f3dik egy bels\u0151, fedett terasz, mely a t\u00e9li id\u0151kben is kellemes helysz\u00ednt biztos\u00edt.<\/p>\n<p><strong>A fentieken fel\u00fcl tov\u00e1bbi eszk\u00f6z\u00f6k ig\u00e9nyl\u00e9se \u00e9s be\u00fczemel\u00e9se k\u00fcl\u00f6n egyeztet\u00e9s alapj\u00e1n t\u00f6rt\u00e9nik!<\/strong><\/p>\n\r\n        [slb_exclude]\r\n        <div class=\"row galeria-wrapper mx-0 h-auto\">\r\n            <div class=\"col-9 pl-0 pr-2\">\r\n            <span class=\"gallery-item frame\">\r\n\t\t\t\t<div class=\"galeria-left-img\"><a href=\"https:\/\/semmelweis.hu\/eok\/files\/2022\/03\/20220126_113435.jpg\"><img src=https:\/\/semmelweis.hu\/eok\/files\/2022\/03\/20220126_113435.jpg  \r\n                            alt=\"\" \r\n                            class=\"attachment-sote-gallery-big size-sote-gallery-big\" \r\n                            srcset=\"https:\/\/semmelweis.hu\/eok\/files\/2022\/03\/20220126_113435-400x225.jpg 400w, https:\/\/semmelweis.hu\/eok\/files\/2022\/03\/20220126_113435-1024x576.jpg 1024w, https:\/\/semmelweis.hu\/eok\/files\/2022\/03\/20220126_113435-768x432.jpg 768w, https:\/\/semmelweis.hu\/eok\/files\/2022\/03\/20220126_113435-1536x864.jpg 1536w, https:\/\/semmelweis.hu\/eok\/files\/2022\/03\/20220126_113435-753x424.jpg 753w, https:\/\/semmelweis.hu\/eok\/files\/2022\/03\/20220126_113435.jpg 1920w\" ><\/a><\/div>\r\n            <\/span>\r\n\r\n            <\/div>\r\n\r\n\t\t\t<div class=\"col-3 pl-0 pr-0\">\r\n\t\t\t\t<div class=\"galeria-right-img d-flex justify-content-between flex-column h-100 w-100 px-0 mx-0 \">\r\n                <div class=\"galeria-box\">\r\n\t\t\t\t\t<h3 class=\"galeria-title\">Gal\u00e9ria<\/h3>\r\n\t\t\t\t\t<div class=\"galeria-subtitle\">\r\n\r\n\t\t\t\t\t\t<div class=\"galeria-page-counter\"><span>12<\/span>k\u00e9p<\/div>\r\n                    <\/div> <\/div>\r\n                    <span class=\"gallery-item frame d-none d-md-flex\">\r\n\t\t\t\t\t<div class=\"galeria-small-img mt-0\"><a href=\"https:\/\/semmelweis.hu\/eok\/files\/2022\/03\/20220126_113328.jpg\"><img src=https:\/\/semmelweis.hu\/eok\/files\/2022\/03\/20220126_113328.jpg \r\n                                alt=\"\"  \r\n                                class=\"attachment-sote-gallery-small size-sote-gallery-small\" \r\n                                srcset=\"https:\/\/semmelweis.hu\/eok\/files\/2022\/03\/20220126_113328-400x225.jpg 400w, https:\/\/semmelweis.hu\/eok\/files\/2022\/03\/20220126_113328-1024x576.jpg 1024w, https:\/\/semmelweis.hu\/eok\/files\/2022\/03\/20220126_113328-768x432.jpg 768w, https:\/\/semmelweis.hu\/eok\/files\/2022\/03\/20220126_113328-1536x864.jpg 1536w, https:\/\/semmelweis.hu\/eok\/files\/2022\/03\/20220126_113328-753x424.jpg 753w, https:\/\/semmelweis.hu\/eok\/files\/2022\/03\/20220126_113328.jpg 1920w\" ><\/a><\/div>\r\n                    <\/span>\r\n                    <span class=\"gallery-item frame d-none d-md-flex\">\r\n\t\t\t\t\t<div class=\"galeria-small-img mt-0\"><a href=\"https:\/\/semmelweis.hu\/eok\/files\/2022\/03\/20220126_113138.jpg\"><img src=https:\/\/semmelweis.hu\/eok\/files\/2022\/03\/20220126_113138.jpg \r\n                                alt=\"\" \r\n                                class=\"attachment-sote-gallery-small size-sote-gallery-small\" \r\n                                srcset=\"https:\/\/semmelweis.hu\/eok\/files\/2022\/03\/20220126_113138-400x225.jpg 400w, https:\/\/semmelweis.hu\/eok\/files\/2022\/03\/20220126_113138-1024x576.jpg 1024w, https:\/\/semmelweis.hu\/eok\/files\/2022\/03\/20220126_113138-768x432.jpg 768w, https:\/\/semmelweis.hu\/eok\/files\/2022\/03\/20220126_113138-1536x864.jpg 1536w, https:\/\/semmelweis.hu\/eok\/files\/2022\/03\/20220126_113138-753x424.jpg 753w, https:\/\/semmelweis.hu\/eok\/files\/2022\/03\/20220126_113138.jpg 1920w\" ><\/a><\/div>\r\n                    <\/span>\r\n\r\n                <\/div>\r\n\r\n            <\/div>\r\n\r\n            <span class=\"gallery-item\"><div class=\"hidden\"><a href=\"https:\/\/semmelweis.hu\/eok\/files\/2013\/11\/DSCF2111_resize.jpg\">\r\n        <img src=https:\/\/semmelweis.hu\/eok\/files\/2013\/11\/DSCF2111_resize.jpg alt=\"\" class=\"attachment-sote-gallery-big size-sote-gallery-big\" srcset=\"https:\/\/semmelweis.hu\/eok\/files\/2013\/11\/DSCF2111_resize-300x225.jpg 300w, https:\/\/semmelweis.hu\/eok\/files\/2013\/11\/DSCF2111_resize-768x576.jpg 768w, https:\/\/semmelweis.hu\/eok\/files\/2013\/11\/DSCF2111_resize-1024x768.jpg 1024w, https:\/\/semmelweis.hu\/eok\/files\/2013\/11\/DSCF2111_resize-400x300.jpg 400w, https:\/\/semmelweis.hu\/eok\/files\/2013\/11\/DSCF2111_resize-600x450.jpg 600w, https:\/\/semmelweis.hu\/eok\/files\/2013\/11\/DSCF2111_resize.jpg 1277w\" >\r\n        <\/a><\/div><\/span><span class=\"gallery-item\"><div class=\"hidden\"><a href=\"https:\/\/semmelweis.hu\/eok\/files\/2013\/11\/DSCF2099_resize.jpg\">\r\n        <img src=https:\/\/semmelweis.hu\/eok\/files\/2013\/11\/DSCF2099_resize.jpg alt=\"\" class=\"attachment-sote-gallery-big size-sote-gallery-big\" srcset=\"https:\/\/semmelweis.hu\/eok\/files\/2013\/11\/DSCF2099_resize-300x225.jpg 300w, https:\/\/semmelweis.hu\/eok\/files\/2013\/11\/DSCF2099_resize-768x576.jpg 768w, https:\/\/semmelweis.hu\/eok\/files\/2013\/11\/DSCF2099_resize-1024x768.jpg 1024w, https:\/\/semmelweis.hu\/eok\/files\/2013\/11\/DSCF2099_resize-400x300.jpg 400w, https:\/\/semmelweis.hu\/eok\/files\/2013\/11\/DSCF2099_resize-600x450.jpg 600w, https:\/\/semmelweis.hu\/eok\/files\/2013\/11\/DSCF2099_resize.jpg 1277w\" >\r\n        <\/a><\/div><\/span><span class=\"gallery-item\"><div class=\"hidden\"><a href=\"https:\/\/semmelweis.hu\/eok\/files\/2013\/11\/DSCF2114_resize.jpg\">\r\n        <img src=https:\/\/semmelweis.hu\/eok\/files\/2013\/11\/DSCF2114_resize.jpg alt=\"\" class=\"attachment-sote-gallery-big size-sote-gallery-big\" srcset=\"https:\/\/semmelweis.hu\/eok\/files\/2013\/11\/DSCF2114_resize-225x300.jpg 225w, https:\/\/semmelweis.hu\/eok\/files\/2013\/11\/DSCF2114_resize-768x1024.jpg 768w, https:\/\/semmelweis.hu\/eok\/files\/2013\/11\/DSCF2114_resize-600x800.jpg 600w, https:\/\/semmelweis.hu\/eok\/files\/2013\/11\/DSCF2114_resize.jpg 958w\" >\r\n        <\/a><\/div><\/span><span class=\"gallery-item\"><div class=\"hidden\"><a href=\"https:\/\/semmelweis.hu\/eok\/files\/2013\/11\/DSCF2110_resize.jpg\">\r\n        <img src=https:\/\/semmelweis.hu\/eok\/files\/2013\/11\/DSCF2110_resize.jpg alt=\"\" class=\"attachment-sote-gallery-big size-sote-gallery-big\" srcset=\"https:\/\/semmelweis.hu\/eok\/files\/2013\/11\/DSCF2110_resize-300x225.jpg 300w, https:\/\/semmelweis.hu\/eok\/files\/2013\/11\/DSCF2110_resize-768x576.jpg 768w, https:\/\/semmelweis.hu\/eok\/files\/2013\/11\/DSCF2110_resize-1024x768.jpg 1024w, https:\/\/semmelweis.hu\/eok\/files\/2013\/11\/DSCF2110_resize-400x300.jpg 400w, https:\/\/semmelweis.hu\/eok\/files\/2013\/11\/DSCF2110_resize-600x450.jpg 600w, https:\/\/semmelweis.hu\/eok\/files\/2013\/11\/DSCF2110_resize.jpg 1277w\" >\r\n        <\/a><\/div><\/span><span class=\"gallery-item\"><div class=\"hidden\"><a href=\"https:\/\/semmelweis.hu\/eok\/files\/2013\/11\/DSCF2100_resize.jpg\">\r\n        <img src=https:\/\/semmelweis.hu\/eok\/files\/2013\/11\/DSCF2100_resize.jpg alt=\"\" class=\"attachment-sote-gallery-big size-sote-gallery-big\" srcset=\"https:\/\/semmelweis.hu\/eok\/files\/2013\/11\/DSCF2100_resize-225x300.jpg 225w, https:\/\/semmelweis.hu\/eok\/files\/2013\/11\/DSCF2100_resize-768x1024.jpg 768w, https:\/\/semmelweis.hu\/eok\/files\/2013\/11\/DSCF2100_resize-600x800.jpg 600w, https:\/\/semmelweis.hu\/eok\/files\/2013\/11\/DSCF2100_resize.jpg 958w\" >\r\n        <\/a><\/div><\/span><span class=\"gallery-item\"><div class=\"hidden\"><a href=\"https:\/\/semmelweis.hu\/eok\/files\/2013\/11\/DSCF2101_resize.jpg\">\r\n        <img src=https:\/\/semmelweis.hu\/eok\/files\/2013\/11\/DSCF2101_resize.jpg alt=\"\" class=\"attachment-sote-gallery-big size-sote-gallery-big\" srcset=\"https:\/\/semmelweis.hu\/eok\/files\/2013\/11\/DSCF2101_resize-300x225.jpg 300w, https:\/\/semmelweis.hu\/eok\/files\/2013\/11\/DSCF2101_resize-768x576.jpg 768w, https:\/\/semmelweis.hu\/eok\/files\/2013\/11\/DSCF2101_resize-1024x768.jpg 1024w, https:\/\/semmelweis.hu\/eok\/files\/2013\/11\/DSCF2101_resize-400x300.jpg 400w, https:\/\/semmelweis.hu\/eok\/files\/2013\/11\/DSCF2101_resize-600x450.jpg 600w, https:\/\/semmelweis.hu\/eok\/files\/2013\/11\/DSCF2101_resize.jpg 1277w\" >\r\n        <\/a><\/div><\/span><span class=\"gallery-item\"><div class=\"hidden\"><a href=\"https:\/\/semmelweis.hu\/eok\/files\/2013\/11\/DSCF2103_resize.jpg\">\r\n        <img src=https:\/\/semmelweis.hu\/eok\/files\/2013\/11\/DSCF2103_resize.jpg alt=\"\" class=\"attachment-sote-gallery-big size-sote-gallery-big\" srcset=\"https:\/\/semmelweis.hu\/eok\/files\/2013\/11\/DSCF2103_resize-225x300.jpg 225w, https:\/\/semmelweis.hu\/eok\/files\/2013\/11\/DSCF2103_resize-768x1024.jpg 768w, https:\/\/semmelweis.hu\/eok\/files\/2013\/11\/DSCF2103_resize-600x800.jpg 600w, https:\/\/semmelweis.hu\/eok\/files\/2013\/11\/DSCF2103_resize.jpg 958w\" >\r\n        <\/a><\/div><\/span><span class=\"gallery-item\"><div class=\"hidden\"><a href=\"https:\/\/semmelweis.hu\/eok\/files\/2013\/11\/DSCF2106_resize.jpg\">\r\n        <img src=https:\/\/semmelweis.hu\/eok\/files\/2013\/11\/DSCF2106_resize.jpg alt=\"\" class=\"attachment-sote-gallery-big size-sote-gallery-big\" srcset=\"https:\/\/semmelweis.hu\/eok\/files\/2013\/11\/DSCF2106_resize-225x300.jpg 225w, https:\/\/semmelweis.hu\/eok\/files\/2013\/11\/DSCF2106_resize-768x1024.jpg 768w, https:\/\/semmelweis.hu\/eok\/files\/2013\/11\/DSCF2106_resize-600x800.jpg 600w, https:\/\/semmelweis.hu\/eok\/files\/2013\/11\/DSCF2106_resize.jpg 958w\" >\r\n        <\/a><\/div><\/span><span class=\"gallery-item\"><div class=\"hidden\"><a href=\"https:\/\/semmelweis.hu\/eok\/files\/2022\/03\/20220126_113549.jpg\">\r\n        <img src=https:\/\/semmelweis.hu\/eok\/files\/2022\/03\/20220126_113549.jpg alt=\"\" class=\"attachment-sote-gallery-big size-sote-gallery-big\" srcset=\"https:\/\/semmelweis.hu\/eok\/files\/2022\/03\/20220126_113549-400x225.jpg 400w, https:\/\/semmelweis.hu\/eok\/files\/2022\/03\/20220126_113549-1024x576.jpg 1024w, https:\/\/semmelweis.hu\/eok\/files\/2022\/03\/20220126_113549-768x432.jpg 768w, https:\/\/semmelweis.hu\/eok\/files\/2022\/03\/20220126_113549-1536x864.jpg 1536w, https:\/\/semmelweis.hu\/eok\/files\/2022\/03\/20220126_113549-753x424.jpg 753w, https:\/\/semmelweis.hu\/eok\/files\/2022\/03\/20220126_113549.jpg 1920w\" >\r\n        <\/a><\/div><\/span>\r\n            <\/div>\r\n\r\n            [\/slb_exclude]\r\n\t\n","protected":false},"excerpt":{"rendered":"<p>Befogad\u00f3k\u00e9pess\u00e9g: 80 f\u0151 (76 m2) Elrendez\u00e9s: r\u00f6gz\u00edtett, iskolai sz\u00e9ksor Vet\u00edt\u00e9s, el\u0151ad\u00e1s: A vet\u00edtett k\u00e9p alapfelbont\u00e1sa:\u00a0 1920 x 1080 (16:9-es k\u00e9par\u00e1ny) 1 db EPSON EB-L610U t\u00edpus\u00fa projektor (k\u00f6z\u00e9pen) (vet\u00edtett k\u00e9p m\u00e9rete: ~ 110 x 170 cm) 1 db EPSON EB\u20111470Ui t\u00edpus\u00fa projektor (interakt\u00edv feh\u00e9rt\u00e1bla r\u00e9szek\u00e9nt) 1 db fali projektor v\u00e1szon 1 db feh\u00e9rt\u00e1bla (Easy Interactive Tools &hellip;<\/p>\n","protected":false},"author":101011,"featured_media":0,"parent":48,"menu_order":50,"comment_status":"closed","ping_status":"closed","template":"","meta":{"_acf_changed":false,"footnotes":""},"categories":[],"tags":[],"class_list":["post-521","page","type-page","status-publish","hentry"],"acf":[],"_links":{"self":[{"href":"https:\/\/semmelweis.hu\/eok\/wp-json\/wp\/v2\/pages\/521","targetHints":{"allow":["GET"]}}],"collection":[{"href":"https:\/\/semmelweis.hu\/eok\/wp-json\/wp\/v2\/pages"}],"about":[{"href":"https:\/\/semmelweis.hu\/eok\/wp-json\/wp\/v2\/types\/page"}],"author":[{"embeddable":true,"href":"https:\/\/semmelweis.hu\/eok\/wp-json\/wp\/v2\/users\/101011"}],"replies":[{"embeddable":true,"href":"https:\/\/semmelweis.hu\/eok\/wp-json\/wp\/v2\/comments?post=521"}],"version-history":[{"count":10,"href":"https:\/\/semmelweis.hu\/eok\/wp-json\/wp\/v2\/pages\/521\/revisions"}],"predecessor-version":[{"id":8566,"href":"https:\/\/semmelweis.hu\/eok\/wp-json\/wp\/v2\/pages\/521\/revisions\/8566"}],"up":[{"embeddable":true,"href":"https:\/\/semmelweis.hu\/eok\/wp-json\/wp\/v2\/pages\/48"}],"wp:attachment":[{"href":"https:\/\/semmelweis.hu\/eok\/wp-json\/wp\/v2\/media?parent=521"}],"wp:term":[{"taxonomy":"category","embeddable":true,"href":"https:\/\/semmelweis.hu\/eok\/wp-json\/wp\/v2\/categories?post=521"},{"taxonomy":"post_tag","embeddable":true,"href":"https:\/\/semmelweis.hu\/eok\/wp-json\/wp\/v2\/tags?post=521"}],"curies":[{"name":"wp","href":"https:\/\/api.w.org\/{rel}","templated":true}]}}