{"id":138,"date":"2013-10-24T10:52:17","date_gmt":"2013-10-24T09:52:17","guid":{"rendered":"http:\/\/semmelweis-egyetem.hu\/eok\/?page_id=138"},"modified":"2024-12-06T13:05:20","modified_gmt":"2024-12-06T12:05:20","slug":"talalt-targyak","status":"publish","type":"page","link":"https:\/\/semmelweis.hu\/eok\/hu\/szolgaltatasok\/talalt-targyak\/","title":{"rendered":"Tal\u00e1lt t\u00e1rgyak"},"content":{"rendered":"<p style=\"text-align: justify\">Az Elm\u00e9leti Orvostudom\u00e1nyi K\u00f6zpont \u00e9p\u00fclet\u00e9ben <em>(\u00edgy kiz\u00e1r\u00f3lag csak az EOK \u00e9p\u00fcletben elhagyott \u00e9s esetleg megtal\u00e1lt)<\/em> tal\u00e1lt t\u00e1rgyak \u00fcgy\u00e9ben \u2013 <em>a felt\u00e9telezett elveszt\u00e9s id\u0151pontj\u00e1t k\u00f6vet\u0151 els\u0151 3 napon <\/em>\u2013 a recepci\u00f3n lehet \u00e9rdekl\u0151dni a +36-20-666-0000-as telefonsz\u00e1mon a nap 24 \u00f3r\u00e1j\u00e1ban. Ezt k\u00f6vet\u0151en az\u00a0 Informatikai Oszt\u00e1lyon, a +36-20-666-0097-es telefonsz\u00e1mon lehet \u00e9rdekl\u0151dni, h\u00e9tk\u00f6znapokon 9 \u00e9s 14 \u00f3ra k\u00f6z\u00f6tt. A tal\u00e1lt t\u00e1rgyakat a megtal\u00e1l\u00e1st\u00f3l sz\u00e1m\u00edtott 3 h\u00f3napig \u0151rizz\u00fck! Amennyiben elhagyott t\u00e1rgyat tal\u00e1l az \u00e9p\u00fcletben, \u00fagy legyen kedves azt a recepci\u00f3n leadni. K\u00f6sz\u00f6nj\u00fck!<\/p>\n","protected":false},"excerpt":{"rendered":"<p>Az Elm\u00e9leti Orvostudom\u00e1nyi K\u00f6zpont \u00e9p\u00fclet\u00e9ben (\u00edgy kiz\u00e1r\u00f3lag csak az EOK \u00e9p\u00fcletben elhagyott \u00e9s esetleg megtal\u00e1lt) tal\u00e1lt t\u00e1rgyak \u00fcgy\u00e9ben \u2013 a felt\u00e9telezett elveszt\u00e9s id\u0151pontj\u00e1t k\u00f6vet\u0151 els\u0151 3 napon \u2013 a recepci\u00f3n lehet \u00e9rdekl\u0151dni a +36-20-666-0000-as telefonsz\u00e1mon a nap 24 \u00f3r\u00e1j\u00e1ban. Ezt k\u00f6vet\u0151en az\u00a0 Informatikai Oszt\u00e1lyon, a +36-20-666-0097-es telefonsz\u00e1mon lehet \u00e9rdekl\u0151dni, h\u00e9tk\u00f6znapokon 9 \u00e9s 14 \u00f3ra k\u00f6z\u00f6tt. &hellip;<\/p>\n","protected":false},"author":282,"featured_media":0,"parent":3414,"menu_order":4,"comment_status":"closed","ping_status":"closed","template":"","meta":{"_acf_changed":false,"footnotes":""},"categories":[],"tags":[],"class_list":["post-138","page","type-page","status-publish","hentry"],"acf":[],"_links":{"self":[{"href":"https:\/\/semmelweis.hu\/eok\/wp-json\/wp\/v2\/pages\/138","targetHints":{"allow":["GET"]}}],"collection":[{"href":"https:\/\/semmelweis.hu\/eok\/wp-json\/wp\/v2\/pages"}],"about":[{"href":"https:\/\/semmelweis.hu\/eok\/wp-json\/wp\/v2\/types\/page"}],"author":[{"embeddable":true,"href":"https:\/\/semmelweis.hu\/eok\/wp-json\/wp\/v2\/users\/282"}],"replies":[{"embeddable":true,"href":"https:\/\/semmelweis.hu\/eok\/wp-json\/wp\/v2\/comments?post=138"}],"version-history":[{"count":10,"href":"https:\/\/semmelweis.hu\/eok\/wp-json\/wp\/v2\/pages\/138\/revisions"}],"predecessor-version":[{"id":572,"href":"https:\/\/semmelweis.hu\/eok\/wp-json\/wp\/v2\/pages\/138\/revisions\/572"}],"up":[{"embeddable":true,"href":"https:\/\/semmelweis.hu\/eok\/wp-json\/wp\/v2\/pages\/3414"}],"wp:attachment":[{"href":"https:\/\/semmelweis.hu\/eok\/wp-json\/wp\/v2\/media?parent=138"}],"wp:term":[{"taxonomy":"category","embeddable":true,"href":"https:\/\/semmelweis.hu\/eok\/wp-json\/wp\/v2\/categories?post=138"},{"taxonomy":"post_tag","embeddable":true,"href":"https:\/\/semmelweis.hu\/eok\/wp-json\/wp\/v2\/tags?post=138"}],"curies":[{"name":"wp","href":"https:\/\/api.w.org\/{rel}","templated":true}]}}