{"id":1170,"date":"2015-01-26T11:23:00","date_gmt":"2015-01-26T10:23:00","guid":{"rendered":"http:\/\/semmelweis.hu\/eok\/?page_id=1170"},"modified":"2025-09-18T14:57:15","modified_gmt":"2025-09-18T12:57:15","slug":"library","status":"publish","type":"page","link":"https:\/\/semmelweis.hu\/eok\/en\/services\/library\/","title":{"rendered":"BMSC Library"},"content":{"rendered":"<p><img loading=\"lazy\" decoding=\"async\" class=\"wp-image-67919 size-large aligncenter\" src=\"https:\/\/semmelweis.hu\/hirek\/files\/2017\/10\/RS58102_IMG_5805-scr-600x400.jpg\" alt=\"\" width=\"600\" height=\"400\" \/><br \/>\nPhone: +36-1-459-1500\/60008 (ext.)<br \/>\nE-mail: konyvtar@semmelweis.hu, titkarsag.kk@semmelweis.hu <br \/>\n<span class=\"tlid-translation translation\" lang=\"en\"><span class=\"\" title=\"\">It can be found on the ground floor through corridor &#8216;C&#8217;<\/span><\/span><br \/>\nOpening hours: Non-stop<\/p>\n<p style=\"text-align: justify\">The 90-seat, 2-storey library, with a winter garden housed at the Semmelweis University Basic Medicine Science Center, awaits the university&#8217;s students and staff . There are 8 computers in to help you with your work, and Wifi is also available. Only students and staff at Semmelweis University are eligible to enter the EOK Library, with proof of a valid legal relationship.<\/p>\n<p><span class=\"HwtZe\" lang=\"en\"><span class=\"jCAhz ChMk0b\"><span class=\"ryNqvb\">Application for the position of student coordinator: eok.student.coordinator@semmelweis.hu<\/span><\/span><\/span><\/p>\n<hr \/>\n<h2>Central Library<\/h2>\n<h3>DG: P\u00e9ter Szluka<\/h3>\n<p>Web: <a href=\"http:\/\/lib.semmelweis.hu\/\" target=\"_blank\" rel=\"noopener noreferrer\">http:\/\/lib.semmelweis.hu\/<\/a><br \/>\nPhone: +36-1-459-1500\/60514 (ext.)<br \/>\nAddress: 1088 Budapest, <span class=\"contentRed\">Miksz\u00e1th K\u00e1lm\u00e1n t\u00e9r 5.<\/span><\/p>\n","protected":false},"excerpt":{"rendered":"<p>Phone: +36-1-459-1500\/60008 (ext.) E-mail: konyvtar@semmelweis.hu, titkarsag.kk@semmelweis.hu It can be found on the ground floor through corridor &#8216;C&#8217; Opening hours: Non-stop The 90-seat, 2-storey library, with a winter garden housed at the Semmelweis University Basic Medicine Science Center, awaits the university&#8217;s students and staff . There are 8 computers in to help you with your work, &hellip;<\/p>\n","protected":false},"author":282,"featured_media":0,"parent":4139,"menu_order":1,"comment_status":"closed","ping_status":"open","template":"","meta":{"_acf_changed":false,"footnotes":""},"categories":[463],"tags":[],"class_list":["post-1170","page","type-page","status-publish","hentry","category-service"],"acf":[],"_links":{"self":[{"href":"https:\/\/semmelweis.hu\/eok\/wp-json\/wp\/v2\/pages\/1170","targetHints":{"allow":["GET"]}}],"collection":[{"href":"https:\/\/semmelweis.hu\/eok\/wp-json\/wp\/v2\/pages"}],"about":[{"href":"https:\/\/semmelweis.hu\/eok\/wp-json\/wp\/v2\/types\/page"}],"author":[{"embeddable":true,"href":"https:\/\/semmelweis.hu\/eok\/wp-json\/wp\/v2\/users\/282"}],"replies":[{"embeddable":true,"href":"https:\/\/semmelweis.hu\/eok\/wp-json\/wp\/v2\/comments?post=1170"}],"version-history":[{"count":10,"href":"https:\/\/semmelweis.hu\/eok\/wp-json\/wp\/v2\/pages\/1170\/revisions"}],"predecessor-version":[{"id":8732,"href":"https:\/\/semmelweis.hu\/eok\/wp-json\/wp\/v2\/pages\/1170\/revisions\/8732"}],"up":[{"embeddable":true,"href":"https:\/\/semmelweis.hu\/eok\/wp-json\/wp\/v2\/pages\/4139"}],"wp:attachment":[{"href":"https:\/\/semmelweis.hu\/eok\/wp-json\/wp\/v2\/media?parent=1170"}],"wp:term":[{"taxonomy":"category","embeddable":true,"href":"https:\/\/semmelweis.hu\/eok\/wp-json\/wp\/v2\/categories?post=1170"},{"taxonomy":"post_tag","embeddable":true,"href":"https:\/\/semmelweis.hu\/eok\/wp-json\/wp\/v2\/tags?post=1170"}],"curies":[{"name":"wp","href":"https:\/\/api.w.org\/{rel}","templated":true}]}}