{"id":7750,"date":"2021-10-27T12:45:22","date_gmt":"2021-10-27T10:45:22","guid":{"rendered":"https:\/\/semmelweis.hu\/eok\/?post_type=faq&#038;p=7750"},"modified":"2026-03-26T15:37:27","modified_gmt":"2026-03-26T14:37:27","slug":"hangositas","status":"publish","type":"faq","link":"https:\/\/semmelweis.hu\/eok\/hu\/faq\/hangositas\/","title":{"rendered":"Hangos\u00edt\u00e1s hogyan m\u0171k\u00f6dik?"},"content":{"rendered":"<h5 style=\"text-align: justify\">Oktat\u00e1shoz kapcsol\u00f3d\u00f3 inform\u00e1ci\u00f3k:<\/h5>\n<p style=\"text-align: justify\">El\u0151ad\u00f3k sz\u00e1m\u00e1ra a f<span style=\"text-decoration: underline\">\u00f6ldszinti 3 nagy el\u0151ad\u00f3teremben<\/span> (<a href=\"https:\/\/semmelweis.hu\/eok\/hu\/rendezveny\/eszkozpark\/szent-gyorgyi-albert-terem\/\">Szent-Gy\u00f6rgyi<\/a>, <a href=\"https:\/\/semmelweis.hu\/eok\/hu\/rendezveny\/eszkozpark\/hevesy-gyorgy-terem\/\">Hevesy<\/a>, <a href=\"https:\/\/semmelweis.hu\/eok\/hu\/rendezveny\/eszkozpark\/bekesy-gyorgy-terem\/\">B\u00e9k\u00e9sy<\/a>) folyamatosan rendelkez\u00e9sre \u00e1ll 1 darab mikroport, illetve k\u00e9r\u00e9s eset\u00e9n tov\u00e1bbi 3 darab r\u00e1di\u00f3s k\u00e9zi mikrofon. Az <span style=\"text-decoration: underline\">els\u0151 emeleti el\u0151ad\u00f3termekben<\/span> (<a href=\"https:\/\/semmelweis.hu\/eok\/hu\/rendezveny\/eszkozpark\/beznak-aladar-terem\/\">Bezn\u00e1k<\/a>, <a href=\"https:\/\/semmelweis.hu\/eok\/hu\/rendezveny\/eszkozpark\/hari-pal-terem\/\">H\u00e1ri<\/a>) rendelkez\u00e9sre \u00e1ll 1-1 r\u00e1di\u00f3s mikroport, melyek a Zoom haszn\u00e1lat\u00e1hoz sz\u00fcks\u00e9gesek. Amennyiben itt nem haszn\u00e1lnak Zoom-ot, \u00fagy az el\u0151ad\u00f3k sz\u00e1m\u00e1ra nem sz\u00fcks\u00e9ges a mikrofon haszn\u00e1lata.<br \/>\nA <span style=\"text-decoration: underline\">szemin\u00e1riumi termekben<\/span> az el\u0151ad\u00f3k sz\u00e1m\u00e1ra nem sz\u00fcks\u00e9ges hangos\u00edt\u00e1s. A be\u00e9p\u00edtett sz\u00e1m\u00edt\u00f3g\u00e9pek illetve a hordozhat\u00f3 laptopok (HDMI csatlakoz\u00e1s eset\u00e9n) sz\u00e1m\u00e1ra kihangos\u00edt\u00e1st tudunk biztos\u00edtani.<\/p>\n<h5 style=\"text-align: justify\">Rendezv\u00e9nyhez kapcsol\u00f3d\u00f3 inform\u00e1ci\u00f3k:<\/h5>\n<p style=\"text-align: justify\">Az oktat\u00e1shoz kapcsol\u00f3d\u00f3 inform\u00e1ci\u00f3kon fel\u00fcl a rendezv\u00e9nyek alkalm\u00e1val tov\u00e1bbi vezet\u00e9kes illetve r\u00e1di\u00f3s mikrofon ig\u00e9nyelhet\u0151 korl\u00e1tozott mennyis\u00e9gben. Az aul\u00e1ban lehet\u0151s\u00e9g van kisebb volumen\u0171 rendezv\u00e9nyek eset\u00e9n besz\u00e9d hangos\u00edt\u00e1sra, kisebb zenekari hangos\u00edt\u00e1sra.<\/p>\n","protected":false},"author":282,"template":"","faq_groups":[468,431],"class_list":["post-7750","faq","type-faq","status-publish","hentry","faq-group-av-informatikai-kerdesek","faq-group-oktatoi-kerdesek"],"acf":[],"_links":{"self":[{"href":"https:\/\/semmelweis.hu\/eok\/wp-json\/wp\/v2\/faqs\/7750","targetHints":{"allow":["GET"]}}],"collection":[{"href":"https:\/\/semmelweis.hu\/eok\/wp-json\/wp\/v2\/faqs"}],"about":[{"href":"https:\/\/semmelweis.hu\/eok\/wp-json\/wp\/v2\/types\/faq"}],"author":[{"embeddable":true,"href":"https:\/\/semmelweis.hu\/eok\/wp-json\/wp\/v2\/users\/282"}],"wp:attachment":[{"href":"https:\/\/semmelweis.hu\/eok\/wp-json\/wp\/v2\/media?parent=7750"}],"wp:term":[{"taxonomy":"faq-group","embeddable":true,"href":"https:\/\/semmelweis.hu\/eok\/wp-json\/wp\/v2\/faq_groups?post=7750"}],"curies":[{"name":"wp","href":"https:\/\/api.w.org\/{rel}","templated":true}]}}

Hangosítás hogyan működik?

<h5 style="text-align: justify">Oktatáshoz kapcsolódó információk:</h5>
<p style="text-align: justify">Előadók számára a f<span style="text-decoration: underline">öldszinti 3 nagy előadóteremben</span> (<a href="https://semmelweis.hu/eok/hu/rendezveny/eszkozpark/szent-gyorgyi-albert-terem/">Szent-Györgyi</a>, <a href="https://semmelweis.hu/eok/hu/rendezveny/eszkozpark/hevesy-gyorgy-terem/">Hevesy</a>, <a href="https://semmelweis.hu/eok/hu/rendezveny/eszkozpark/bekesy-gyorgy-terem/">Békésy</a>) folyamatosan rendelkezésre áll 1 darab mikroport, illetve kérés esetén további 3 darab rádiós kézi mikrofon. Az <span style="text-decoration: underline">első emeleti előadótermekben</span> (<a href="https://semmelweis.hu/eok/hu/rendezveny/eszkozpark/beznak-aladar-terem/">Beznák</a>, <a href="https://semmelweis.hu/eok/hu/rendezveny/eszkozpark/hari-pal-terem/">Hári</a>) rendelkezésre áll 1-1 rádiós mikroport, melyek a Zoom használatához szükségesek. Amennyiben itt nem használnak Zoom-ot, úgy az előadók számára nem szükséges a mikrofon használata.<br />
A <span style="text-decoration: underline">szemináriumi termekben</span> az előadók számára nem szükséges hangosítás. A beépített számítógépek illetve a hordozható laptopok (HDMI csatlakozás esetén) számára kihangosítást tudunk biztosítani.</p>
<h5 style="text-align: justify">Rendezvényhez kapcsolódó információk:</h5>
<p style="text-align: justify">Az oktatáshoz kapcsolódó információkon felül a rendezvények alkalmával további vezetékes illetve rádiós mikrofon igényelhető korlátozott mennyiségben. Az aulában lehetőség van kisebb volumenű rendezvények esetén beszéd hangosításra, kisebb zenekari hangosításra.</p>
