{"id":82,"date":"2011-02-04T09:25:16","date_gmt":"2011-02-04T09:25:16","guid":{"rendered":"http:\/\/se.local\/"},"modified":"2026-02-11T16:54:28","modified_gmt":"2026-02-11T15:54:28","slug":"vice-rector-for-educational-affairs","status":"publish","type":"page","link":"https:\/\/semmelweis.hu\/english\/about-semmelweis-university\/leaders-of-the-university\/vice-rector-for-educational-affairs\/","title":{"rendered":"Vice-Rector for Educational Affairs"},"content":{"rendered":"<h4 style=\"text-align: left\"><strong style=\"text-align: center\"><a href=\"https:\/\/semmelweis.hu\/english\/files\/2024\/07\/RS84393_IMG_8952-scr.jpg\"><img loading=\"lazy\" decoding=\"async\" class=\"alignright  wp-image-41911\" src=\"https:\/\/semmelweis.hu\/english\/files\/2024\/07\/RS84393_IMG_8952-scr-270x400.jpg\" alt=\"\" width=\"203\" height=\"300\" srcset=\"https:\/\/semmelweis.hu\/english\/files\/2024\/07\/RS84393_IMG_8952-scr-270x400.jpg 270w, https:\/\/semmelweis.hu\/english\/files\/2024\/07\/RS84393_IMG_8952-scr.jpg 507w\" sizes=\"auto, (max-width: 203px) 100vw, 203px\" \/><\/a>Prof. P\u00e9ter Hermann, DMD, MSc, PhD<br \/>\n<\/strong>Vice-Rector<strong style=\"text-align: center\"><br \/>\n<\/strong><\/h4>\n<p><strong>Current position<br \/>\n<\/strong>Vice-Rector for Educational Affairs<br \/>\nHead of the Department of Prosthodontics<br \/>\nPresident of Dental Section of the Hungarian Medical Chamber<\/p>\n<p><strong>Place and date of birth<\/strong><b><br \/>\n<\/b>Budapest, December 16, 1962<\/p>\n<p><strong>Language skills<\/strong><b><br \/>\n<\/b>English<\/p>\n<h5>Education, qualifications<\/h5>\n<ul style=\"list-style-type: square\">\n<li>2024: Doctor of Sciences of the Hungarian Academy of Sciences<\/li>\n<li>2019: Advanced specialist exam in oral implantology<\/li>\n<li>2019: Specialist exam in prosthodontics<\/li>\n<li>2013: Healthcare manager MSc, Health Service Management Training Center, Semmelweis University<\/li>\n<li>2010: Habilitation, Semmelweis University, Budapest<\/li>\n<li>2004: Specialist exam in conservative dentistry and prosthodontics and periodontology, with excellent results\u00a0<\/li>\n<li>2004: Ph.D., Hungarian Academy of Sciences. Title: Oropharingeal Candidiasis of Immunocompromised Patients<\/li>\n<li>1989: Qualifying exam of Dental and Oral Diseases<\/li>\n<li>1987: Dental Diploma (D.M.D.), Semmelweis University, Faculty of Dentistry<\/li>\n<li>1982: ELTE Radn\u00f3ti Mikl\u00f3s High School<\/li>\n<\/ul>\n<h5>Experience<\/h5>\n<ul style=\"list-style-type: square\">\n<li>Since 2022: Program Director of Digital Dental Design (BSc) at the Faculty of Dentistry<\/li>\n<li>Since 2015: Vice-Rector for Educational Affairs<\/li>\n<li>2013-2015: Dean of the Faculty of Dentistry<\/li>\n<li>2010: Head of the Department of Prosthodontics<\/li>\n<li>2007-2010: Vice-Dean of the Faculty of Dentistry<\/li>\n<li>2007: Deputy Head of the Department of Prosthodontics<\/li>\n<li>2007: Associate Professor<\/li>\n<li>2001: Deputy Head of Department \u201cC\u201d at the Department of Prosthodontics<\/li>\n<li>2000: Assistant Professor<\/li>\n<li>1989: Assistant Lecturer<\/li>\n<\/ul>\n<h5>Teaching experience:<\/h5>\n<ul style=\"list-style-type: square\">\n<li>Prosthodontics, Gnathology \u00a0(English, Hungarian)<\/li>\n<li>Tutor of Students\u2019 Scientific Conference (TDK) students and Ph.D. students (in research topics)<\/li>\n<li>Preparation of handouts, writing of handbooks<\/li>\n<li>Course leader and lecturer of Gnathology<\/li>\n<\/ul>\n<h5>Major study tours<\/h5>\n<ul style=\"list-style-type: square\">\n<li>1995: University of M\u00fcnster, Department of Periodontology, Group of Oral Microbiology (2 weeks) &#8211; research topic: periopathogenic bacteria culture<\/li>\n<li>1994: KU Leuven, Department of Prosthodontics (3 months)<\/li>\n<\/ul>\n<h5>Awards<\/h5>\n<ul style=\"list-style-type: square\">\n<li>2022: J\u00f3zsef \u00c1rk\u00f6vy Commemorative Medal and Award<\/li>\n<li>2022: Hereditary Honorary President of the Territorial Organization of Dentists of the Hungarian Medical Chamber<\/li>\n<li>2022: Semmelweis University Pro Universitate Award<\/li>\n<li>2021: Hippocrates Memorial Medal<\/li>\n<li>2020: Knight&#8217;s Cross of the Hungarian Order of Merit, Civil Division<\/li>\n<li>2019: Semmelweis University Outstanding Lecturer Award<\/li>\n<li>1995: K\u00f6rm\u00f6czi Award<\/li>\n<li>1987: 1st Prize, Varga Istv\u00e1n Competition<\/li>\n<li>1987: Madzsar J\u00f3zsef Award<\/li>\n<\/ul>\n<h5>Membership in major scientific associations<\/h5>\n<ul style=\"list-style-type: square\">\n<li>2024: Chair of the Dentistry Division, Operational Committee for Postgraduate Specialist and Professional Training<\/li>\n<li>2021-: Co-chairman of the Medical and Health Sciences Committee of the Hungarian Rectors&#8217; Conference<\/li>\n<li>2021-: President of the Hungarian Digital Dental Association<\/li>\n<li>2019-: President of the Semmelweis University Faculty of Dentistry Vocational Training College<\/li>\n<li>2015-: Member of the Clinical Scientific Committee of the Department of Medical Sciences of the Hungarian Academy of Sciences<\/li>\n<li>2009-: Member of the Dental and Oral Diseases Professional College<\/li>\n<li>2008-: Member of the Editorial Committee of <i>Semmelweis Egyetem <\/i>(Semmelweis University\u2019s newspaper)<\/li>\n<li>2007-: President of Dental Section of the Hungarian Medical Chamber<\/li>\n<li>2006-2007 and 2010-2011: President of the National Committee for Hungarian Dentistry<\/li>\n<li>2005-: Council of Semmelweis University, Faculty of Dentistry \u2013 member<\/li>\n<li>2005-: Editor of <i>Dental Review <\/i>[<i>Fogorvosi Szemle<\/i>]<\/li>\n<li>2003-: Main editor of <i>Dental News<\/i> [<i>Dental H\u00edrek<\/i>]<\/li>\n<li>2002-2007: Vice-President of the Dental Section of the Hungarian Medical Chamber<\/li>\n<li>2001-2005, 2010-: Board member of the Hungarian Dental Association, Association of Prosthodontics<\/li>\n<li>1998-2002: Secretary General of the Dental Section of the Hungarian Medical Chamber<\/li>\n<li>1994-: Editor of <i>Hungarian Dentist<\/i> [<i>Magyar Fogorvos<\/i>], newspaper of the Dental Section of the Hungarian Medical Chamber<\/li>\n<\/ul>\n<h5>Functions held at the university<\/h5>\n<ul style=\"list-style-type: square\">\n<li>July 2013-: Dean of Semmelweis University\u2019s Faculty of Dentistry<\/li>\n<li>2007-2012: Vice-Dean of the Semmelweis University\u2019s Faculty of Dentistry<\/li>\n<li>2010-: Head of the Department of Prosthodontics<\/li>\n<li>2010: Habilitation<\/li>\n<li>2005: In charge of medical technology at Semmelweis University\u2019s Educational Centre<\/li>\n<\/ul>\n<h5>Other scientific and public activities<\/h5>\n<ul style=\"list-style-type: square\">\n<li>2005-: Editor of <em>Fogorvosi Szemle<\/em> [Dental Review]<\/li>\n<li>2003-: Editor of the <em>Dental H\u00edrek<\/em> [Dental News]<\/li>\n<li>1994-: Editor of <em>Magyar Fogorvos<\/em> [Hungarian Dentist], newspaper of the Dental Section of the Hungarian Medical Chamber<\/li>\n<\/ul>\n<p>He is married and has two children.<\/p>\n","protected":false},"excerpt":{"rendered":"<p><a href=\"https:\/\/semmelweis.hu\/english\/files\/2024\/07\/RS84393_IMG_8952-scr.jpg\"><\/a> Prof. P\u00e9ter Hermann, DMD, MSc, PhD Vice-Rector Current position Vice-Rector for Educational Affairs Head of the Department of Prosthodontics President of Dental Section of the Hungarian Medical Chamber Place and date of birth Budapest, December 16, 1962 Language skills English Education, qualifications 2024: Doctor of Sciences of the Hungarian Academy of Sciences 2019: Advanced specialist &hellip;<\/p>\n","protected":false},"author":158,"featured_media":0,"parent":72,"menu_order":4,"comment_status":"closed","ping_status":"closed","template":"","meta":{"_acf_changed":false,"footnotes":""},"categories":[],"tags":[],"class_list":["post-82","page","type-page","status-publish","hentry"],"acf":[],"_links":{"self":[{"href":"https:\/\/semmelweis.hu\/english\/wp-json\/wp\/v2\/pages\/82","targetHints":{"allow":["GET"]}}],"collection":[{"href":"https:\/\/semmelweis.hu\/english\/wp-json\/wp\/v2\/pages"}],"about":[{"href":"https:\/\/semmelweis.hu\/english\/wp-json\/wp\/v2\/types\/page"}],"author":[{"embeddable":true,"href":"https:\/\/semmelweis.hu\/english\/wp-json\/wp\/v2\/users\/158"}],"replies":[{"embeddable":true,"href":"https:\/\/semmelweis.hu\/english\/wp-json\/wp\/v2\/comments?post=82"}],"version-history":[{"count":14,"href":"https:\/\/semmelweis.hu\/english\/wp-json\/wp\/v2\/pages\/82\/revisions"}],"predecessor-version":[{"id":47281,"href":"https:\/\/semmelweis.hu\/english\/wp-json\/wp\/v2\/pages\/82\/revisions\/47281"}],"up":[{"embeddable":true,"href":"https:\/\/semmelweis.hu\/english\/wp-json\/wp\/v2\/pages\/72"}],"wp:attachment":[{"href":"https:\/\/semmelweis.hu\/english\/wp-json\/wp\/v2\/media?parent=82"}],"wp:term":[{"taxonomy":"category","embeddable":true,"href":"https:\/\/semmelweis.hu\/english\/wp-json\/wp\/v2\/categories?post=82"},{"taxonomy":"post_tag","embeddable":true,"href":"https:\/\/semmelweis.hu\/english\/wp-json\/wp\/v2\/tags?post=82"}],"curies":[{"name":"wp","href":"https:\/\/api.w.org\/{rel}","templated":true}]}}