{"id":5780,"date":"2015-08-04T15:13:57","date_gmt":"2015-08-04T13:13:57","guid":{"rendered":"http:\/\/semmelweis.hu\/english\/?page_id=5780"},"modified":"2026-02-11T16:39:57","modified_gmt":"2026-02-11T15:39:57","slug":"vice-rector-for-general-affairs","status":"publish","type":"page","link":"https:\/\/semmelweis.hu\/english\/about-semmelweis-university\/leaders-of-the-university\/vice-rector-for-general-affairs\/","title":{"rendered":"Vice-Rector for General Affairs"},"content":{"rendered":"<h4><strong><a href=\"https:\/\/semmelweis.hu\/english\/files\/2024\/07\/RS99065_IMG_9854-scr.jpg\"><img loading=\"lazy\" decoding=\"async\" class=\"alignright  wp-image-41908\" src=\"https:\/\/semmelweis.hu\/english\/files\/2024\/07\/RS99065_IMG_9854-scr-286x400.jpg\" alt=\"\" width=\"215\" height=\"301\" srcset=\"https:\/\/semmelweis.hu\/english\/files\/2024\/07\/RS99065_IMG_9854-scr-286x400.jpg 286w, https:\/\/semmelweis.hu\/english\/files\/2024\/07\/RS99065_IMG_9854-scr.jpg 536w\" sizes=\"auto, (max-width: 215px) 100vw, 215px\" \/><\/a>Dr. Ferenc B\u00e1nhidy, M.D., Ph.D<br \/>\n<\/strong>Vice-Rector<strong><br \/>\n<\/strong><\/h4>\n<p><strong>Born<br \/>\n<\/strong>January 23, 1962, Budapest, Hungary<\/p>\n<h5>Education<\/h5>\n<p><em>University<\/em><\/p>\n<ul style=\"list-style-type: square\">\n<li>1980-1986 &#8211; Semmelweis University of Medicine, Faculty of Medicine<br \/>\nDiploma number: 68\/1986 &#8211; university recommendation<\/li>\n<\/ul>\n<p><em>Specialization<\/em><\/p>\n<ul style=\"list-style-type: square\">\n<li>Obstetrics and Gynaecology 884\/1990 &#8211; excellent result<\/li>\n<li>Clinical Oncology 40\/1997 &#8211; excellent result<\/li>\n<li>Surgery 1812\/2000 &#8211; passed with distinction<\/li>\n<li>Clinical Pharmacology 366\/2006 &#8211; passed with distinction<\/li>\n<\/ul>\n<p><em>Postgraduate training<\/em><\/p>\n<ul style=\"list-style-type: square\">\n<li>Medical Economist, University of Szeged, Faculty of Economics <br \/>\nDiploma number: O\/Gy-6\/2002.<\/li>\n<\/ul>\n<h5>Employment<\/h5>\n<ul style=\"list-style-type: square\">\n<li>Since 2013 &#8211; Deputy Clinical Director, Department of Obstetrics and Gynecology<\/li>\n<li>2012 &#8211; Acting Director of the 2nd Department of Obstetrics and Gynecology<\/li>\n<li>2012 &#8211; Full Professor<\/li>\n<\/ul>\n<h5>Academic degree<\/h5>\n<p>Ph.D. Candidate of Medicine Diploma number: 16859\/1997 <br \/>\nThesis:<em> &#8220;Analysis of killer and natural killer cell activity in patients with healthy and gynecological cancers.&#8221;<\/em><\/p>\n<p>Habilitation obtained in 2010<br \/>\nThesis : <em>&#8220;Effects of maternal diseases and medication on pregnancy outcome&#8221;<\/em><\/p>\n<h5>Current scientific activities<\/h5>\n<p>Investigation of maternal diseases affecting pregnancy outcomes and the effects of drug treatment during pregnancy Investigation and application of cervical cancer prevention and advanced surgical approaches in clinical practice<\/p>\n<h5>Membership<\/h5>\n<ul style=\"list-style-type: square\">\n<li>Hungarian Society of Obstetrics and Gynecological<\/li>\n<li>Hungarian Society of Gynecological Oncologists (alternate member of the board)<\/li>\n<li>Hungarian Society of Perinatology, Hungarian Scientific Society of Medical Oncologists<\/li>\n<li>Hungarian Society of Uterine Cancer and Colposcopy (board member)<\/li>\n<li>Hungarian Human Reproduction Society, Oncofertility Working Group (expert)<\/li>\n<li>European Society of Contraception and Reproductive Health<\/li>\n<li>European Association for Cancer Research<\/li>\n<li>Member of the editorial board of the <em>Family Medicine Review<\/em><\/li>\n<li>Member of the Editorial Board of <em>Gynecological Oncology<\/em><\/li>\n<\/ul>\n<h5>Other functions<\/h5>\n<ul style=\"list-style-type: square\">\n<li>Member of the Civil Service Council of Semmelweis University<\/li>\n<li>Member of the Ethics Committee of Semmelweis University<\/li>\n<li>Head of subprogram within the pharmaceutical division of the Semmelweis University Doctoral College<\/li>\n<li>Appointed specialist examiner in Clinical Oncology by the Minister of Health<\/li>\n<li>Member of the 3-member Chapter of the College of Experts<\/li>\n<li>Chair of the Professional Committee for Gynecological Oncology Surgery<\/li>\n<\/ul>\n<h5>Awards<\/h5>\n<ul style=\"list-style-type: square\">\n<li>2011: Pro Sanitate\u00a0<\/li>\n<li>2011: Award by JSC Valenta Pharmaceuticals\u00a0<\/li>\n<li>2024: L\u00e1szl\u00f3 Batthy\u00e1ny-Strattmann Award<\/li>\n<\/ul>\n<h5>Publications<\/h5>\n<ul style=\"list-style-type: square\">\n<li>Total: 164\u00a0<\/li>\n<li>Book chapters: 14<\/li>\n<li>Impact factor: 121,3<\/li>\n<li>Independent citations: 739<\/li>\n<\/ul>\n<p><strong><a href=\"https:\/\/m2.mtmt.hu\/gui2\/?type=authors&amp;mode=browse&amp;sel=10009719\" target=\"_blank\" rel=\"noopener\">List of Dr. Ferenc B\u00e1nhidy&#8217;s publications in the Hungarian Database of Scientific Works<\/a><\/strong><\/p>\n<h5>Languages<\/h5>\n<p>English &#8211; professional intermediate<\/p>\n","protected":false},"excerpt":{"rendered":"<p><a href=\"https:\/\/semmelweis.hu\/english\/files\/2024\/07\/RS99065_IMG_9854-scr.jpg\"><\/a> Dr. Ferenc B\u00e1nhidy, M.D., Ph.D Vice-Rector Born January 23, 1962, Budapest, Hungary Education University 1980-1986 &#8211; Semmelweis University of Medicine, Faculty of Medicine Diploma number: 68\/1986 &#8211; university recommendation Specialization Obstetrics and Gynaecology 884\/1990 &#8211; excellent result Clinical Oncology 40\/1997 &#8211; excellent result Surgery 1812\/2000 &#8211; passed with distinction Clinical Pharmacology 366\/2006 &#8211; passed with &hellip;<\/p>\n","protected":false},"author":362,"featured_media":0,"parent":72,"menu_order":3,"comment_status":"closed","ping_status":"closed","template":"","meta":{"_acf_changed":false,"footnotes":""},"categories":[],"tags":[],"class_list":["post-5780","page","type-page","status-publish","hentry"],"acf":[],"_links":{"self":[{"href":"https:\/\/semmelweis.hu\/english\/wp-json\/wp\/v2\/pages\/5780","targetHints":{"allow":["GET"]}}],"collection":[{"href":"https:\/\/semmelweis.hu\/english\/wp-json\/wp\/v2\/pages"}],"about":[{"href":"https:\/\/semmelweis.hu\/english\/wp-json\/wp\/v2\/types\/page"}],"author":[{"embeddable":true,"href":"https:\/\/semmelweis.hu\/english\/wp-json\/wp\/v2\/users\/362"}],"replies":[{"embeddable":true,"href":"https:\/\/semmelweis.hu\/english\/wp-json\/wp\/v2\/comments?post=5780"}],"version-history":[{"count":11,"href":"https:\/\/semmelweis.hu\/english\/wp-json\/wp\/v2\/pages\/5780\/revisions"}],"predecessor-version":[{"id":47280,"href":"https:\/\/semmelweis.hu\/english\/wp-json\/wp\/v2\/pages\/5780\/revisions\/47280"}],"up":[{"embeddable":true,"href":"https:\/\/semmelweis.hu\/english\/wp-json\/wp\/v2\/pages\/72"}],"wp:attachment":[{"href":"https:\/\/semmelweis.hu\/english\/wp-json\/wp\/v2\/media?parent=5780"}],"wp:term":[{"taxonomy":"category","embeddable":true,"href":"https:\/\/semmelweis.hu\/english\/wp-json\/wp\/v2\/categories?post=5780"},{"taxonomy":"post_tag","embeddable":true,"href":"https:\/\/semmelweis.hu\/english\/wp-json\/wp\/v2\/tags?post=5780"}],"curies":[{"name":"wp","href":"https:\/\/api.w.org\/{rel}","templated":true}]}}