{"id":88,"date":"2020-09-10T09:30:55","date_gmt":"2020-09-10T07:30:55","guid":{"rendered":"https:\/\/semmelweis.hu\/endokrinologia\/?page_id=88"},"modified":"2026-04-10T21:34:39","modified_gmt":"2026-04-10T19:34:39","slug":"tanszek-munkatarsai","status":"publish","type":"page","link":"https:\/\/semmelweis.hu\/endokrinologia\/tanszek-munkatarsai\/","title":{"rendered":"Munkat\u00e1rsaink"},"content":{"rendered":"<p><strong>Tansz\u00e9kvezet\u0151:<\/strong><\/p>\n<p><strong>Dr. Igaz<\/strong><strong><img loading=\"lazy\" decoding=\"async\" class=\"wp-image-103 alignright\" src=\"https:\/\/semmelweis.hu\/endokrinologia\/files\/2020\/09\/DrPeterIgaz-2017-400x267.jpg\" alt=\"\" width=\"420\" height=\"281\" srcset=\"https:\/\/semmelweis.hu\/endokrinologia\/files\/2020\/09\/DrPeterIgaz-2017-400x267.jpg 400w, https:\/\/semmelweis.hu\/endokrinologia\/files\/2020\/09\/DrPeterIgaz-2017-768x513.jpg 768w, https:\/\/semmelweis.hu\/endokrinologia\/files\/2020\/09\/DrPeterIgaz-2017-753x503.jpg 753w, https:\/\/semmelweis.hu\/endokrinologia\/files\/2020\/09\/DrPeterIgaz-2017-203x135.jpg 203w, https:\/\/semmelweis.hu\/endokrinologia\/files\/2020\/09\/DrPeterIgaz-2017.jpg 950w\" sizes=\"auto, (max-width: 420px) 100vw, 420px\" \/><\/strong><strong> P\u00e9ter egyetemi tan\u00e1r<\/strong><\/p>\n<p style=\"text-align: justify\">R\u00f6vid \u00d6n\u00e9letrajz: 1997-ben v\u00e9gzett a Semmelweis Egyetem \u00c1ltal\u00e1nos Orvostudom\u00e1nyi Kar\u00e1n. V\u00e9gz\u00e9se ut\u00e1n a Semmelweis Egyetem II. Belgy\u00f3gy\u00e1szati Klinik\u00e1ra ker\u00fclt, amelynek 2016 j\u00falius\u00e1t\u00f3l igazgat\u00f3ja volt 2020. m\u00e1jus 15-ig, amikor a Klinika \u00e1tszervez\u00e9ssel megsz\u0171nt. Igazgat\u00f3s\u00e1ga alatt nyerte el a II. Belgy\u00f3gy\u00e1szati Klinika az Eur\u00f3pai Neuroendokrin Tumor T\u00e1rsas\u00e1g kiv\u00e1l\u00f3s\u00e1gi centrum c\u00edm\u00e9t, aminek t\u00e1rsvezet\u0151je Prof. T\u00f3th Mikl\u00f3ssal egy\u00fctt. 2020. m\u00e1jus 15-t\u0151l az Endokrinol\u00f3giai Tansz\u00e9k vezet\u0151je. 2020-ban kutat\u00f3csoportja az eur\u00f3pai mell\u00e9kvese-daganat kutat\u00f3 t\u00e1rsas\u00e1g (ENS@T) Kutat\u00e1si Kiv\u00e1l\u00f3s\u00e1gi Centrum c\u00edm\u00e9t is elnyerte. Belgy\u00f3gy\u00e1szat, endokrinol\u00f3gia \u00e9s klinikai genetika szakvizsg\u00e1kkal rendelkezik. Az orvosi diploma mellett biol\u00f3gus (molekul\u00e1ris biol\u00f3gia szakir\u00e1ny) \u00e9s jog\u00e1sz v\u00e9gzetts\u00e9ge is van. 1999-ben PhD fokozatot szerzett, 2013 \u00f3ta az MTA doktora. Klinkai \u00e9rdekl\u0151d\u00e9s\u00e9nek k\u00f6z\u00e9ppontj\u00e1ban a mell\u00e9kvese betegs\u00e9gei, neuroendokrin daganatok, agyalapi mirigy betegs\u00e9gei \u00e1llnak. F\u0151 kutat\u00e1si ter\u00fclet\u00e9t a mell\u00e9kvese daganatok bioinformatikai, g\u00e9nexpresszi\u00f3s vizsg\u00e1lata k\u00e9pezi. T\u00f6bb mint 150 tudom\u00e1nyos <a href=\"https:\/\/pubmed.ncbi.nlm.nih.gov\/?term=igaz+p\">k\u00f6zlem\u00e9ny szerz\u0151je<\/a>, \u00f6sszes\u00edtett impakt faktora 400 felett van, <a href=\"https:\/\/m2.mtmt.hu\/gui2\/?type=authors&amp;mode=browse&amp;sel=10000070\">f\u00fcggetlen hivatkoz\u00e1sainak sz\u00e1ma 2000 felett (MTMT)<\/a>. 3 angol nyelv\u0171 k\u00f6nyvet szerkesztett eddig: (Igaz P (Ed.): <a href=\"https:\/\/www.springer.com\/gp\/book\/9783034809535\">Circulating microRNAs in disease diagnostics and their potential biological relevance<\/a>, Springer, 2015), Igaz P-Pat\u00f3cs A (Eds): <a href=\"https:\/\/www.springer.com\/gp\/book\/9783030259044\">Genetics of Endocrine Diseases and Syndromes<\/a>, Springer, 2019), Igaz P (Ed.): <a href=\"https:\/\/link.springer.com\/book\/10.1007\/978-3-030-62011-0\">Practical Clinical Endocrinology<\/a>, Springer, 2021). A tansz\u00e9kvezet\u0151 leg\u00fajabb k\u00f6nyve egy ismeretterjeszt\u0151 k\u00f6nyv a Medicina k\u00f6nyvkiad\u00f3 gondoz\u00e1s\u00e1ban, ami 2023-ban <a href=\"https:\/\/www.medicina-kiado.hu\/kiadvanyaink\/eletmod-egeszseg\/ismeretterjeszto\/hormonbetegsegekrol-mindenkinek\/\">&#8222;Hormonbetegs\u00e9gekr\u0151l mindenkinek&#8221;<\/a> c\u00edmmel jelent meg. Hasonl\u00f3 t\u00e9m\u00e1ban a Springer gondoz\u00e1s\u00e1ban angol (<a href=\"https:\/\/link.springer.com\/book\/10.1007\/978-3-031-44494-4\">Hormonal diseases: a guide for the layperson<\/a>) \u00e9s n\u00e9met nyelven (<a href=\"https:\/\/link.springer.com\/book\/10.1007\/978-3-031-92956-4\">Hormonelle erkrankungen: ein Leitfaden<\/a>) is megjelent, ill. jelenleg olasz nyelv\u0171 ford\u00edt\u00e1sa is k\u00e9sz\u00fcl (Malattie ormonali: una guida practica). Hazai \u00e9s nemzetk\u00f6zi tudom\u00e1nyos foly\u00f3iratok szerkeszt\u0151bizotts\u00e1gi tagja (Orvosi Hetilap, American Journal of Cancer Research, Frontiers in Genetics, ill. 2025 \u00f3ta az Endocrine Related Cancer associate editora). 2023-ban a Magyar Endokrinol\u00f3giai \u00e9s Anyagcsere T\u00e1rsas\u00e1g f\u0151titk\u00e1r\u00e1nak v\u00e1lasztott\u00e1k.<\/p>\n<p><strong>Titk\u00e1rs\u00e1g:\u00a0 B\u00e9csi N\u00f3ra<br \/><\/strong><\/p>\n<p><strong>Egyetemi tan\u00e1r:<\/strong> \u00a0\u00a0\u00a0\u00a0\u00a0\u00a0\u00a0\u00a0\u00a0\u00a0\u00a0\u00a0\u00a0\u00a0<\/p>\n<p>Dr. Horv\u00e1th Csaba egyetemi tan\u00e1r<\/p>\n<p><strong>Dr. Lakatos P\u00e9ter Andr\u00e1s egyetemi tan\u00e1r<br \/><\/strong><\/p>\n<p>Lakatos professzor \u00e9s munkacsoportja akt\u00edvan r\u00e9szt vett a kalcium- \u00e9s csont-anyagcsere fiziol\u00f3gi\u00e1s \u00e9s k\u00f3ros \u00e1llapotainak, valamint a pajzsmirigy b<img loading=\"lazy\" decoding=\"async\" class=\" wp-image-246 alignright\" src=\"https:\/\/semmelweis.hu\/endokrinologia\/files\/2020\/10\/Lakatos-P\u00e9ter-friss-300x400.jpg\" alt=\"\" width=\"271\" height=\"361\" srcset=\"https:\/\/semmelweis.hu\/endokrinologia\/files\/2020\/10\/Lakatos-P\u00e9ter-friss-300x400.jpg 300w, https:\/\/semmelweis.hu\/endokrinologia\/files\/2020\/10\/Lakatos-P\u00e9ter-friss-768x1024.jpg 768w, https:\/\/semmelweis.hu\/endokrinologia\/files\/2020\/10\/Lakatos-P\u00e9ter-friss-1152x1536.jpg 1152w, https:\/\/semmelweis.hu\/endokrinologia\/files\/2020\/10\/Lakatos-P\u00e9ter-friss-1536x2048.jpg 1536w, https:\/\/semmelweis.hu\/endokrinologia\/files\/2020\/10\/Lakatos-P\u00e9ter-friss-753x1004.jpg 753w, https:\/\/semmelweis.hu\/endokrinologia\/files\/2020\/10\/Lakatos-P\u00e9ter-friss-scaled.jpg 1920w\" sizes=\"auto, (max-width: 271px) 100vw, 271px\" \/>etegs\u00e9geinek laborat\u00f3riumi \u00e9s eszk\u00f6z\u00f6s vizsg\u00e1lat\u00e1ban. A 80-as \u00e9vek k\u00f6zep\u00e9n, a vil\u00e1gon harmadikk\u00e9nt fejlesztett ki munkat\u00e1rsaival osteocalcin radioimmunoassay-t, amely kereskedelmi forgalomba is ker\u00fclt. Mind alap, mind klinikai kutat\u00e1si programokat vezet, amelyek els\u0151sorban a csont- \u00e9s pajzsmirigy betegs\u00e9geire koncentr\u00e1lnak. Az ut\u00f3bbi 25 \u00e9vben az \u00e9rdekl\u0151d\u00e9se ezen ter\u00fcletek genetikai h\u00e1tter\u00e9nek kutat\u00e1sa fel\u00e9 fordult, amelynek sor\u00e1n t\u00f6bb, nemzetk\u00f6zileg is figyelemrem\u00e9lt\u00f3 eredm\u00e9nyt \u00e9rt el munkat\u00e1rsaival, mint pl els\u0151k\u00e9nt tudott hum\u00e1n csontsz\u00f6vetb\u0151l DNS-t \u00e9s RNS-t szepar\u00e1lni \u00fagy, hogy abb\u00f3l genetikai profilvizsg\u00e1latok k\u00e9sz\u00fclhettek, vagy, hogy els\u0151k\u00e9nt hoztak l\u00e9tre csont-anyagcsere \u00e9s pajzsmirigy r\u00e1kok genetikai diagnosztik\u00e1j\u00e1t seg\u00edt\u0151 genetikai vizsg\u00e1lati panelt. Lakatos professzor t\u00f6bb mint 692 tudom\u00e1nyos k\u00f6zlem\u00e9ny szerz\u0151je, amelyek impakt faktora t\u00f6bb mint 649, hivatkoz\u00e1sok sz\u00e1ma k\u00f6zel 10,000, Hirsch indexe 39. Eln\u00f6ke volt a Magyar Osteoporosis \u00e9s Osteoarthrol\u00f3giai T\u00e1rsas\u00e1gnak 1999-2005. k\u00f6z\u00f6tt, illetve 1997-2007. k\u00f6z\u00f6tt a European Society for Calcified Tissues vezet\u0151s\u00e9gi tagja. Emellett most is sz\u00e1mos szakmai t\u00e1rsas\u00e1g, ETT, akad\u00e9miai, szerkeszt\u0151s\u00e9gi \u00e9s egy\u00e9b bizotts\u00e1g tagja, illetve a European Science Foundation P\u00e1ly\u00e1zati B\u00edr\u00e1l\u00f3bizotts\u00e1g\u00e1nak tagja. Lakatos dr. egyebek mellett megkapta a biok\u00e9miai Madzsar D\u00edjat, az NIH Fogarty International Center Award-ot az USA-ban, a Sandoz Tudom\u00e1nyos D\u00edjat, az ausztr\u00e1l ICCRH Award-ot, a Sz\u00e9chenyi professzori \u00f6szt\u00f6nd\u00edjat, a Jendrassik d\u00edjat, a kanadai Terry Fox d\u00edjat, illetve a Pro Universitate d\u00edjat.<\/p>\n<p>&nbsp;<\/p>\n<p><strong>Dr. T\u00f3th Mikl\u00f3s egyetemi tan\u00e1r<\/strong><\/p>\n<p style=\"text-align: justify\">Orvosi diplom\u00e1j\u00e1t 1980-ban szerezte Debrecenben. H\u00e9t \u00e9vi patol\u00f3gusi munk\u00e1t k\u00f6vet\u0151en 1987\u20132020 k\u00f6z\u00f6tt\u00a0 a Semmelweis Egyetem II. Belgy\u00f3gy\u00e1szati Klinik\u00e1j\u00e1n dolgozott, amelynek 2015\u201316-ban megb\u00edzott igazgat\u00f3ja, majd a Klinika meg<img loading=\"lazy\" decoding=\"async\" class=\"size-medium wp-image-251 alignright\" src=\"https:\/\/semmelweis.hu\/endokrinologia\/files\/2020\/11\/TothM-279x400.jpg\" alt=\"\" width=\"279\" height=\"400\" srcset=\"https:\/\/semmelweis.hu\/endokrinologia\/files\/2020\/11\/TothM-279x400.jpg 279w, https:\/\/semmelweis.hu\/endokrinologia\/files\/2020\/11\/TothM-714x1024.jpg 714w, https:\/\/semmelweis.hu\/endokrinologia\/files\/2020\/11\/TothM-768x1101.jpg 768w, https:\/\/semmelweis.hu\/endokrinologia\/files\/2020\/11\/TothM-1071x1536.jpg 1071w, https:\/\/semmelweis.hu\/endokrinologia\/files\/2020\/11\/TothM-753x1080.jpg 753w, https:\/\/semmelweis.hu\/endokrinologia\/files\/2020\/11\/TothM.jpg 1381w\" sizes=\"auto, (max-width: 279px) 100vw, 279px\" \/>sz\u0171n\u00e9s\u00e9ig igazgat\u00f3helyettese volt. 2018. \u00f3ta vezeti a Geri\u00e1triai Tansz\u00e9ki Csoportot. 2020. j\u00falius 1-t\u0151l a Belgy\u00f3gy\u00e1szati \u00e9s Onkol\u00f3giai Klinika professzora. Belgy\u00f3gy\u00e1szati szakvizsg\u00e1t 1991-ben, endokrinol\u00f3giai \u00e9s anyagcsere szakvizsg\u00e1t 1993-ban szerzett. 2011-ben klinikai onkol\u00f3gi\u00e1b\u00f3l nyert szakk\u00e9pes\u00edt\u00e9st. 2013-ban egyetemi tan\u00e1rr\u00e1 nevezt\u00e9k ki.<\/p>\n<p>Megszervezte \u00e9s vezeti a Semmelweis Egyetem Endokrinol\u00f3giai Onkoteamj\u00e9t \u00e9s Hypophysis Bizotts\u00e1g\u00e1t. T\u00e1rsvezet\u0151je az Eur\u00f3pai Neuroendokrin Tumor T\u00e1rsas\u00e1g (ENETS) magyar Kiv\u00e1l\u00f3s\u00e1gi Centrum\u00e1nak. Tudom\u00e1nyos \u00e9s betegell\u00e1t\u00f3 munk\u00e1j\u00e1nak k\u00f6zpontj\u00e1ban a hypophysis \u00e9s mell\u00e9kvese betegs\u00e9gek, a metabolikus csontbetegs\u00e9gek \u00e9s a rosszindulat\u00fa endokrin tumorok \u00e1llnak. 184 tudom\u00e1nyos k\u00f6zlem\u00e9ny\u00e9re 2239 hivatkoz\u00e1st kapott. \u00d6sszes\u00edtett k\u00f6zlem\u00e9nyeinek sz\u00e1ma 513. 17 k\u00f6nyvfejezet \u00edrt \u00e9s egy k\u00f6nyvet szerkesztett. Hirsch-indexe 24.<\/p>\n<p>2007-t\u0151l vezet\u0151s\u00e9gi tagja, 2011-2019 k\u00f6z\u00f6tt f\u0151titk\u00e1ra, 2019-t\u0151l eln\u00f6ke\u00a0 a Magyar Endokrinol\u00f3giai \u00e9s Anyagcsere T\u00e1rsas\u00e1gnak. T\u00f6bb hazai \u00e9s k\u00fclf\u00f6ldi foly\u00f3iratnak szerkeszt\u0151s\u00e9gi tagja, akt\u00edvan r\u00e9szt vesz sz\u00e1mos eur\u00f3pai endokrin szervezet munk\u00e1j\u00e1ban (ESE, ECAS, UEMS, Endo-ERN). 2016-ban elnyerte az Orvosi Hetilap Markusovszky Lajos d\u00edj\u00e1t, 2018-ban a Rom\u00e1n Endokrinol\u00f3giai T\u00e1rsas\u00e1g tiszteletbeli tagj\u00e1v\u00e1 v\u00e1lasztotta.<\/p>\n<p>&nbsp;<\/p>\n<p><strong>Egyetemi docens:\u00a0\u00a0<\/strong><\/p>\n<p><span style=\"font-size: 1rem\">Dr. Putz Zsuzsanna egyetemi docens<\/span><span style=\"font-size: 1rem\">\u00a0<\/span><\/p>\n<p><strong>Dr. Reismann P\u00e9ter egyetemi docens<\/strong><img loading=\"lazy\" decoding=\"async\" class=\" wp-image-247 alignright\" src=\"https:\/\/semmelweis.hu\/endokrinologia\/files\/2020\/10\/Reismann-hivatalos-k\u00e9p2-400x267.jpg\" alt=\"\" width=\"379\" height=\"253\" srcset=\"https:\/\/semmelweis.hu\/endokrinologia\/files\/2020\/10\/Reismann-hivatalos-k\u00e9p2-400x267.jpg 400w, https:\/\/semmelweis.hu\/endokrinologia\/files\/2020\/10\/Reismann-hivatalos-k\u00e9p2-768x512.jpg 768w, https:\/\/semmelweis.hu\/endokrinologia\/files\/2020\/10\/Reismann-hivatalos-k\u00e9p2-753x502.jpg 753w, https:\/\/semmelweis.hu\/endokrinologia\/files\/2020\/10\/Reismann-hivatalos-k\u00e9p2-203x135.jpg 203w, https:\/\/semmelweis.hu\/endokrinologia\/files\/2020\/10\/Reismann-hivatalos-k\u00e9p2.jpg 950w\" sizes=\"auto, (max-width: 379px) 100vw, 379px\" \/><\/p>\n<p>szakvizsg\u00e1k: belgy\u00f3gy\u00e1szat, endokrinol\u00f3gia; szakter\u00fclet: endokrinol\u00f3gia betegs\u00e9gek, k\u00fcl\u00f6n\u00f6s hangs\u00fallyal a\u00a0<\/p>\n<p>pajzsmirigy betegs\u00e9gek, velesz\u00fcletett ritka anyagcsere betegs\u00e9gek<\/p>\n<p>kutat\u00e1si ter\u00fclet: phenylketonuria feln\u0151ttkorban<\/p>\n<p>Dr. Sz\u00fccs Nikolette egyetemi docens<\/p>\n<p>Dr. T\u0151ke Judit egyetemi docens<\/p>\n<p><strong>Egyetemi adjunktus:\u00a0\u00a0<\/strong> \u00a0\u00a0\u00a0<\/p>\n<p>Dr. M\u00e9sz\u00e1ros Szilvia egyetemi adjunktus<\/p>\n<p><strong>Egyetemi tan\u00e1rseg\u00e9d:\u00a0\u00a0<\/strong>\u00a0<\/p>\n<p>Dr. Szili Bal\u00e1zs egyetemi tan\u00e1rseg\u00e9d<\/p>\n","protected":false},"excerpt":{"rendered":"<p>Tansz\u00e9kvezet\u0151: Dr. Igaz P\u00e9ter egyetemi tan\u00e1r R\u00f6vid \u00d6n\u00e9letrajz: 1997-ben v\u00e9gzett a Semmelweis Egyetem \u00c1ltal\u00e1nos Orvostudom\u00e1nyi Kar\u00e1n. V\u00e9gz\u00e9se ut\u00e1n a Semmelweis Egyetem II. Belgy\u00f3gy\u00e1szati Klinik\u00e1ra ker\u00fclt, amelynek 2016 j\u00falius\u00e1t\u00f3l igazgat\u00f3ja volt 2020. m\u00e1jus 15-ig, amikor a Klinika \u00e1tszervez\u00e9ssel megsz\u0171nt. Igazgat\u00f3s\u00e1ga alatt nyerte el a II. Belgy\u00f3gy\u00e1szati Klinika az Eur\u00f3pai Neuroendokrin Tumor T\u00e1rsas\u00e1g kiv\u00e1l\u00f3s\u00e1gi centrum c\u00edm\u00e9t, aminek &hellip;<\/p>\n","protected":false},"author":101302,"featured_media":0,"parent":0,"menu_order":2,"comment_status":"closed","ping_status":"closed","template":"","meta":{"_acf_changed":false,"footnotes":""},"categories":[],"tags":[],"class_list":["post-88","page","type-page","status-publish","hentry"],"acf":[],"_links":{"self":[{"href":"https:\/\/semmelweis.hu\/endokrinologia\/wp-json\/wp\/v2\/pages\/88","targetHints":{"allow":["GET"]}}],"collection":[{"href":"https:\/\/semmelweis.hu\/endokrinologia\/wp-json\/wp\/v2\/pages"}],"about":[{"href":"https:\/\/semmelweis.hu\/endokrinologia\/wp-json\/wp\/v2\/types\/page"}],"author":[{"embeddable":true,"href":"https:\/\/semmelweis.hu\/endokrinologia\/wp-json\/wp\/v2\/users\/101302"}],"replies":[{"embeddable":true,"href":"https:\/\/semmelweis.hu\/endokrinologia\/wp-json\/wp\/v2\/comments?post=88"}],"version-history":[{"count":10,"href":"https:\/\/semmelweis.hu\/endokrinologia\/wp-json\/wp\/v2\/pages\/88\/revisions"}],"predecessor-version":[{"id":412,"href":"https:\/\/semmelweis.hu\/endokrinologia\/wp-json\/wp\/v2\/pages\/88\/revisions\/412"}],"wp:attachment":[{"href":"https:\/\/semmelweis.hu\/endokrinologia\/wp-json\/wp\/v2\/media?parent=88"}],"wp:term":[{"taxonomy":"category","embeddable":true,"href":"https:\/\/semmelweis.hu\/endokrinologia\/wp-json\/wp\/v2\/categories?post=88"},{"taxonomy":"post_tag","embeddable":true,"href":"https:\/\/semmelweis.hu\/endokrinologia\/wp-json\/wp\/v2\/tags?post=88"}],"curies":[{"name":"wp","href":"https:\/\/api.w.org\/{rel}","templated":true}]}}