{"id":3021,"date":"2024-09-24T10:20:21","date_gmt":"2024-09-24T10:20:21","guid":{"rendered":"https:\/\/test.semmelweis.hu\/barmi\/?page_id=3021"},"modified":"2025-07-16T16:54:03","modified_gmt":"2025-07-16T14:54:03","slug":"surjan-cecilia-dr","status":"publish","type":"page","link":"https:\/\/semmelweis.hu\/emk\/oktatas\/munkatarsak-oktatoi-csapat\/surjan-cecilia-dr\/","title":{"rendered":"Surj\u00e1n Cec\u00edlia, Dr."},"content":{"rendered":"<p><img loading=\"lazy\" decoding=\"async\" class=\"aligncenter wp-image-3023 \" src=\"https:\/\/semmelweis.hu\/emk\/files\/2024\/09\/Surjan_Cecilia-e1727172926119.jpg\" alt=\"Surj\u00e1n Cec\u00edlia\" width=\"501\" height=\"433\" srcset=\"https:\/\/semmelweis.hu\/emk\/files\/2024\/09\/Surjan_Cecilia-e1727172926119.jpg 960w, https:\/\/semmelweis.hu\/emk\/files\/2024\/09\/Surjan_Cecilia-e1727172926119-400x346.jpg 400w, https:\/\/semmelweis.hu\/emk\/files\/2024\/09\/Surjan_Cecilia-e1727172926119-768x664.jpg 768w, https:\/\/semmelweis.hu\/emk\/files\/2024\/09\/Surjan_Cecilia-e1727172926119-753x651.jpg 753w\" sizes=\"auto, (max-width: 501px) 100vw, 501px\" \/><\/p>\n<div class=\"keretes w-100\">\n<p><strong><span style=\"font-size: 18pt\">Dr. Surj\u00e1n Cec\u00edlia<\/span><br \/>\n<\/strong>adjunktus<br \/>\n<a href=\"mailto:surjan.cecilia@emk.semmelweis.hu\" target=\"_blank\" rel=\"noopener\">surjan.cecilia@emk.semmelweis.hu<\/a> <br \/>\n<span data-sheets-root=\"1\">1125 Budapest, K\u00fatv\u00f6lgyi \u00fat 2.<\/span><\/p>\n<\/div>\n<h4><strong>OKTAT\u00d3I BEMUTATKOZ\u00c1S<\/strong><\/h4>\n<p style=\"text-align: justify\">Dr. Surj\u00e1n Cec\u00edlia<span style=\"font-weight: 400\"> 2011-ben szerzett diplom\u00e1t Eg\u00e9szs\u00e9g\u00fcgyi \u00fcgyvitelszervez\u0151 BSc szakon a Semmelweis Egyetem Eg\u00e9szs\u00e9g\u00fcgyi K\u00f6zszolg\u00e1lati kar\u00e1n, majd 2013-ban az Eg\u00e9szs\u00e9g\u00fcgyi menedzser MSc szakon. Doktori fokozat\u00e1t 2023 j\u00fanius\u00e1ban szerezte meg, kutat\u00e1sa az id\u0151skori cs\u00edp\u0151t\u00e1ji t\u00f6r\u00e9sek ell\u00e1t\u00e1s\u00e1t vizsg\u00e1lta min\u0151s\u00e9g\u00fcgyi szempontb\u00f3l. <\/span><span style=\"font-weight: 400\">A Semmelweis Egyetem Eg\u00e9szs\u00e9g\u00fcgyi Menedzserk\u00e9pz\u0151 K\u00f6zpont Betegbiztons\u00e1gi Tansz\u00e9k\u00e9nek tagja, az int\u00e9zet \u00e9s a tansz\u00e9k munk\u00e1j\u00e1t 2016-t\u00f3l tan\u00e1rseg\u00e9di, majd 2023-t\u00f3l adjunktusi poz\u00edci\u00f3ban seg\u00edti. Az EMK oktat\u00f3jak\u00e9nt sz\u00e1mos k\u00e9pz\u00e9sben vesz r\u00e9szt (t\u00f6bbek k\u00f6z\u00f6tt: Eg\u00e9szs\u00e9g\u00fcgyi menedzser MSc, Eg\u00e9szs\u00e9g\u00fcgyi \u00fcgyvitelszervez\u0151 BSc, N\u00e9peg\u00e9szs\u00e9g\u00fcgyi ellen\u0151r MSc, valamint v\u00e1laszthat\u00f3 t\u00e1rgy oktat\u00e1sa angol \u00e9s magyar nyelven az \u00c1OK-n \u00e9s a FOK-on). A Betegbiztons\u00e1gi Tansz\u00e9ken projektekhez k\u00f6t\u0151d\u0151 munk\u00e1j\u00e1ban jelenleg a beteg\u00fatelemz\u00e9sekre \u00e9s -fejleszt\u00e9sre ir\u00e1nyul\u00f3 elemz\u00e9si, szak\u00e9rt\u0151i tev\u00e9kenys\u00e9gek domin\u00e1lnak.<\/span><\/p>\n<p><a href=\"https:\/\/m2.mtmt.hu\/api\/publication?format=html&amp;labelLang=hun&amp;sort=publishedYear,desc&amp;cond=authors;eq;10054197\" target=\"_blank\" rel=\"noopener\"><img loading=\"lazy\" decoding=\"async\" class=\"alignnone wp-image-2492\" src=\"https:\/\/semmelweis.hu\/emk\/files\/2024\/08\/MTMT_logo.jpg\" alt=\"\" width=\"61\" height=\"61\" srcset=\"https:\/\/semmelweis.hu\/emk\/files\/2024\/08\/MTMT_logo.jpg 180w, https:\/\/semmelweis.hu\/emk\/files\/2024\/08\/MTMT_logo-150x150.jpg 150w\" sizes=\"auto, (max-width: 61px) 100vw, 61px\" \/><\/a>\u00a0\u00a0\u00a0\u00a0<a href=\"https:\/\/www.linkedin.com\/in\/cec%C3%ADlia-surj%C3%A1n-19369b84\/\" target=\"_blank\" rel=\"noopener\"><img loading=\"lazy\" decoding=\"async\" class=\"alignnone wp-image-2491\" src=\"https:\/\/semmelweis.hu\/emk\/files\/2024\/08\/linkedin_logo.png\" alt=\"\" width=\"50\" height=\"50\" srcset=\"https:\/\/semmelweis.hu\/emk\/files\/2024\/08\/linkedin_logo.png 512w, https:\/\/semmelweis.hu\/emk\/files\/2024\/08\/linkedin_logo-400x400.png 400w, https:\/\/semmelweis.hu\/emk\/files\/2024\/08\/linkedin_logo-150x150.png 150w\" sizes=\"auto, (max-width: 50px) 100vw, 50px\" \/><\/a><\/p>\n","protected":false},"excerpt":{"rendered":"<p>Dr. Surj\u00e1n Cec\u00edlia adjunktus <a href=\"mailto:surjan.cecilia@emk.semmelweis.hu\" target=\"_blank\" rel=\"noopener\">surjan.cecilia@emk.semmelweis.hu<\/a> 1125 Budapest, K\u00fatv\u00f6lgyi \u00fat 2. OKTAT\u00d3I BEMUTATKOZ\u00c1S Dr. Surj\u00e1n Cec\u00edlia 2011-ben szerzett diplom\u00e1t Eg\u00e9szs\u00e9g\u00fcgyi \u00fcgyvitelszervez\u0151 BSc szakon a Semmelweis Egyetem Eg\u00e9szs\u00e9g\u00fcgyi K\u00f6zszolg\u00e1lati kar\u00e1n, majd 2013-ban az Eg\u00e9szs\u00e9g\u00fcgyi menedzser MSc szakon. Doktori fokozat\u00e1t 2023 j\u00fanius\u00e1ban szerezte meg, kutat\u00e1sa az id\u0151skori cs\u00edp\u0151t\u00e1ji t\u00f6r\u00e9sek ell\u00e1t\u00e1s\u00e1t vizsg\u00e1lta min\u0151s\u00e9g\u00fcgyi szempontb\u00f3l. A Semmelweis Egyetem Eg\u00e9szs\u00e9g\u00fcgyi Menedzserk\u00e9pz\u0151 K\u00f6zpont &hellip;<\/p>\n","protected":false},"author":102350,"featured_media":25621,"parent":1952,"menu_order":0,"comment_status":"closed","ping_status":"closed","template":"","meta":{"_acf_changed":false,"footnotes":""},"categories":[],"tags":[],"class_list":["post-3021","page","type-page","status-publish","has-post-thumbnail","hentry"],"acf":[],"_links":{"self":[{"href":"https:\/\/semmelweis.hu\/emk\/wp-json\/wp\/v2\/pages\/3021","targetHints":{"allow":["GET"]}}],"collection":[{"href":"https:\/\/semmelweis.hu\/emk\/wp-json\/wp\/v2\/pages"}],"about":[{"href":"https:\/\/semmelweis.hu\/emk\/wp-json\/wp\/v2\/types\/page"}],"author":[{"embeddable":true,"href":"https:\/\/semmelweis.hu\/emk\/wp-json\/wp\/v2\/users\/102350"}],"replies":[{"embeddable":true,"href":"https:\/\/semmelweis.hu\/emk\/wp-json\/wp\/v2\/comments?post=3021"}],"version-history":[{"count":1,"href":"https:\/\/semmelweis.hu\/emk\/wp-json\/wp\/v2\/pages\/3021\/revisions"}],"predecessor-version":[{"id":25625,"href":"https:\/\/semmelweis.hu\/emk\/wp-json\/wp\/v2\/pages\/3021\/revisions\/25625"}],"up":[{"embeddable":true,"href":"https:\/\/semmelweis.hu\/emk\/wp-json\/wp\/v2\/pages\/1952"}],"wp:featuredmedia":[{"embeddable":true,"href":"https:\/\/semmelweis.hu\/emk\/wp-json\/wp\/v2\/media\/25621"}],"wp:attachment":[{"href":"https:\/\/semmelweis.hu\/emk\/wp-json\/wp\/v2\/media?parent=3021"}],"wp:term":[{"taxonomy":"category","embeddable":true,"href":"https:\/\/semmelweis.hu\/emk\/wp-json\/wp\/v2\/categories?post=3021"},{"taxonomy":"post_tag","embeddable":true,"href":"https:\/\/semmelweis.hu\/emk\/wp-json\/wp\/v2\/tags?post=3021"}],"curies":[{"name":"wp","href":"https:\/\/api.w.org\/{rel}","templated":true}]}}