{"id":3007,"date":"2024-09-24T09:36:44","date_gmt":"2024-09-24T09:36:44","guid":{"rendered":"https:\/\/test.semmelweis.hu\/barmi\/?page_id=3007"},"modified":"2026-02-04T09:53:26","modified_gmt":"2026-02-04T08:53:26","slug":"palicz-tamas-dr","status":"publish","type":"page","link":"https:\/\/semmelweis.hu\/emk\/oktatas\/munkatarsak-oktatoi-csapat\/palicz-tamas-dr\/","title":{"rendered":"Palicz Tam\u00e1s, Dr."},"content":{"rendered":"<p><img loading=\"lazy\" decoding=\"async\" class=\"wp-image-3009  aligncenter\" src=\"https:\/\/semmelweis.hu\/emk\/files\/2024\/09\/Dr.-Palicz-Tamas-Gyula-027_web-1024x1024.jpg\" alt=\"Dr. Palicz Tama\u0301s\" width=\"700\" height=\"700\" srcset=\"https:\/\/semmelweis.hu\/emk\/files\/2024\/09\/Dr.-Palicz-Tamas-Gyula-027_web-1024x1024.jpg 1024w, https:\/\/semmelweis.hu\/emk\/files\/2024\/09\/Dr.-Palicz-Tamas-Gyula-027_web-400x400.jpg 400w, https:\/\/semmelweis.hu\/emk\/files\/2024\/09\/Dr.-Palicz-Tamas-Gyula-027_web-150x150.jpg 150w, https:\/\/semmelweis.hu\/emk\/files\/2024\/09\/Dr.-Palicz-Tamas-Gyula-027_web-768x768.jpg 768w, https:\/\/semmelweis.hu\/emk\/files\/2024\/09\/Dr.-Palicz-Tamas-Gyula-027_web-753x753.jpg 753w, https:\/\/semmelweis.hu\/emk\/files\/2024\/09\/Dr.-Palicz-Tamas-Gyula-027_web.jpg 1500w\" sizes=\"auto, (max-width: 700px) 100vw, 700px\" \/><\/p>\n<div class=\"keretes w-100\">\n<p><strong>Dr. Palicz Tam\u00e1s<br \/>\n<\/strong><span style=\"font-weight: 400\">mesteroktat\u00f3<\/span><br \/>\n<a href=\"mailto:palicz.tamas@emk.semmelweis.hu\" target=\"_blank\" rel=\"noopener\">palicz.tamas@emk.semmelweis.hu<\/a> <br \/>\n<span data-sheets-root=\"1\">1125 Budapest, K\u00fatv\u00f6lgyi \u00fat 2.<\/span><\/p>\n<\/div>\n<h4><strong>OKTAT\u00d3I BEMUTATKOZ\u00c1S<\/strong><\/h4>\n<p style=\"text-align: justify\">Dr. Palicz Tam\u00e1s <span style=\"font-weight: 400\">1993-ban szerezte orvosdoktori diplom\u00e1j\u00e1t a Debreceni Egyetemen, majd 1998-ban belgy\u00f3gy\u00e1sz szakorvos lett. A klinikusi \u00e9veket k\u00f6vet\u0151en 2000-t\u0151l foglalkozik eur\u00f3pai uni\u00f3s t\u00e1mogat\u00e1s\u00fa projektek tervez\u00e9s\u00e9vel, v\u00e9grehajt\u00e1s\u00e1val \u00e9s k\u00f6vet\u00e9s\u00e9vel. 2003-t\u00f3l dolgozik eg\u00e9szs\u00e9g\u00fcgyi \u00e9s k\u00f6zigazgat\u00e1si int\u00e9zm\u00e9nyek vezet\u0151jek\u00e9nt. <\/span><\/p>\n<p style=\"text-align: justify\"><span style=\"font-weight: 400\">F\u0151 \u00e9rdekl\u0151d\u00e9si ter\u00fclete a hum\u00e1nszolg\u00e1ltat\u00e1sokat ny\u00fajt\u00f3 szervezetek v\u00e1ltoztat\u00e1sainak vezet\u00e9se, \u00e9s az ott foly\u00f3 projektek menedzsmentje. Az ut\u00f3bbi \u00e9vekben az eg\u00e9szs\u00e9g\u00fcgy digit\u00e1lis \u00e1talakul\u00e1s\u00e1nak vizsg\u00e1lata mellett kezdett el az eg\u00e9szs\u00e9g\u00fcgyi szervezetek kiberbiztons\u00e1g\u00e1val<\/span><span style=\"font-weight: 400\"> is foglalkozni.<\/span><\/p>\n<p>2026 janu\u00e1rj\u00e1t\u00f3l a Semmelweis Egyetem Eg\u00e9szs\u00e9g\u00fcgyi K\u00f6zszolg\u00e1lati Kar Digit\u00e1lis Eg\u00e9szs\u00e9gtudom\u00e1nyi Int\u00e9zet igazgat\u00f3ja.<\/p>\n<p><a href=\"https:\/\/m2.mtmt.hu\/gui2\/?type=authors&amp;mode=browse&amp;sel=authors10057911\" target=\"_blank\" rel=\"noopener\"><img loading=\"lazy\" decoding=\"async\" class=\"alignnone wp-image-2492\" src=\"https:\/\/semmelweis.hu\/emk\/files\/2024\/08\/MTMT_logo.jpg\" alt=\"\" width=\"61\" height=\"61\" srcset=\"https:\/\/semmelweis.hu\/emk\/files\/2024\/08\/MTMT_logo.jpg 180w, https:\/\/semmelweis.hu\/emk\/files\/2024\/08\/MTMT_logo-150x150.jpg 150w\" sizes=\"auto, (max-width: 61px) 100vw, 61px\" \/><\/a>\u00a0\u00a0\u00a0\u00a0<a href=\"https:\/\/www.linkedin.com\/in\/tam%C3%A1s-palicz-887981206\/\" target=\"_blank\" rel=\"noopener\"><img loading=\"lazy\" decoding=\"async\" class=\"alignnone wp-image-2491\" src=\"https:\/\/semmelweis.hu\/emk\/files\/2024\/08\/linkedin_logo.png\" alt=\"\" width=\"50\" height=\"50\" srcset=\"https:\/\/semmelweis.hu\/emk\/files\/2024\/08\/linkedin_logo.png 512w, https:\/\/semmelweis.hu\/emk\/files\/2024\/08\/linkedin_logo-400x400.png 400w, https:\/\/semmelweis.hu\/emk\/files\/2024\/08\/linkedin_logo-150x150.png 150w\" sizes=\"auto, (max-width: 50px) 100vw, 50px\" \/><\/a>\u00a0\u00a0<\/p>\n","protected":false},"excerpt":{"rendered":"<p>Dr. Palicz Tam\u00e1s mesteroktat\u00f3 <a href=\"mailto:palicz.tamas@emk.semmelweis.hu\" target=\"_blank\" rel=\"noopener\">palicz.tamas@emk.semmelweis.hu<\/a> 1125 Budapest, K\u00fatv\u00f6lgyi \u00fat 2. OKTAT\u00d3I BEMUTATKOZ\u00c1S Dr. Palicz Tam\u00e1s 1993-ban szerezte orvosdoktori diplom\u00e1j\u00e1t a Debreceni Egyetemen, majd 1998-ban belgy\u00f3gy\u00e1sz szakorvos lett. A klinikusi \u00e9veket k\u00f6vet\u0151en 2000-t\u0151l foglalkozik eur\u00f3pai uni\u00f3s t\u00e1mogat\u00e1s\u00fa projektek tervez\u00e9s\u00e9vel, v\u00e9grehajt\u00e1s\u00e1val \u00e9s k\u00f6vet\u00e9s\u00e9vel. 2003-t\u00f3l dolgozik eg\u00e9szs\u00e9g\u00fcgyi \u00e9s k\u00f6zigazgat\u00e1si int\u00e9zm\u00e9nyek vezet\u0151jek\u00e9nt. F\u0151 \u00e9rdekl\u0151d\u00e9si ter\u00fclete a hum\u00e1nszolg\u00e1ltat\u00e1sokat ny\u00fajt\u00f3 szervezetek v\u00e1ltoztat\u00e1sainak &hellip;<\/p>\n","protected":false},"author":102350,"featured_media":3010,"parent":1952,"menu_order":0,"comment_status":"closed","ping_status":"closed","template":"","meta":{"_acf_changed":false,"footnotes":""},"categories":[],"tags":[],"class_list":["post-3007","page","type-page","status-publish","has-post-thumbnail","hentry"],"acf":[],"_links":{"self":[{"href":"https:\/\/semmelweis.hu\/emk\/wp-json\/wp\/v2\/pages\/3007","targetHints":{"allow":["GET"]}}],"collection":[{"href":"https:\/\/semmelweis.hu\/emk\/wp-json\/wp\/v2\/pages"}],"about":[{"href":"https:\/\/semmelweis.hu\/emk\/wp-json\/wp\/v2\/types\/page"}],"author":[{"embeddable":true,"href":"https:\/\/semmelweis.hu\/emk\/wp-json\/wp\/v2\/users\/102350"}],"replies":[{"embeddable":true,"href":"https:\/\/semmelweis.hu\/emk\/wp-json\/wp\/v2\/comments?post=3007"}],"version-history":[{"count":3,"href":"https:\/\/semmelweis.hu\/emk\/wp-json\/wp\/v2\/pages\/3007\/revisions"}],"predecessor-version":[{"id":26749,"href":"https:\/\/semmelweis.hu\/emk\/wp-json\/wp\/v2\/pages\/3007\/revisions\/26749"}],"up":[{"embeddable":true,"href":"https:\/\/semmelweis.hu\/emk\/wp-json\/wp\/v2\/pages\/1952"}],"wp:featuredmedia":[{"embeddable":true,"href":"https:\/\/semmelweis.hu\/emk\/wp-json\/wp\/v2\/media\/3010"}],"wp:attachment":[{"href":"https:\/\/semmelweis.hu\/emk\/wp-json\/wp\/v2\/media?parent=3007"}],"wp:term":[{"taxonomy":"category","embeddable":true,"href":"https:\/\/semmelweis.hu\/emk\/wp-json\/wp\/v2\/categories?post=3007"},{"taxonomy":"post_tag","embeddable":true,"href":"https:\/\/semmelweis.hu\/emk\/wp-json\/wp\/v2\/tags?post=3007"}],"curies":[{"name":"wp","href":"https:\/\/api.w.org\/{rel}","templated":true}]}}