{"id":2996,"date":"2024-09-24T09:04:05","date_gmt":"2024-09-24T09:04:05","guid":{"rendered":"https:\/\/test.semmelweis.hu\/barmi\/?page_id=2996"},"modified":"2025-07-16T11:22:43","modified_gmt":"2025-07-16T09:22:43","slug":"gaal-peter-dr","status":"publish","type":"page","link":"https:\/\/semmelweis.hu\/emk\/oktatas\/munkatarsak-oktatoi-csapat\/gaal-peter-dr\/","title":{"rendered":"Ga\u00e1l P\u00e9ter, Dr."},"content":{"rendered":"<p><img loading=\"lazy\" decoding=\"async\" class=\"aligncenter wp-image-2997 \" src=\"https:\/\/semmelweis.hu\/emk\/files\/2024\/09\/Dr_Gaal_Peter-e1727168040207.jpg\" alt=\"Ga\u00e1l P\u00e9ter\" width=\"501\" height=\"471\" srcset=\"https:\/\/semmelweis.hu\/emk\/files\/2024\/09\/Dr_Gaal_Peter-e1727168040207.jpg 853w, https:\/\/semmelweis.hu\/emk\/files\/2024\/09\/Dr_Gaal_Peter-e1727168040207-400x377.jpg 400w, https:\/\/semmelweis.hu\/emk\/files\/2024\/09\/Dr_Gaal_Peter-e1727168040207-768x723.jpg 768w, https:\/\/semmelweis.hu\/emk\/files\/2024\/09\/Dr_Gaal_Peter-e1727168040207-753x709.jpg 753w\" sizes=\"auto, (max-width: 501px) 100vw, 501px\" \/><\/p>\n<div class=\"keretes w-100\">\n<p><strong>Dr. Ga\u00e1l P\u00e9ter<br \/>\n<\/strong>egyetemi tan\u00e1r<br \/>\n<a href=\"mailto:gaal.peter@emk.semmelweis.hu\" target=\"_blank\" rel=\"noopener\">gaal.peter@emk.semmelweis.hu<\/a> <br \/>\n<span data-sheets-root=\"1\">1125 Budapest, K\u00fatv\u00f6lgyi \u00fat 2.<\/span><\/p>\n<\/div>\n<h4><strong>OKTAT\u00d3I BEMUTATKOZ\u00c1S<\/strong><\/h4>\n<p style=\"text-align: justify\">Prof. Dr. Ga\u00e1l P\u00e9ter<span style=\"font-weight: 400\"> 1993-ban v\u00e9gzett a Semmelweis Orvostudom\u00e1nyi Egyetem \u00c1ltal\u00e1nos Orvostudom\u00e1nyi Kar\u00e1n, 1995-ben szerzett Master of Science fokozatot eg\u00e9szs\u00e9g\u00fcgyi menedzsmentb\u0151l a Londoni Egyetemen, 2004-ben pedig ugyanott sikerrel v\u00e9dte meg PhD-\u00e9rtekez\u00e9s\u00e9t a magyarorsz\u00e1gi h\u00e1lap\u00e9nz jelens\u00e9g\u00e9nek t\u00e9mak\u00f6r\u00e9ben. A paraszolvencia \u00fajszer\u0171 \u00e9rtelmez\u00e9si keret\u00e9t bemutat\u00f3 angol nyelv\u0171 cikk\u00e9vel 2005-ben elnyerte az Eur\u00f3pai Eg\u00e9szs\u00e9g\u00fcgyi Menedzsment T\u00e1rsas\u00e1g (EHMA) \u00e9s a Karolinska Egyetem k\u00f6z\u00f6s kutat\u00e1si, publik\u00e1ci\u00f3s d\u00edj\u00e1t. A Semmelweis Egyetem Eg\u00e9szs\u00e9g\u00fcgyi Menedzserk\u00e9pz\u0151 K\u00f6zpont Eg\u00e9szs\u00e9gpolitika, Finansz\u00edroz\u00e1s \u00e9s Rendszerfejleszt\u00e9s Tansz\u00e9k\u00e9nek alap\u00edt\u00f3 vezet\u0151je, oktat\u00f3ja \u00e9s kutat\u00f3ja. Szakter\u00fclete az eg\u00e9szs\u00e9gpolitika, az eg\u00e9szs\u00e9g\u00fcgy-finansz\u00edroz\u00e1s, az eg\u00e9szs\u00e9g\u00fcgyi rendszerek teljes\u00edtm\u00e9ny\u00e9rt\u00e9kel\u00e9se \u00e9s az ell\u00e1t\u00e1sszervez\u00e9s. 2011-t\u0151l az IME tudom\u00e1nyos foly\u00f3irat Szerkeszt\u0151bizotts\u00e1g\u00e1nak tagja, 2017-t\u0151l pedig a Magyar Eg\u00e9szs\u00e9g\u00fcgyi Menedzsment T\u00e1rsas\u00e1g eln\u00f6ke, amely 2021-ben vette \u00e1t az IME szaklap kiad\u00f3i \u00e9s az IME konferenci\u00e1k szervez\u0151i feladatait.<\/span><\/p>\n<p><a href=\"https:\/\/m2.mtmt.hu\/api\/publication?format=html&amp;labelLang=hun&amp;sort=publishedYear,desc&amp;cond=authors;eq;10024133\" target=\"_blank\" rel=\"noopener\"><img loading=\"lazy\" decoding=\"async\" class=\"alignnone wp-image-2492\" src=\"https:\/\/semmelweis.hu\/emk\/files\/2024\/08\/MTMT_logo.jpg\" alt=\"\" width=\"61\" height=\"61\" srcset=\"https:\/\/semmelweis.hu\/emk\/files\/2024\/08\/MTMT_logo.jpg 180w, https:\/\/semmelweis.hu\/emk\/files\/2024\/08\/MTMT_logo-150x150.jpg 150w\" sizes=\"auto, (max-width: 61px) 100vw, 61px\" \/><\/a>\u00a0\u00a0\u00a0\u00a0<a href=\"https:\/\/www.linkedin.com\/in\/peter-dr-gaal-b5b919175\/\" target=\"_blank\" rel=\"noopener\"><img loading=\"lazy\" decoding=\"async\" class=\"alignnone wp-image-2491\" src=\"https:\/\/semmelweis.hu\/emk\/files\/2024\/08\/linkedin_logo.png\" alt=\"\" width=\"50\" height=\"50\" srcset=\"https:\/\/semmelweis.hu\/emk\/files\/2024\/08\/linkedin_logo.png 512w, https:\/\/semmelweis.hu\/emk\/files\/2024\/08\/linkedin_logo-400x400.png 400w, https:\/\/semmelweis.hu\/emk\/files\/2024\/08\/linkedin_logo-150x150.png 150w\" sizes=\"auto, (max-width: 50px) 100vw, 50px\" \/><\/a>\u00a0 \u00a0<\/p>\n","protected":false},"excerpt":{"rendered":"<p>Dr. Ga\u00e1l P\u00e9ter egyetemi tan\u00e1r <a href=\"mailto:gaal.peter@emk.semmelweis.hu\" target=\"_blank\" rel=\"noopener\">gaal.peter@emk.semmelweis.hu<\/a> 1125 Budapest, K\u00fatv\u00f6lgyi \u00fat 2. OKTAT\u00d3I BEMUTATKOZ\u00c1S Prof. Dr. Ga\u00e1l P\u00e9ter 1993-ban v\u00e9gzett a Semmelweis Orvostudom\u00e1nyi Egyetem \u00c1ltal\u00e1nos Orvostudom\u00e1nyi Kar\u00e1n, 1995-ben szerzett Master of Science fokozatot eg\u00e9szs\u00e9g\u00fcgyi menedzsmentb\u0151l a Londoni Egyetemen, 2004-ben pedig ugyanott sikerrel v\u00e9dte meg PhD-\u00e9rtekez\u00e9s\u00e9t a magyarorsz\u00e1gi h\u00e1lap\u00e9nz jelens\u00e9g\u00e9nek t\u00e9mak\u00f6r\u00e9ben. A paraszolvencia \u00fajszer\u0171 \u00e9rtelmez\u00e9si keret\u00e9t bemutat\u00f3 angol &hellip;<\/p>\n","protected":false},"author":102350,"featured_media":25587,"parent":1952,"menu_order":0,"comment_status":"closed","ping_status":"closed","template":"","meta":{"_acf_changed":false,"footnotes":""},"categories":[],"tags":[],"class_list":["post-2996","page","type-page","status-publish","has-post-thumbnail","hentry"],"acf":[],"_links":{"self":[{"href":"https:\/\/semmelweis.hu\/emk\/wp-json\/wp\/v2\/pages\/2996","targetHints":{"allow":["GET"]}}],"collection":[{"href":"https:\/\/semmelweis.hu\/emk\/wp-json\/wp\/v2\/pages"}],"about":[{"href":"https:\/\/semmelweis.hu\/emk\/wp-json\/wp\/v2\/types\/page"}],"author":[{"embeddable":true,"href":"https:\/\/semmelweis.hu\/emk\/wp-json\/wp\/v2\/users\/102350"}],"replies":[{"embeddable":true,"href":"https:\/\/semmelweis.hu\/emk\/wp-json\/wp\/v2\/comments?post=2996"}],"version-history":[{"count":1,"href":"https:\/\/semmelweis.hu\/emk\/wp-json\/wp\/v2\/pages\/2996\/revisions"}],"predecessor-version":[{"id":25588,"href":"https:\/\/semmelweis.hu\/emk\/wp-json\/wp\/v2\/pages\/2996\/revisions\/25588"}],"up":[{"embeddable":true,"href":"https:\/\/semmelweis.hu\/emk\/wp-json\/wp\/v2\/pages\/1952"}],"wp:featuredmedia":[{"embeddable":true,"href":"https:\/\/semmelweis.hu\/emk\/wp-json\/wp\/v2\/media\/25587"}],"wp:attachment":[{"href":"https:\/\/semmelweis.hu\/emk\/wp-json\/wp\/v2\/media?parent=2996"}],"wp:term":[{"taxonomy":"category","embeddable":true,"href":"https:\/\/semmelweis.hu\/emk\/wp-json\/wp\/v2\/categories?post=2996"},{"taxonomy":"post_tag","embeddable":true,"href":"https:\/\/semmelweis.hu\/emk\/wp-json\/wp\/v2\/tags?post=2996"}],"curies":[{"name":"wp","href":"https:\/\/api.w.org\/{rel}","templated":true}]}}