{"id":23192,"date":"2024-10-15T17:09:40","date_gmt":"2024-10-15T15:09:40","guid":{"rendered":"https:\/\/semmelweis.hu\/emk\/?page_id=23192"},"modified":"2024-10-15T17:13:17","modified_gmt":"2024-10-15T15:13:17","slug":"kovacs-eszter-dr","status":"publish","type":"page","link":"https:\/\/semmelweis.hu\/emk\/oktatas\/munkatarsak-oktatoi-csapat\/kovacs-eszter-dr\/","title":{"rendered":"Kov\u00e1cs Eszter, Dr."},"content":{"rendered":"<p style=\"text-align: center\"><img loading=\"lazy\" decoding=\"async\" class=\"aligncenter size-large wp-image-23191\" src=\"https:\/\/semmelweis.hu\/emk\/files\/2024\/10\/Dr.-Kovacs-Eszter373_web-1024x1024.jpg\" alt=\"Dr. Kov\u00e1cs Eszter\" width=\"753\" height=\"753\" srcset=\"https:\/\/semmelweis.hu\/emk\/files\/2024\/10\/Dr.-Kovacs-Eszter373_web-1024x1024.jpg 1024w, https:\/\/semmelweis.hu\/emk\/files\/2024\/10\/Dr.-Kovacs-Eszter373_web-400x400.jpg 400w, https:\/\/semmelweis.hu\/emk\/files\/2024\/10\/Dr.-Kovacs-Eszter373_web-150x150.jpg 150w, https:\/\/semmelweis.hu\/emk\/files\/2024\/10\/Dr.-Kovacs-Eszter373_web-768x768.jpg 768w, https:\/\/semmelweis.hu\/emk\/files\/2024\/10\/Dr.-Kovacs-Eszter373_web-753x753.jpg 753w, https:\/\/semmelweis.hu\/emk\/files\/2024\/10\/Dr.-Kovacs-Eszter373_web.jpg 1500w\" sizes=\"auto, (max-width: 753px) 100vw, 753px\" \/><\/p>\n<div class=\"keretes w-100\">\n<p><strong>Dr. Kov\u00e1cs Eszter<br \/>\n<\/strong>adjunktus<br \/>\n<a href=\"mailto:kovacs.eszter@emk.semmelweis.hu\" target=\"_blank\" rel=\"noopener\">kovacs.eszter@emk.semmelweis.hu<\/a> <br \/>\n<span data-sheets-root=\"1\">1125 Budapest, K\u00fatv\u00f6lgyi \u00fat 2.<\/span><\/p>\n<\/div>\n<h4><strong>OKTAT\u00d3I BEMUTATKOZ\u00c1S<\/strong><\/h4>\n<p style=\"text-align: justify\">Dr. Kov\u00e1cs Eszter <span style=\"font-weight: 400\">egyetemi adjunktus, az Eg\u00e9szs\u00e9g\u00fcgyi Hum\u00e1ner\u0151forr\u00e1s Tervez\u00e9s Tud\u00e1sk\u00f6zpont vezet\u0151je. A<\/span><span style=\"font-weight: 400\"> Szegedi Tudom\u00e1nyegyetemen szerzett MSc fokozatot szociol\u00f3gi\u00e1b\u00f3l 2007-ben. Orvosi szociol\u00f3gia oktat\u00f3k\u00e9nt kezdett dolgozni a Szegedi Tudom\u00e1nyegyetem \u00c1ltal\u00e1nos Orvostudom\u00e1nyi Kar Magatart\u00e1studom\u00e1nyi Int\u00e9zet\u00e9ben, \u00e9s statisztikusk\u00e9nt a Gyermek- \u00e9s Ifj\u00fas\u00e1g Pszichi\u00e1tria Tansz\u00e9k\u00e9n. PhD fokozat\u00e1t a Semmelweis Egyetem Magatart\u00e1studom\u00e1nyi Int\u00e9zet\u00e9ben szerezte 2013-ban eg\u00e9szs\u00e9gtudom\u00e1nyok szakter\u00fcleten. 2009 \u00f3ta az EMK munkat\u00e1rsa. Sz\u00e1mos nemzetk\u00f6zi projektben m\u0171k\u00f6d\u00f6tt k\u00f6zre \u00e9s t\u00f6lt\u00f6tt be vezet\u0151 szerepet, t\u00f6bbek k\u00f6z\u00f6tt ezekben: Health Prometheus, European Cross-border Care Collaborations; Egy\u00fcttes fell\u00e9p\u00e9sek az eur\u00f3pai eg\u00e9szs\u00e9g\u00fcgyi munkaer\u0151-tervez\u00e9sr\u0151l (JA EUHWF), a jelenleg fut\u00f3 HEROES, valamint a ment\u00e1lis eg\u00e9szs\u00e9g f\u00f3kusz\u00fa JA ImpleMENTAL projekt. <br \/>\nVezette a SEPEN tendert, amely az eur\u00f3pai eg\u00e9szs\u00e9g\u00fcgyi munkaer\u0151-szak\u00e9rt\u0151i h\u00e1l\u00f3zat \u00e9l\u00e9nk\u00edt\u00e9s\u00e9r\u0151l \u00e9s m\u0171k\u00f6dtet\u00e9s\u00e9r\u0151l sz\u00f3lt, emellett ir\u00e1ny\u00edtott n\u00e9h\u00e1ny uni\u00f3s t\u00e1rsfinansz\u00edroz\u00e1s\u00fa eg\u00e9szs\u00e9g\u00fcgyi munkaer\u0151-reform projektet, p\u00e9ld\u00e1ul a TaSHI \u00e9s OASES projekteket. <br \/>\n<\/span><span style=\"font-weight: 400\">2015 \u00f3ta koordin\u00e1lja a WHO Egy\u00fcttm\u0171k\u00f6d\u00e9si K\u00f6zpont munk\u00e1j\u00e1t az Eg\u00e9szs\u00e9g\u00fcgyi Emberi Er\u0151forr\u00e1s Fejleszt\u00e9s ter\u00fclet\u00e9n. Ut\u00f3bbi szerepk\u00f6r\u00e9b\u0151l ad\u00f3d\u00f3an lehet\u0151s\u00e9ge ny\u00edlt k\u00f6zrem\u0171k\u00f6dni a WHO \u00e1ltal finansz\u00edrozott curriculum \u00e9s tananyag fejleszt\u00e9sben az \u201eEg\u00e9szs\u00e9g\u00fcgyi Emberi Er\u0151forr\u00e1sok Vezet\u00e9se \u00e9s Menedzsmentje\u201d t\u00e9mak\u00f6rben.\u00a0<br \/>\n<\/span><span style=\"font-weight: 400\">Szakter\u00fclete az eg\u00e9szs\u00e9g\u00fcgyi hum\u00e1ner\u0151forr\u00e1s-menedzsment, a strat\u00e9giai eg\u00e9szs\u00e9g\u00fcgyi munkaer\u0151-tervez\u00e9s, a tervez\u00e9si adatok \u00e9s evidenciaalap\u00fa eg\u00e9szs\u00e9gpolitikai beavatkoz\u00e1sok, az eg\u00e9szs\u00e9g\u00fcgyi szakemberek mobilit\u00e1sa, a hat\u00e1rokon \u00e1tny\u00fal\u00f3 eg\u00e9szs\u00e9g\u00fcgy, a HRH-menedzsment innov\u00e1ci\u00f3i, a feladat\u00e1truh\u00e1z\u00e1s, a szakmak\u00f6zi interprofesszion\u00e1lis oktat\u00e1s, az eg\u00e9szs\u00e9g\u00fcgyi szektor digitaliz\u00e1l\u00e1sa, az eg\u00e9szs\u00e9g\u00fcgyi dolgoz\u00f3k ment\u00e1lis eg\u00e9szs\u00e9ge \u00e9s j\u00f3ll\u00e9te, \u00e9s az orvosi szolg\u00e1ltat\u00e1sokon alapul\u00f3 eg\u00e9szs\u00e9gturizmus.<\/span><\/p>\n<p><a href=\"https:\/\/m2.mtmt.hu\/api\/publication?format=html&amp;labelLang=hun&amp;sort=publishedYear,desc&amp;cond=authors;eq;10022609\" target=\"_blank\" rel=\"noopener\"><img loading=\"lazy\" decoding=\"async\" class=\"alignnone wp-image-2492\" src=\"https:\/\/semmelweis.hu\/emk\/files\/2024\/08\/MTMT_logo.jpg\" alt=\"\" width=\"61\" height=\"61\" srcset=\"https:\/\/semmelweis.hu\/emk\/files\/2024\/08\/MTMT_logo.jpg 180w, https:\/\/semmelweis.hu\/emk\/files\/2024\/08\/MTMT_logo-150x150.jpg 150w\" sizes=\"auto, (max-width: 61px) 100vw, 61px\" \/><\/a>\u00a0\u00a0\u00a0\u00a0<a href=\"https:\/\/www.linkedin.com\/in\/eszter-kovacs-23765340\/\" target=\"_blank\" rel=\"noopener\"><img loading=\"lazy\" decoding=\"async\" class=\"alignnone wp-image-2491\" src=\"https:\/\/semmelweis.hu\/emk\/files\/2024\/08\/linkedin_logo.png\" alt=\"\" width=\"50\" height=\"50\" srcset=\"https:\/\/semmelweis.hu\/emk\/files\/2024\/08\/linkedin_logo.png 512w, https:\/\/semmelweis.hu\/emk\/files\/2024\/08\/linkedin_logo-400x400.png 400w, https:\/\/semmelweis.hu\/emk\/files\/2024\/08\/linkedin_logo-150x150.png 150w\" sizes=\"auto, (max-width: 50px) 100vw, 50px\" \/><\/a>\u00a0 \u00a0\u00a0<\/p>\n","protected":false},"excerpt":{"rendered":"<p>Dr. Kov\u00e1cs Eszter adjunktus <a href=\"mailto:kovacs.eszter@emk.semmelweis.hu\" target=\"_blank\" rel=\"noopener\">kovacs.eszter@emk.semmelweis.hu<\/a> 1125 Budapest, K\u00fatv\u00f6lgyi \u00fat 2. OKTAT\u00d3I BEMUTATKOZ\u00c1S Dr. Kov\u00e1cs Eszter egyetemi adjunktus, az Eg\u00e9szs\u00e9g\u00fcgyi Hum\u00e1ner\u0151forr\u00e1s Tervez\u00e9s Tud\u00e1sk\u00f6zpont vezet\u0151je. A Szegedi Tudom\u00e1nyegyetemen szerzett MSc fokozatot szociol\u00f3gi\u00e1b\u00f3l 2007-ben. Orvosi szociol\u00f3gia oktat\u00f3k\u00e9nt kezdett dolgozni a Szegedi Tudom\u00e1nyegyetem \u00c1ltal\u00e1nos Orvostudom\u00e1nyi Kar Magatart\u00e1studom\u00e1nyi Int\u00e9zet\u00e9ben, \u00e9s statisztikusk\u00e9nt a Gyermek- \u00e9s Ifj\u00fas\u00e1g Pszichi\u00e1tria Tansz\u00e9k\u00e9n. PhD fokozat\u00e1t a Semmelweis &hellip;<\/p>\n","protected":false},"author":102350,"featured_media":23190,"parent":1952,"menu_order":0,"comment_status":"closed","ping_status":"closed","template":"","meta":{"_acf_changed":false,"footnotes":""},"categories":[],"tags":[],"class_list":["post-23192","page","type-page","status-publish","has-post-thumbnail","hentry"],"acf":[],"_links":{"self":[{"href":"https:\/\/semmelweis.hu\/emk\/wp-json\/wp\/v2\/pages\/23192","targetHints":{"allow":["GET"]}}],"collection":[{"href":"https:\/\/semmelweis.hu\/emk\/wp-json\/wp\/v2\/pages"}],"about":[{"href":"https:\/\/semmelweis.hu\/emk\/wp-json\/wp\/v2\/types\/page"}],"author":[{"embeddable":true,"href":"https:\/\/semmelweis.hu\/emk\/wp-json\/wp\/v2\/users\/102350"}],"replies":[{"embeddable":true,"href":"https:\/\/semmelweis.hu\/emk\/wp-json\/wp\/v2\/comments?post=23192"}],"version-history":[{"count":4,"href":"https:\/\/semmelweis.hu\/emk\/wp-json\/wp\/v2\/pages\/23192\/revisions"}],"predecessor-version":[{"id":23325,"href":"https:\/\/semmelweis.hu\/emk\/wp-json\/wp\/v2\/pages\/23192\/revisions\/23325"}],"up":[{"embeddable":true,"href":"https:\/\/semmelweis.hu\/emk\/wp-json\/wp\/v2\/pages\/1952"}],"wp:featuredmedia":[{"embeddable":true,"href":"https:\/\/semmelweis.hu\/emk\/wp-json\/wp\/v2\/media\/23190"}],"wp:attachment":[{"href":"https:\/\/semmelweis.hu\/emk\/wp-json\/wp\/v2\/media?parent=23192"}],"wp:term":[{"taxonomy":"category","embeddable":true,"href":"https:\/\/semmelweis.hu\/emk\/wp-json\/wp\/v2\/categories?post=23192"},{"taxonomy":"post_tag","embeddable":true,"href":"https:\/\/semmelweis.hu\/emk\/wp-json\/wp\/v2\/tags?post=23192"}],"curies":[{"name":"wp","href":"https:\/\/api.w.org\/{rel}","templated":true}]}}