{"id":23126,"date":"2024-10-10T10:28:29","date_gmt":"2024-10-10T08:28:29","guid":{"rendered":"https:\/\/semmelweis.hu\/emk\/?page_id=23126"},"modified":"2025-07-16T10:03:29","modified_gmt":"2025-07-16T08:03:29","slug":"penzes-melinda-dr","status":"publish","type":"page","link":"https:\/\/semmelweis.hu\/emk\/oktatas\/munkatarsak-oktatoi-csapat\/penzes-melinda-dr\/","title":{"rendered":"P\u00e9nzes Melinda, Dr."},"content":{"rendered":"<p><a href=\"https:\/\/semmelweis.hu\/emk\/files\/2024\/10\/Dr.-Penzes-Melinda-131_web2-scaled.jpg\"><img loading=\"lazy\" decoding=\"async\" class=\"aligncenter wp-image-23128 size-large\" src=\"https:\/\/semmelweis.hu\/emk\/files\/2024\/10\/Dr.-Penzes-Melinda-131_web2-scaled-e1728548499872-1024x886.jpg\" alt=\"\" width=\"753\" height=\"652\" srcset=\"https:\/\/semmelweis.hu\/emk\/files\/2024\/10\/Dr.-Penzes-Melinda-131_web2-scaled-e1728548499872-1024x886.jpg 1024w, https:\/\/semmelweis.hu\/emk\/files\/2024\/10\/Dr.-Penzes-Melinda-131_web2-scaled-e1728548499872-400x346.jpg 400w, https:\/\/semmelweis.hu\/emk\/files\/2024\/10\/Dr.-Penzes-Melinda-131_web2-scaled-e1728548499872-768x665.jpg 768w, https:\/\/semmelweis.hu\/emk\/files\/2024\/10\/Dr.-Penzes-Melinda-131_web2-scaled-e1728548499872-1536x1329.jpg 1536w, https:\/\/semmelweis.hu\/emk\/files\/2024\/10\/Dr.-Penzes-Melinda-131_web2-scaled-e1728548499872-753x652.jpg 753w, https:\/\/semmelweis.hu\/emk\/files\/2024\/10\/Dr.-Penzes-Melinda-131_web2-scaled-e1728548499872.jpg 1971w\" sizes=\"auto, (max-width: 753px) 100vw, 753px\" \/><\/a><\/p>\n<div class=\"keretes w-100\">\n<p><strong>Dr. P\u00e9nzes Melinda<br \/>\n<\/strong>docens<br \/>\n<a href=\"mailto:penzes.melinda@emk.semmelweis.hu\" target=\"_blank\" rel=\"noopener\">penzes.melinda@emk.semmelweis.hu<\/a> <br \/>\n<span data-sheets-root=\"1\">1125 Budapest, K\u00fatv\u00f6lgyi \u00fat 2.<\/span><\/p>\n<\/div>\n<h4><strong>OKTAT\u00d3I BEMUTATKOZ\u00c1S<\/strong><\/h4>\n<p style=\"text-align: justify\">Dr. P\u00e9nzes Melinda <span style=\"font-weight: 400\">2004-ben \u00e1ltal\u00e1nos orvosk\u00e9nt v\u00e9gzett a Szegedi Tudom\u00e1nyegyetemen. 2009-ben megel\u0151z\u0151 orvostan \u00e9s n\u00e9peg\u00e9szs\u00e9gtan szakvizsg\u00e1t, 2017-ben a Semmelweis Egyetem Doktori Iskol\u00e1j\u00e1ban PhD fokozatot szerzett. 2007 \u00f3ta dolgozik a Semmelweis Egyetemen, kezdetben az Eg\u00e9szs\u00e9gtudom\u00e1nyi Kar N\u00e9peg\u00e9szs\u00e9gtani Int\u00e9zet\u00e9ben, 2010-t\u0151l az \u00c1ltal\u00e1nos Orvostudom\u00e1nyi Kar N\u00e9peg\u00e9szs\u00e9gtani Int\u00e9zet\u00e9ben, 2022- t\u0151l az Eg\u00e9szs\u00e9g\u00fcgyi Menedzserk\u00e9pz\u0151 K\u00f6zpontban. A Semmelweis Egyetem Megel\u0151z\u0151 orvostan \u00e9s n\u00e9peg\u00e9szs\u00e9gtan Gr\u00e9mium\u00e1nak tagja, Doktori Iskol\u00e1j\u00e1ban t\u00e9mavezet\u0151. 2007-t\u0151l sz\u00e1mos hazai \u00e9s nemzetk\u00f6zi n\u00e9peg\u00e9szs\u00e9g\u00fcgyi \u00e9s a doh\u00e1nyz\u00e1s visszaszor\u00edt\u00e1s\u00e1val, megel\u0151z\u00e9s\u00e9vel kapcsolatos kutat\u00e1sban \u00e9s projektben vett r\u00e9szt projektvezet\u0151k\u00e9nt, mentork\u00e9nt, szakmai tan\u00e1csad\u00f3k\u00e9nt. T\u00f6bb hazai \u00e9s nemzetk\u00f6zi tudom\u00e1nyos foly\u00f3iratban rendszeresen lektor\u00e1l, valamint b\u00edr\u00e1l\u00f3bizotts\u00e1gi, illetve szerkeszt\u0151s\u00e9gi tag.<\/span><\/p>\n<p><a href=\"https:\/\/m2.mtmt.hu\/api\/publication?format=html&amp;labelLang=hun&amp;sort=publishedYear,desc&amp;cond=authors;eq;10035784\" target=\"_blank\" rel=\"noopener\"><img loading=\"lazy\" decoding=\"async\" class=\"alignnone wp-image-2492\" src=\"https:\/\/semmelweis.hu\/emk\/files\/2024\/08\/MTMT_logo.jpg\" alt=\"\" width=\"61\" height=\"61\" srcset=\"https:\/\/semmelweis.hu\/emk\/files\/2024\/08\/MTMT_logo.jpg 180w, https:\/\/semmelweis.hu\/emk\/files\/2024\/08\/MTMT_logo-150x150.jpg 150w\" sizes=\"auto, (max-width: 61px) 100vw, 61px\" \/><\/a>\u00a0\u00a0\u00a0\u00a0<a href=\"https:\/\/www.linkedin.com\/in\/melinda-p%C3%A9nzes-625782138\/\" target=\"_blank\" rel=\"noopener\"><img loading=\"lazy\" decoding=\"async\" class=\"alignnone wp-image-2491\" src=\"https:\/\/semmelweis.hu\/emk\/files\/2024\/08\/linkedin_logo.png\" alt=\"\" width=\"50\" height=\"50\" srcset=\"https:\/\/semmelweis.hu\/emk\/files\/2024\/08\/linkedin_logo.png 512w, https:\/\/semmelweis.hu\/emk\/files\/2024\/08\/linkedin_logo-400x400.png 400w, https:\/\/semmelweis.hu\/emk\/files\/2024\/08\/linkedin_logo-150x150.png 150w\" sizes=\"auto, (max-width: 50px) 100vw, 50px\" \/><\/a>\u00a0\u00a0<\/p>\n<p>&nbsp;<\/p>\n","protected":false},"excerpt":{"rendered":"<p><a href=\"https:\/\/semmelweis.hu\/emk\/files\/2024\/10\/Dr.-Penzes-Melinda-131_web2-scaled.jpg\"><\/a> Dr. P\u00e9nzes Melinda docens <a href=\"mailto:penzes.melinda@emk.semmelweis.hu\" target=\"_blank\" rel=\"noopener\">penzes.melinda@emk.semmelweis.hu<\/a> 1125 Budapest, K\u00fatv\u00f6lgyi \u00fat 2. OKTAT\u00d3I BEMUTATKOZ\u00c1S Dr. P\u00e9nzes Melinda 2004-ben \u00e1ltal\u00e1nos orvosk\u00e9nt v\u00e9gzett a Szegedi Tudom\u00e1nyegyetemen. 2009-ben megel\u0151z\u0151 orvostan \u00e9s n\u00e9peg\u00e9szs\u00e9gtan szakvizsg\u00e1t, 2017-ben a Semmelweis Egyetem Doktori Iskol\u00e1j\u00e1ban PhD fokozatot szerzett. 2007 \u00f3ta dolgozik a Semmelweis Egyetemen, kezdetben az Eg\u00e9szs\u00e9gtudom\u00e1nyi Kar N\u00e9peg\u00e9szs\u00e9gtani Int\u00e9zet\u00e9ben, 2010-t\u0151l az \u00c1ltal\u00e1nos Orvostudom\u00e1nyi Kar N\u00e9peg\u00e9szs\u00e9gtani Int\u00e9zet\u00e9ben, &hellip;<\/p>\n","protected":false},"author":102350,"featured_media":23129,"parent":1952,"menu_order":0,"comment_status":"closed","ping_status":"closed","template":"","meta":{"_acf_changed":false,"footnotes":""},"categories":[],"tags":[],"class_list":["post-23126","page","type-page","status-publish","has-post-thumbnail","hentry"],"acf":[],"_links":{"self":[{"href":"https:\/\/semmelweis.hu\/emk\/wp-json\/wp\/v2\/pages\/23126","targetHints":{"allow":["GET"]}}],"collection":[{"href":"https:\/\/semmelweis.hu\/emk\/wp-json\/wp\/v2\/pages"}],"about":[{"href":"https:\/\/semmelweis.hu\/emk\/wp-json\/wp\/v2\/types\/page"}],"author":[{"embeddable":true,"href":"https:\/\/semmelweis.hu\/emk\/wp-json\/wp\/v2\/users\/102350"}],"replies":[{"embeddable":true,"href":"https:\/\/semmelweis.hu\/emk\/wp-json\/wp\/v2\/comments?post=23126"}],"version-history":[{"count":2,"href":"https:\/\/semmelweis.hu\/emk\/wp-json\/wp\/v2\/pages\/23126\/revisions"}],"predecessor-version":[{"id":23130,"href":"https:\/\/semmelweis.hu\/emk\/wp-json\/wp\/v2\/pages\/23126\/revisions\/23130"}],"up":[{"embeddable":true,"href":"https:\/\/semmelweis.hu\/emk\/wp-json\/wp\/v2\/pages\/1952"}],"wp:featuredmedia":[{"embeddable":true,"href":"https:\/\/semmelweis.hu\/emk\/wp-json\/wp\/v2\/media\/23129"}],"wp:attachment":[{"href":"https:\/\/semmelweis.hu\/emk\/wp-json\/wp\/v2\/media?parent=23126"}],"wp:term":[{"taxonomy":"category","embeddable":true,"href":"https:\/\/semmelweis.hu\/emk\/wp-json\/wp\/v2\/categories?post=23126"},{"taxonomy":"post_tag","embeddable":true,"href":"https:\/\/semmelweis.hu\/emk\/wp-json\/wp\/v2\/tags?post=23126"}],"curies":[{"name":"wp","href":"https:\/\/api.w.org\/{rel}","templated":true}]}}